Warning: file(http://www.wunderground.com/climate/extremes.asp): failed to open stream: HTTP request failed! HTTP/1.0 500 Internal Server Error in /homepages/6/d330860172/htdocs/usaextremes.php on line 55

Warning: implode(): Invalid arguments passed in /homepages/6/d330860172/htdocs/usaextremes.php on line 55

NOAA Style Climate Reports for Lebanon, TN

NOAA style reports

NOAA-style Climate Reports

2018: Jan | Feb | Mar | Apr | May | Jun | Jul | Aug | Sep | Oct | Nov | Dec 
2017: Jan | Feb | Mar | Apr | May | Jun | Jul | Aug | Sep | Oct | Nov | Dec 
2016: Jan | Feb | Mar | Apr | May | Jun | Jul | Aug | Sep | Oct | Nov | Dec 
2015: Jan | Feb | Mar | Apr | May | Jun | Jul | Aug | Sep | Oct | Nov | Dec 
2014: Jan | Feb | Mar | Apr | May | Jun | Jul | Aug | Sep | Oct | Nov | Dec 
2013: Jan | Feb | Mar | Apr | May | Jun | Jul | Aug | Sep | Oct | Nov | Dec 
2012: Jan | Feb | Mar | Apr | May | Jun | Jul | Aug | Sep | Oct | Nov | Dec 
2011: Jan | Feb | Mar | Apr | May | Jun | Jul | Aug | Sep | Oct | Nov | Dec 
2010: Jan | Feb | Mar | Apr | May | Jun | Jul | Aug | Sep | Oct | Nov | Dec 
2009: Jan | Feb | Mar | Apr | May | Jun | Jul | Aug | Sep | Oct | Nov | Dec 
2008: Jan | Feb | Mar | Apr | May | Jun | Jul | Aug | Sep | Oct | Nov | Dec 
2007: Jan | Feb | Mar | Apr | May | Jun | Jul | Aug | Sep | Oct | Nov | Dec 
2006: Jan | Feb | Mar | Apr | May | Jun | Jul | Aug | Sep | Oct | Nov | Dec 
2005: Jan | Feb | Mar | Apr | May | Jun | Jul | Aug | Sep | Oct | Nov | Dec 
2004: Jan | Feb | Mar | Apr | May | Jun | Jul | Aug | Sep | Oct | Nov | Dec 
2003: Jan | Feb | Mar | Apr | May | Jun | Jul | Aug | Sep | Oct | Nov | Dec 
2002: Jan | Feb | Mar | Apr | May | Jun | Jul | Aug | Sep | Oct | Nov | Dec 
2001: Jan | Feb | Mar | Apr | May | Jun | Jul | Aug | Sep | Oct | Nov | Dec 
2000: Jan | Feb | Mar | Apr | May | Jun | Jul | Aug | Sep | Oct | Nov | Dec 
1999: Jan | Feb | Mar | Apr | May | Jun | Jul | Aug | Sep | Oct | Nov | Dec 
1998: Jan | Feb | Mar | Apr | May | Jun | Jul | Aug | Sep | Oct | Nov | Dec 
1997: Jan | Feb | Mar | Apr | May | Jun | Jul | Aug | Sep | Oct | Nov | Dec 
1996: Jan | Feb | Mar | Apr | May | Jun | Jul | Aug | Sep | Oct | Nov | Dec 
1995: Jan | Feb | Mar | Apr | May | Jun | Jul | Aug | Sep | Oct | Nov | Dec 

Report for 2009 02
MONTHLY CLIMATOLOGICAL SUMMARY for FEB. 2009 NAME: HornSpri CITY: Lebanon STATE: TN ELEV: 612 ft LAT: 36 14' 05" N LONG: 86 22' 55" W TEMPERATURE (F), RAIN (in), WIND SPEED (mph) HEAT COOL AVG MEAN DEG DEG WIND DOM DAY TEMP HIGH TIME LOW TIME DAYS DAYS RAIN SPEED HIGH TIME DIR ------------------------------------------------------------------------------------ 1 51.0 63.4 14:47 38.6 4:21 14.0 0.0 0.00 5.3 24.0 12:33 SW 2 35.9 45.2 0:01 26.6 23:08 29.1 0.0 0.11 3.5 24.0 14:40 NNW 3 27.0 37.6 9:50 16.4 20:01 38.0 0.0 0.00 6.4 32.0 13:15 NNW 4 19.3 25.7 13:52 12.9 23:58 45.7 0.0 0.00 3.7 18.0 2:23 NNW 5 22.3 38.5 16:31 6.0 5:59 42.8 0.0 0.00 1.6 12.0 16:24 SW 6 47.3 62.7 14:44 31.9 2:40 17.7 0.0 0.00 4.9 18.0 11:03 SW 7 55.9 66.1 15:03 45.7 6:51 9.1 0.0 0.00 6.4 24.0 10:20 SW 8 62.2 69.9 13:19 54.4 23:58 2.8 0.0 0.00 3.0 18.0 10:00 SW 9 60.2 70.9 13:07 49.4 4:53 4.8 0.0 0.00 4.2 24.0 14:21 S 10 61.5 65.3 15:36 57.6 18:15 3.5 0.0 0.00 7.2 25.0 4:39 SSW 11 60.8 68.3 11:09 53.3 23:54 4.2 0.0 0.34 12.8 47.0 16:27 S 12 47.0 59.5 16:41 34.4 23:58 18.0 0.0 0.00 2.0 24.0 2:58 NW 13 45.7 61.0 14:31 30.4 6:22 19.3 0.0 0.00 1.2 12.0 23:29 E 14 43.2 53.9 10:07 32.4 23:13 21.8 0.0 0.02 4.5 26.0 10:19 NNW 15 36.8 44.2 11:55 29.3 21:03 28.3 0.0 0.00 3.3 20.0 14:13 N 16 32.5 42.5 16:30 22.4 23:55 32.5 0.0 0.00 1.9 15.0 0:14 N 17 35.2 50.1 12:45 20.3 5:18 29.8 0.0 0.07 3.3 25.0 21:10 SSW 18 56.2 70.9 14:18 41.5 22:39 8.8 0.0 0.88 8.8 43.0 15:07 SSW 19 30.6 41.9 0:01 19.2 23:59 34.4 0.0 0.00 6.6 28.0 2:49 NNW 20 28.0 42.1 16:25 14.0 5:25 37.0 0.0 0.00 1.2 16.0 12:17 WSW 21 45.1 57.8 13:03 32.4 23:59 19.9 0.0 0.16 6.3 29.0 12:35 SSW 22 28.9 36.5 14:57 21.3 23:58 36.1 0.0 0.00 3.0 19.0 8:30 NNW 23 27.3 38.9 16:17 15.6 6:30 37.8 0.0 0.00 1.2 16.0 11:20 N 24 36.5 50.5 15:52 22.4 2:20 28.5 0.0 0.00 0.6 11.0 8:39 E 25 45.9 53.8 10:51 38.0 6:20 19.1 0.0 0.00 2.1 18.0 9:36 S 26 56.1 66.8 12:52 45.4 4:26 8.9 0.0 0.05 5.8 25.0 12:58 S 27 53.3 64.0 0:01 42.5 22:31 11.8 0.0 0.56 5.0 36.0 4:44 SSW 28 37.5 42.9 0:01 32.1 23:50 27.5 0.0 0.82 5.8 20.0 10:09 NE ------------------------------------------------------------------------------------- 42.5 70.9 9 6.0 5 631.4 0.0 3.01 4.3 47.0 11 SW Max >= 90.0: 0 Max <= 32.0: 1 Min <= 32.0: 14 Min <= 0.0: 0 Max Rain: 0.88 ON 02/18/09 Days of Rain: 9 (>.01 in) 6 (>.1 in) 0 (>1 in) Heat Base: 65.0 Cool Base: 65.0 Method: (High + Low) / 2