Warning: file(http://www.wunderground.com/climate/extremes.asp): failed to open stream: HTTP request failed! HTTP/1.0 500 Internal Server Error in /homepages/6/d330860172/htdocs/usaextremes.php on line 55

Warning: implode(): Invalid arguments passed in /homepages/6/d330860172/htdocs/usaextremes.php on line 55

NOAA Style Climate Reports for Lebanon, TN

NOAA style reports

NOAA-style Climate Reports

2018: Jan | Feb | Mar | Apr | May | Jun | Jul | Aug | Sep | Oct | Nov | Dec 
2017: Jan | Feb | Mar | Apr | May | Jun | Jul | Aug | Sep | Oct | Nov | Dec 
2016: Jan | Feb | Mar | Apr | May | Jun | Jul | Aug | Sep | Oct | Nov | Dec 
2015: Jan | Feb | Mar | Apr | May | Jun | Jul | Aug | Sep | Oct | Nov | Dec 
2014: Jan | Feb | Mar | Apr | May | Jun | Jul | Aug | Sep | Oct | Nov | Dec 
2013: Jan | Feb | Mar | Apr | May | Jun | Jul | Aug | Sep | Oct | Nov | Dec 
2012: Jan | Feb | Mar | Apr | May | Jun | Jul | Aug | Sep | Oct | Nov | Dec 
2011: Jan | Feb | Mar | Apr | May | Jun | Jul | Aug | Sep | Oct | Nov | Dec 
2010: Jan | Feb | Mar | Apr | May | Jun | Jul | Aug | Sep | Oct | Nov | Dec 
2009: Jan | Feb | Mar | Apr | May | Jun | Jul | Aug | Sep | Oct | Nov | Dec 
2008: Jan | Feb | Mar | Apr | May | Jun | Jul | Aug | Sep | Oct | Nov | Dec 
2007: Jan | Feb | Mar | Apr | May | Jun | Jul | Aug | Sep | Oct | Nov | Dec 
2006: Jan | Feb | Mar | Apr | May | Jun | Jul | Aug | Sep | Oct | Nov | Dec 
2005: Jan | Feb | Mar | Apr | May | Jun | Jul | Aug | Sep | Oct | Nov | Dec 
2004: Jan | Feb | Mar | Apr | May | Jun | Jul | Aug | Sep | Oct | Nov | Dec 
2003: Jan | Feb | Mar | Apr | May | Jun | Jul | Aug | Sep | Oct | Nov | Dec 
2002: Jan | Feb | Mar | Apr | May | Jun | Jul | Aug | Sep | Oct | Nov | Dec 
2001: Jan | Feb | Mar | Apr | May | Jun | Jul | Aug | Sep | Oct | Nov | Dec 
2000: Jan | Feb | Mar | Apr | May | Jun | Jul | Aug | Sep | Oct | Nov | Dec 
1999: Jan | Feb | Mar | Apr | May | Jun | Jul | Aug | Sep | Oct | Nov | Dec 
1998: Jan | Feb | Mar | Apr | May | Jun | Jul | Aug | Sep | Oct | Nov | Dec 
1997: Jan | Feb | Mar | Apr | May | Jun | Jul | Aug | Sep | Oct | Nov | Dec 
1996: Jan | Feb | Mar | Apr | May | Jun | Jul | Aug | Sep | Oct | Nov | Dec 
1995: Jan | Feb | Mar | Apr | May | Jun | Jul | Aug | Sep | Oct | Nov | Dec 

Report for 2009 03
MONTHLY CLIMATOLOGICAL SUMMARY for MAR. 2009 NAME: HornSpri CITY: Lebanon STATE: TN ELEV: 612 ft LAT: 36 14' 05" N LONG: 86 22' 55" W TEMPERATURE (F), RAIN (in), WIND SPEED (mph) HEAT COOL AVG MEAN DEG DEG WIND DOM DAY TEMP HIGH TIME LOW TIME DAYS DAYS RAIN SPEED HIGH TIME DIR ------------------------------------------------------------------------------------ 1 35.8 44.1 15:15 27.6 23:51 29.2 0.0 0.00 9.3 31.0 14:47 N 2 27.8 34.9 14:56 20.6 6:41 37.3 0.0 0.00 4.7 24.0 1:12 N 3 25.4 36.5 15:31 14.3 6:24 39.6 0.0 0.00 1.4 14.0 8:45 NE 4 39.6 56.0 15:11 23.2 6:45 25.4 0.0 0.00 1.7 13.0 9:51 SW 5 55.8 66.1 16:16 45.4 3:31 9.3 0.0 0.00 6.5 24.0 17:08 SSW 6 62.4 68.8 15:36 56.0 0:01 2.6 0.0 0.00 5.2 19.0 5:17 SSW 7 65.6 74.0 14:43 57.2 5:38 0.0 0.6 0.00 4.4 18.0 12:31 SSW 8 66.3 72.5 17:10 60.2 5:51 0.0 1.3 0.00 7.9 28.0 12:21 SW 9 57.3 73.0 16:56 41.5 7:24 7.8 0.0 0.00 0.9 11.0 0:45 E 10 69.7 77.9 15:03 61.5 7:08 0.0 4.7 0.00 5.3 25.0 14:37 SSW 11 53.2 67.1 0:01 39.2 23:45 11.8 0.0 0.05 6.2 27.0 3:49 N 12 36.0 39.2 0:01 32.7 22:14 29.0 0.0 0.30 4.7 17.0 3:20 NE 13 36.8 40.8 15:03 32.8 0:39 28.2 0.0 0.12 2.3 12.0 4:39 NE 14 43.9 48.9 16:09 38.9 0:01 21.1 0.0 1.13 1.0 8.0 5:12 ENE 15 53.1 60.0 13:25 46.2 13:18 11.9 0.0 0.09 0.2 5.0 0:33 E 16 52.4 62.0 17:02 42.8 00:00 12.6 0.0 0.00 0.9 11.0 13:22 NNW 17 53.4 68.9 16:37 37.9 5:54 11.6 0.0 0.00 0.4 10.0 14:44 NE 18 56.5 74.2 16:26 38.9 5:33 8.5 0.0 0.00 2.6 17.0 11:25 SW 19 53.9 61.8 16:45 46.0 23:57 11.1 0.0 0.00 3.1 19.0 10:21 N 20 42.8 57.2 16:35 28.5 7:08 22.2 0.0 0.00 2.0 17.0 14:47 NE 21 45.0 61.5 17:12 28.5 6:19 20.0 0.0 0.00 0.3 7.0 9:40 E 22 53.4 71.6 16:43 35.3 6:52 11.6 0.0 0.01 1.1 16.0 13:51 SW 23 61.5 73.0 15:16 50.1 0:40 3.5 0.0 0.00 1.6 14.0 9:58 SW 24 63.3 73.7 15:58 52.8 4:53 1.8 0.0 0.01 4.8 24.0 17:01 SSE 25 59.9 64.2 0:01 55.6 22:13 5.1 0.0 0.77 4.9 25.0 9:39 S 26 58.8 67.4 16:59 50.2 23:35 6.2 0.0 0.62 1.4 18.0 2:11 NW 27 56.3 61.8 14:05 50.7 1:20 8.8 0.0 0.16 2.2 14.0 10:54 ENE 28 60.1 74.4 16:17 45.7 23:12 4.9 0.0 0.42 6.3 30.0 19:43 SSE 29 39.5 46.1 0:01 32.9 23:32 25.5 0.0 0.00 7.6 30.0 5:52 SW 30 46.1 62.4 17:40 29.7 6:21 18.9 0.0 0.00 0.8 12.0 18:33 SE 31 56.5 66.3 12:27 46.7 0:09 8.5 0.0 0.05 3.8 25.0 11:52 S ------------------------------------------------------------------------------------- 51.2 77.9 10 14.3 3 433.7 6.6 3.73 3.4 31.0 1 SSW Max >= 90.0: 0 Max <= 32.0: 0 Min <= 32.0: 7 Min <= 0.0: 0 Max Rain: 1.13 ON 03/14/09 Days of Rain: 10 (>.01 in) 7 (>.1 in) 1 (>1 in) Heat Base: 65.0 Cool Base: 65.0 Method: (High + Low) / 2