Warning: file(http://www.wunderground.com/climate/extremes.asp): failed to open stream: HTTP request failed! HTTP/1.0 500 Internal Server Error in /homepages/6/d330860172/htdocs/usaextremes.php on line 55

Warning: implode(): Invalid arguments passed in /homepages/6/d330860172/htdocs/usaextremes.php on line 55

NOAA Style Climate Reports for Lebanon, TN

NOAA style reports

NOAA-style Climate Reports

2018: Jan | Feb | Mar | Apr | May | Jun | Jul | Aug | Sep | Oct | Nov | Dec 
2017: Jan | Feb | Mar | Apr | May | Jun | Jul | Aug | Sep | Oct | Nov | Dec 
2016: Jan | Feb | Mar | Apr | May | Jun | Jul | Aug | Sep | Oct | Nov | Dec 
2015: Jan | Feb | Mar | Apr | May | Jun | Jul | Aug | Sep | Oct | Nov | Dec 
2014: Jan | Feb | Mar | Apr | May | Jun | Jul | Aug | Sep | Oct | Nov | Dec 
2013: Jan | Feb | Mar | Apr | May | Jun | Jul | Aug | Sep | Oct | Nov | Dec 
2012: Jan | Feb | Mar | Apr | May | Jun | Jul | Aug | Sep | Oct | Nov | Dec 
2011: Jan | Feb | Mar | Apr | May | Jun | Jul | Aug | Sep | Oct | Nov | Dec 
2010: Jan | Feb | Mar | Apr | May | Jun | Jul | Aug | Sep | Oct | Nov | Dec 
2009: Jan | Feb | Mar | Apr | May | Jun | Jul | Aug | Sep | Oct | Nov | Dec 
2008: Jan | Feb | Mar | Apr | May | Jun | Jul | Aug | Sep | Oct | Nov | Dec 
2007: Jan | Feb | Mar | Apr | May | Jun | Jul | Aug | Sep | Oct | Nov | Dec 
2006: Jan | Feb | Mar | Apr | May | Jun | Jul | Aug | Sep | Oct | Nov | Dec 
2005: Jan | Feb | Mar | Apr | May | Jun | Jul | Aug | Sep | Oct | Nov | Dec 
2004: Jan | Feb | Mar | Apr | May | Jun | Jul | Aug | Sep | Oct | Nov | Dec 
2003: Jan | Feb | Mar | Apr | May | Jun | Jul | Aug | Sep | Oct | Nov | Dec 
2002: Jan | Feb | Mar | Apr | May | Jun | Jul | Aug | Sep | Oct | Nov | Dec 
2001: Jan | Feb | Mar | Apr | May | Jun | Jul | Aug | Sep | Oct | Nov | Dec 
2000: Jan | Feb | Mar | Apr | May | Jun | Jul | Aug | Sep | Oct | Nov | Dec 
1999: Jan | Feb | Mar | Apr | May | Jun | Jul | Aug | Sep | Oct | Nov | Dec 
1998: Jan | Feb | Mar | Apr | May | Jun | Jul | Aug | Sep | Oct | Nov | Dec 
1997: Jan | Feb | Mar | Apr | May | Jun | Jul | Aug | Sep | Oct | Nov | Dec 
1996: Jan | Feb | Mar | Apr | May | Jun | Jul | Aug | Sep | Oct | Nov | Dec 
1995: Jan | Feb | Mar | Apr | May | Jun | Jul | Aug | Sep | Oct | Nov | Dec 

Report for 2009 04
MONTHLY CLIMATOLOGICAL SUMMARY for APR. 2009 NAME: HornSpri CITY: Lebanon STATE: TN ELEV: 612 ft LAT: 36 14' 05" N LONG: 86 22' 55" W TEMPERATURE (F), RAIN (in), WIND SPEED (mph) HEAT COOL AVG MEAN DEG DEG WIND DOM DAY TEMP HIGH TIME LOW TIME DAYS DAYS RAIN SPEED HIGH TIME DIR ------------------------------------------------------------------------------------ 1 52.2 67.4 17:02 36.9 6:55 12.8 0.0 0.00 1.5 19.0 0:27 ENE 2 60.0 76.3 13:09 43.6 6:06 5.0 0.0 1.69 4.1 27.0 17:46 E 3 49.5 58.9 17:09 40.1 00:00 15.5 0.0 0.11 5.9 31.0 4:41 WNW 4 50.8 66.9 16:54 34.7 6:33 14.2 0.0 0.00 0.8 14.0 11:16 E 5 59.3 74.9 12:52 43.8 2:59 5.7 0.0 0.09 5.5 28.0 21:52 SSW 6 41.6 49.1 0:01 34.1 00:00 23.4 0.0 0.14 7.4 27.0 2:08 WNW 7 41.0 48.3 16:29 33.7 4:50 24.0 0.0 0.03 5.5 25.0 11:45 WNW 8 51.8 68.4 16:26 35.3 5:27 13.2 0.0 0.00 3.6 27.0 16:42 SW 9 53.9 72.7 15:17 35.2 6:30 11.1 0.0 0.00 1.0 14.0 17:25 SSE 10 58.3 65.6 12:04 51.0 23:56 6.7 0.0 1.05 6.9 35.0 4:52 W 11 52.8 63.9 17:00 41.8 23:49 12.2 0.0 0.00 3.3 22.0 0:05 NNW 12 52.3 67.3 14:30 37.3 6:27 12.7 0.0 0.02 2.0 19.0 13:52 ENE 13 64.8 73.5 13:17 56.2 23:54 0.2 0.0 0.14 4.5 26.0 14:58 SE 14 51.2 56.2 0:01 46.1 23:56 13.8 0.0 0.03 4.0 19.0 17:49 WNW 15 47.6 50.2 15:52 44.9 4:04 17.4 0.0 0.00 1.8 13.0 11:48 NNW 16 52.0 64.5 16:56 39.6 3:54 13.0 0.0 0.00 1.9 17.0 12:48 NE 17 59.8 76.1 16:19 43.5 6:33 5.2 0.0 0.00 0.5 11.0 10:02 ENE 18 59.8 73.5 13:01 46.0 6:28 5.3 0.0 0.03 1.0 13.0 14:50 WSW 19 58.7 62.3 11:13 55.0 4:19 6.3 0.0 0.97 3.4 19.0 11:27 S 20 58.4 66.1 16:54 50.8 23:57 6.6 0.0 0.05 4.4 21.0 4:39 WNW 21 50.6 61.0 13:34 40.2 23:33 14.4 0.0 0.02 4.1 30.0 11:50 WNW 22 54.4 72.5 17:31 36.3 5:52 10.6 0.0 0.00 1.5 18.0 14:57 W 23 62.2 82.2 13:48 42.2 6:00 2.8 0.0 0.11 1.7 27.0 14:17 SE 24 75.1 86.1 15:08 64.0 6:16 0.0 10.1 0.00 4.3 24.0 10:22 SW 25 74.6 86.5 15:39 62.6 6:17 0.0 9.6 0.00 3.2 29.0 13:46 SW 26 72.8 85.7 16:15 59.8 6:34 0.0 7.8 0.00 1.3 18.0 13:17 S 27 74.3 84.0 15:26 64.7 6:18 0.0 9.3 0.00 2.1 24.0 17:01 SW 28 72.6 79.4 14:24 65.8 6:52 0.0 7.6 0.00 0.9 14.0 13:22 WSW 29 70.9 80.1 12:40 61.8 6:03 0.0 5.9 0.00 0.6 13.0 12:18 WSW 30 71.5 77.7 12:55 65.3 9:38 0.0 6.5 0.04 1.7 22.0 16:34 SW ------------------------------------------------------------------------------------- 58.5 86.5 25 33.7 7 252.0 56.8 4.52 3.0 35.0 10 SW Max >= 90.0: 0 Max <= 32.0: 0 Min <= 32.0: 0 Min <= 0.0: 0 Max Rain: 1.69 ON 04/02/09 Days of Rain: 15 (>.01 in) 7 (>.1 in) 2 (>1 in) Heat Base: 65.0 Cool Base: 65.0 Method: (High + Low) / 2