Warning: file(http://www.wunderground.com/climate/extremes.asp): failed to open stream: HTTP request failed! HTTP/1.0 500 Internal Server Error in /homepages/6/d330860172/htdocs/usaextremes.php on line 55

Warning: implode(): Invalid arguments passed in /homepages/6/d330860172/htdocs/usaextremes.php on line 55

NOAA Style Climate Reports for Lebanon, TN

NOAA style reports

NOAA-style Climate Reports

2018: Jan | Feb | Mar | Apr | May | Jun | Jul | Aug | Sep | Oct | Nov | Dec 
2017: Jan | Feb | Mar | Apr | May | Jun | Jul | Aug | Sep | Oct | Nov | Dec 
2016: Jan | Feb | Mar | Apr | May | Jun | Jul | Aug | Sep | Oct | Nov | Dec 
2015: Jan | Feb | Mar | Apr | May | Jun | Jul | Aug | Sep | Oct | Nov | Dec 
2014: Jan | Feb | Mar | Apr | May | Jun | Jul | Aug | Sep | Oct | Nov | Dec 
2013: Jan | Feb | Mar | Apr | May | Jun | Jul | Aug | Sep | Oct | Nov | Dec 
2012: Jan | Feb | Mar | Apr | May | Jun | Jul | Aug | Sep | Oct | Nov | Dec 
2011: Jan | Feb | Mar | Apr | May | Jun | Jul | Aug | Sep | Oct | Nov | Dec 
2010: Jan | Feb | Mar | Apr | May | Jun | Jul | Aug | Sep | Oct | Nov | Dec 
2009: Jan | Feb | Mar | Apr | May | Jun | Jul | Aug | Sep | Oct | Nov | Dec 
2008: Jan | Feb | Mar | Apr | May | Jun | Jul | Aug | Sep | Oct | Nov | Dec 
2007: Jan | Feb | Mar | Apr | May | Jun | Jul | Aug | Sep | Oct | Nov | Dec 
2006: Jan | Feb | Mar | Apr | May | Jun | Jul | Aug | Sep | Oct | Nov | Dec 
2005: Jan | Feb | Mar | Apr | May | Jun | Jul | Aug | Sep | Oct | Nov | Dec 
2004: Jan | Feb | Mar | Apr | May | Jun | Jul | Aug | Sep | Oct | Nov | Dec 
2003: Jan | Feb | Mar | Apr | May | Jun | Jul | Aug | Sep | Oct | Nov | Dec 
2002: Jan | Feb | Mar | Apr | May | Jun | Jul | Aug | Sep | Oct | Nov | Dec 
2001: Jan | Feb | Mar | Apr | May | Jun | Jul | Aug | Sep | Oct | Nov | Dec 
2000: Jan | Feb | Mar | Apr | May | Jun | Jul | Aug | Sep | Oct | Nov | Dec 
1999: Jan | Feb | Mar | Apr | May | Jun | Jul | Aug | Sep | Oct | Nov | Dec 
1998: Jan | Feb | Mar | Apr | May | Jun | Jul | Aug | Sep | Oct | Nov | Dec 
1997: Jan | Feb | Mar | Apr | May | Jun | Jul | Aug | Sep | Oct | Nov | Dec 
1996: Jan | Feb | Mar | Apr | May | Jun | Jul | Aug | Sep | Oct | Nov | Dec 
1995: Jan | Feb | Mar | Apr | May | Jun | Jul | Aug | Sep | Oct | Nov | Dec 

Report for 2009 05
MONTHLY CLIMATOLOGICAL SUMMARY for MAY. 2009 NAME: HornSpri CITY: Lebanon STATE: TN ELEV: 612 ft LAT: 36 14' 05" N LONG: 86 22' 55" W TEMPERATURE (F), RAIN (in), WIND SPEED (mph) HEAT COOL AVG MEAN DEG DEG WIND DOM DAY TEMP HIGH TIME LOW TIME DAYS DAYS RAIN SPEED HIGH TIME DIR ------------------------------------------------------------------------------------ 1 65.3 70.1 0:01 60.5 5:21 0.0 0.3 2.39 1.7 24.0 1:56 WSW 2 60.8 62.4 16:21 59.2 23:51 4.2 0.0 0.64 0.5 8.0 11:15 W 3 61.0 63.9 16:00 58.1 2:52 4.0 0.0 0.63 0.4 10.0 20:28 N 4 58.8 62.3 14:34 55.3 7:43 6.2 0.0 0.04 0.5 10.0 7:59 NE 5 63.8 70.1 15:43 57.6 6:13 1.2 0.0 0.01 0.4 8.0 14:05 W 6 63.6 69.6 15:10 57.6 1:05 1.4 0.0 0.35 2.2 22.0 15:40 WSW 7 72.3 81.8 16:42 62.7 3:19 0.0 7.3 0.00 1.1 14.0 14:04 WSW 8 72.2 79.8 17:54 64.5 7:34 0.0 7.2 0.53 2.0 21.0 5:50 WSW 9 67.1 74.0 16:33 60.1 21:35 0.0 2.1 1.40 1.8 19.0 2:40 W 10 60.2 69.1 14:51 51.3 6:02 4.8 0.0 0.00 0.6 10.0 1:35 NE 11 60.4 69.6 15:29 51.3 00:00 4.6 0.0 0.06 0.8 12.0 0:50 N 12 62.6 77.7 16:03 47.6 4:22 2.4 0.0 0.00 0.6 14.0 14:31 E 13 69.1 74.7 18:14 63.5 4:17 0.0 4.1 0.00 1.3 16.0 10:35 S 14 71.6 79.4 16:23 63.7 9:16 0.0 6.6 0.12 1.8 17.0 8:14 WSW 15 68.3 74.7 10:53 62.0 4:17 0.0 3.3 0.05 0.5 17.0 16:42 WSW 16 69.8 78.3 13:12 61.2 23:45 0.0 4.8 0.45 1.3 20.0 14:08 WSW 17 54.6 63.2 15:42 46.0 00:00 10.4 0.0 0.00 3.8 24.0 16:28 N 18 54.3 68.8 15:38 39.8 5:55 10.7 0.0 0.00 1.8 18.0 11:45 NE 19 59.6 76.3 16:09 42.8 2:34 5.4 0.0 0.00 0.5 12.0 13:23 NE 20 63.8 81.8 16:33 45.8 5:49 1.2 0.0 0.00 0.3 13.0 13:34 E 21 70.1 85.7 15:22 54.4 5:59 0.0 5.1 0.00 0.5 13.0 9:48 ESE 22 73.5 82.8 16:15 64.2 5:46 0.0 8.5 0.00 0.3 12.0 12:07 ENE 23 72.0 81.4 13:37 62.6 5:38 0.0 7.0 0.00 0.4 10.0 12:22 ESE 24 71.8 78.5 13:29 65.2 4:34 0.0 6.8 0.29 2.1 16.0 11:17 E 25 73.6 80.7 15:00 66.6 5:45 0.0 8.6 0.36 0.3 12.0 12:39 SE 26 72.8 80.5 12:50 65.0 6:08 0.0 7.8 0.05 0.3 11.0 11:33 ESE 27 72.0 79.2 11:10 64.8 13:48 0.0 7.0 0.67 0.3 34.0 13:10 WSW 28 74.6 82.2 14:25 67.1 4:09 0.0 9.6 0.00 2.6 18.0 13:14 WSW 29 65.3 71.6 15:54 59.0 23:57 0.0 0.3 0.00 1.4 13.0 0:17 NNW 30 69.2 84.0 14:53 54.4 4:38 0.0 4.2 0.00 1.4 17.0 14:10 WSW 31 73.0 86.5 14:37 59.5 23:54 0.0 8.0 0.00 1.4 14.0 14:48 WSW ------------------------------------------------------------------------------------- 66.7 86.5 31 39.8 18 56.4 108.4 8.04 1.1 34.0 27 WSW Max >= 90.0: 0 Max <= 32.0: 0 Min <= 32.0: 0 Min <= 0.0: 0 Max Rain: 2.39 ON 05/01/09 Days of Rain: 15 (>.01 in) 11 (>.1 in) 2 (>1 in) Heat Base: 65.0 Cool Base: 65.0 Method: (High + Low) / 2