Warning: file(http://www.wunderground.com/climate/extremes.asp): failed to open stream: HTTP request failed! HTTP/1.0 500 Internal Server Error in /homepages/6/d330860172/htdocs/usaextremes.php on line 55

Warning: implode(): Invalid arguments passed in /homepages/6/d330860172/htdocs/usaextremes.php on line 55

NOAA Style Climate Reports for Lebanon, TN

NOAA style reports

NOAA-style Climate Reports

2018: Jan | Feb | Mar | Apr | May | Jun | Jul | Aug | Sep | Oct | Nov | Dec 
2017: Jan | Feb | Mar | Apr | May | Jun | Jul | Aug | Sep | Oct | Nov | Dec 
2016: Jan | Feb | Mar | Apr | May | Jun | Jul | Aug | Sep | Oct | Nov | Dec 
2015: Jan | Feb | Mar | Apr | May | Jun | Jul | Aug | Sep | Oct | Nov | Dec 
2014: Jan | Feb | Mar | Apr | May | Jun | Jul | Aug | Sep | Oct | Nov | Dec 
2013: Jan | Feb | Mar | Apr | May | Jun | Jul | Aug | Sep | Oct | Nov | Dec 
2012: Jan | Feb | Mar | Apr | May | Jun | Jul | Aug | Sep | Oct | Nov | Dec 
2011: Jan | Feb | Mar | Apr | May | Jun | Jul | Aug | Sep | Oct | Nov | Dec 
2010: Jan | Feb | Mar | Apr | May | Jun | Jul | Aug | Sep | Oct | Nov | Dec 
2009: Jan | Feb | Mar | Apr | May | Jun | Jul | Aug | Sep | Oct | Nov | Dec 
2008: Jan | Feb | Mar | Apr | May | Jun | Jul | Aug | Sep | Oct | Nov | Dec 
2007: Jan | Feb | Mar | Apr | May | Jun | Jul | Aug | Sep | Oct | Nov | Dec 
2006: Jan | Feb | Mar | Apr | May | Jun | Jul | Aug | Sep | Oct | Nov | Dec 
2005: Jan | Feb | Mar | Apr | May | Jun | Jul | Aug | Sep | Oct | Nov | Dec 
2004: Jan | Feb | Mar | Apr | May | Jun | Jul | Aug | Sep | Oct | Nov | Dec 
2003: Jan | Feb | Mar | Apr | May | Jun | Jul | Aug | Sep | Oct | Nov | Dec 
2002: Jan | Feb | Mar | Apr | May | Jun | Jul | Aug | Sep | Oct | Nov | Dec 
2001: Jan | Feb | Mar | Apr | May | Jun | Jul | Aug | Sep | Oct | Nov | Dec 
2000: Jan | Feb | Mar | Apr | May | Jun | Jul | Aug | Sep | Oct | Nov | Dec 
1999: Jan | Feb | Mar | Apr | May | Jun | Jul | Aug | Sep | Oct | Nov | Dec 
1998: Jan | Feb | Mar | Apr | May | Jun | Jul | Aug | Sep | Oct | Nov | Dec 
1997: Jan | Feb | Mar | Apr | May | Jun | Jul | Aug | Sep | Oct | Nov | Dec 
1996: Jan | Feb | Mar | Apr | May | Jun | Jul | Aug | Sep | Oct | Nov | Dec 
1995: Jan | Feb | Mar | Apr | May | Jun | Jul | Aug | Sep | Oct | Nov | Dec 

Report for 2009 06
MONTHLY CLIMATOLOGICAL SUMMARY for JUN. 2009 NAME: HornSpri CITY: Lebanon STATE: TN ELEV: 612 ft LAT: 36 14' 05" N LONG: 86 22' 55" W TEMPERATURE (F), RAIN (in), WIND SPEED (mph) HEAT COOL AVG MEAN DEG DEG WIND DOM DAY TEMP HIGH TIME LOW TIME DAYS DAYS RAIN SPEED HIGH TIME DIR ------------------------------------------------------------------------------------ 1 73.5 91.4 16:14 55.6 3:29 0.0 8.5 0.00 0.2 11.0 10:04 WSW 2 77.6 89.9 12:12 65.3 6:09 0.0 12.6 0.01 0.3 24.0 15:34 W 3 76.9 88.4 15:59 65.5 5:47 0.0 11.9 0.55 0.9 16.0 20:44 WSW 4 64.7 71.3 12:49 58.1 23:53 0.3 0.0 0.16 1.1 16.0 14:19 N 5 65.7 76.5 15:41 54.8 23:59 0.0 0.7 0.00 1.4 16.0 9:59 N 6 65.1 80.3 15:07 49.8 5:20 0.0 0.1 0.00 0.3 13.0 11:14 NE 7 72.3 87.6 16:21 56.9 4:09 0.0 7.3 0.00 0.3 12.0 11:08 WSW 8 76.8 87.6 15:38 66.1 5:19 0.0 11.8 0.00 0.7 17.0 11:09 WSW 9 79.0 88.2 14:41 69.8 6:39 0.0 14.0 0.00 0.9 13.0 10:47 WSW 10 76.6 86.3 16:31 66.8 5:20 0.0 11.6 0.07 0.8 29.0 2:50 WSW 11 73.8 81.4 16:48 66.1 23:55 0.0 8.8 0.93 1.4 33.0 10:13 WSW 12 74.3 83.6 15:42 65.0 3:46 0.0 9.3 0.01 0.9 14.0 14:08 W 13 75.5 86.3 16:03 64.7 5:49 0.0 10.5 0.00 0.8 18.0 15:23 WSW 14 75.7 85.5 16:29 65.8 5:53 0.0 10.7 0.00 0.6 14.0 14:01 WSW 15 74.9 83.0 16:17 66.9 5:47 0.0 9.9 0.00 0.1 9.0 13:34 WSW 16 77.3 87.6 13:31 66.9 3:55 0.0 12.3 0.17 0.5 38.0 14:45 WSW 17 81.3 89.9 15:12 72.7 0:01 0.0 16.3 0.04 2.0 19.0 9:44 WSW 18 80.8 90.1 14:17 71.6 4:11 0.0 15.8 0.01 1.1 17.0 10:42 WSW 19 82.6 93.2 16:03 72.1 5:40 0.0 17.6 0.00 1.7 14.0 11:56 WSW 20 82.8 92.9 16:00 72.7 5:37 0.0 17.8 0.00 2.2 17.0 11:52 WSW 21 83.8 92.9 15:22 74.6 5:52 0.0 18.8 0.00 1.6 14.0 14:06 W 22 81.3 93.2 13:48 69.4 21:21 0.0 16.3 0.37 1.5 39.0 20:44 W 23 79.1 89.5 15:48 68.6 5:30 0.0 14.1 0.01 0.5 12.0 12:59 NE 24 77.6 89.5 16:48 65.6 5:18 0.0 12.6 0.00 0.8 14.0 11:32 NE 25 79.3 92.5 13:19 66.1 4:37 0.0 14.3 0.00 0.1 8.0 10:50 N 26 82.1 93.8 16:15 70.4 2:55 0.0 17.1 0.00 1.3 19.0 20:29 W 27 82.5 93.4 14:24 71.6 5:31 0.0 17.5 0.00 0.6 14.0 15:16 NNW 28 77.9 89.9 12:58 65.8 23:57 0.0 12.9 0.00 1.2 17.0 15:11 N 29 71.8 86.7 16:39 57.0 5:47 0.0 6.8 0.00 1.5 18.0 15:51 W 30 74.4 87.0 16:17 61.8 6:13 0.0 9.4 0.00 2.2 20.0 16:20 W ------------------------------------------------------------------------------------- 76.6 93.8 26 49.8 6 0.3 347.0 2.33 1.0 39.0 22 WSW Max >= 90.0: 9 Max <= 32.0: 0 Min <= 32.0: 0 Min <= 0.0: 0 Max Rain: 0.93 ON 06/11/09 Days of Rain: 7 (>.01 in) 5 (>.1 in) 0 (>1 in) Heat Base: 65.0 Cool Base: 65.0 Method: (High + Low) / 2