Warning: file(http://www.wunderground.com/climate/extremes.asp): failed to open stream: HTTP request failed! HTTP/1.0 500 Internal Server Error in /homepages/6/d330860172/htdocs/usaextremes.php on line 55

Warning: implode(): Invalid arguments passed in /homepages/6/d330860172/htdocs/usaextremes.php on line 55

NOAA Style Climate Reports for Lebanon, TN

NOAA style reports

NOAA-style Climate Reports

2018: Jan | Feb | Mar | Apr | May | Jun | Jul | Aug | Sep | Oct | Nov | Dec 
2017: Jan | Feb | Mar | Apr | May | Jun | Jul | Aug | Sep | Oct | Nov | Dec 
2016: Jan | Feb | Mar | Apr | May | Jun | Jul | Aug | Sep | Oct | Nov | Dec 
2015: Jan | Feb | Mar | Apr | May | Jun | Jul | Aug | Sep | Oct | Nov | Dec 
2014: Jan | Feb | Mar | Apr | May | Jun | Jul | Aug | Sep | Oct | Nov | Dec 
2013: Jan | Feb | Mar | Apr | May | Jun | Jul | Aug | Sep | Oct | Nov | Dec 
2012: Jan | Feb | Mar | Apr | May | Jun | Jul | Aug | Sep | Oct | Nov | Dec 
2011: Jan | Feb | Mar | Apr | May | Jun | Jul | Aug | Sep | Oct | Nov | Dec 
2010: Jan | Feb | Mar | Apr | May | Jun | Jul | Aug | Sep | Oct | Nov | Dec 
2009: Jan | Feb | Mar | Apr | May | Jun | Jul | Aug | Sep | Oct | Nov | Dec 
2008: Jan | Feb | Mar | Apr | May | Jun | Jul | Aug | Sep | Oct | Nov | Dec 
2007: Jan | Feb | Mar | Apr | May | Jun | Jul | Aug | Sep | Oct | Nov | Dec 
2006: Jan | Feb | Mar | Apr | May | Jun | Jul | Aug | Sep | Oct | Nov | Dec 
2005: Jan | Feb | Mar | Apr | May | Jun | Jul | Aug | Sep | Oct | Nov | Dec 
2004: Jan | Feb | Mar | Apr | May | Jun | Jul | Aug | Sep | Oct | Nov | Dec 
2003: Jan | Feb | Mar | Apr | May | Jun | Jul | Aug | Sep | Oct | Nov | Dec 
2002: Jan | Feb | Mar | Apr | May | Jun | Jul | Aug | Sep | Oct | Nov | Dec 
2001: Jan | Feb | Mar | Apr | May | Jun | Jul | Aug | Sep | Oct | Nov | Dec 
2000: Jan | Feb | Mar | Apr | May | Jun | Jul | Aug | Sep | Oct | Nov | Dec 
1999: Jan | Feb | Mar | Apr | May | Jun | Jul | Aug | Sep | Oct | Nov | Dec 
1998: Jan | Feb | Mar | Apr | May | Jun | Jul | Aug | Sep | Oct | Nov | Dec 
1997: Jan | Feb | Mar | Apr | May | Jun | Jul | Aug | Sep | Oct | Nov | Dec 
1996: Jan | Feb | Mar | Apr | May | Jun | Jul | Aug | Sep | Oct | Nov | Dec 
1995: Jan | Feb | Mar | Apr | May | Jun | Jul | Aug | Sep | Oct | Nov | Dec 

Report for 2009 07
MONTHLY CLIMATOLOGICAL SUMMARY for JUL. 2009 NAME: HornSpri CITY: Lebanon STATE: TN ELEV: 612 ft LAT: 36 14' 05" N LONG: 86 22' 55" W TEMPERATURE (F), RAIN (in), WIND SPEED (mph) HEAT COOL AVG MEAN DEG DEG WIND DOM DAY TEMP HIGH TIME LOW TIME DAYS DAYS RAIN SPEED HIGH TIME DIR ------------------------------------------------------------------------------------ 1 72.5 80.5 14:19 64.5 6:08 0.0 7.5 0.00 1.4 18.0 12:17 NNW 2 72.3 80.7 12:45 63.9 23:59 0.0 7.3 0.00 1.5 17.0 19:13 N 3 69.9 83.2 15:15 56.7 5:48 0.0 4.9 0.00 0.5 11.0 11:42 N 4 74.7 89.9 16:13 59.5 5:43 0.0 9.7 0.58 0.4 26.0 20:49 ESE 5 76.8 84.7 15:54 68.9 0:16 0.0 11.8 0.30 1.3 22.0 16:44 WSW 6 74.7 83.0 16:35 66.3 23:58 0.0 9.7 0.00 0.5 16.0 16:52 NNE 7 73.8 86.3 16:49 61.2 5:55 0.0 8.8 0.00 0.4 12.0 11:06 N 8 75.4 87.8 15:36 62.9 4:02 0.0 10.4 0.00 0.3 10.0 10:29 ENE 9 77.4 89.9 14:24 64.8 5:55 0.0 12.4 0.00 0.3 12.0 14:59 N 10 78.2 89.0 16:31 67.4 5:34 0.0 13.2 0.00 0.3 13.0 17:12 WSW 11 77.0 80.7 17:44 73.3 5:48 0.0 12.0 0.00 0.3 12.0 8:26 WSW 12 78.6 89.0 13:59 68.1 21:37 0.0 13.6 0.70 0.7 25.0 19:49 WSW 13 74.9 84.3 16:50 65.5 23:59 0.0 9.9 0.02 0.5 11.0 18:33 NNE 14 74.3 88.2 15:48 60.5 5:12 0.0 9.3 0.00 0.7 14.0 10:46 E 15 79.5 89.9 15:06 69.1 4:39 0.0 14.5 0.03 1.2 25.0 22:07 WSW 16 75.7 82.0 17:17 69.4 5:17 0.0 10.7 0.02 0.7 19.0 10:56 WSW 17 71.4 82.4 11:47 60.5 23:59 0.0 6.4 0.00 2.6 21.0 13:11 W 18 64.8 73.7 14:15 55.9 4:27 0.2 0.0 0.00 0.9 16.0 16:30 NNW 19 64.3 75.1 15:51 53.5 5:29 0.7 0.0 0.00 0.3 12.0 15:45 N 20 68.2 81.1 16:11 55.3 5:50 0.0 3.2 0.00 0.4 10.0 16:22 N 21 70.2 84.7 15:21 55.7 5:56 0.0 5.2 0.01 0.3 12.0 11:39 ESE 22 71.6 76.0 15:03 67.1 6:47 0.0 6.6 1.17 0.7 14.0 15:33 WSW 23 73.3 83.0 16:51 63.7 6:26 0.0 8.3 0.00 0.3 11.0 12:29 NW 24 74.7 86.1 16:47 63.2 4:48 0.0 9.7 0.00 0.9 14.0 14:23 WSW 25 79.1 89.3 13:54 68.9 4:59 0.0 14.1 0.00 2.5 25.0 15:14 WSW 26 76.6 83.4 17:10 69.8 6:18 0.0 11.6 0.48 1.1 29.0 5:27 WSW 27 77.3 88.0 16:46 66.6 5:45 0.0 12.3 0.00 0.3 11.0 12:27 WNW 28 73.1 77.2 8:50 68.9 11:42 0.0 8.1 0.41 0.6 17.0 11:11 WSW 29 78.2 85.5 15:36 70.8 5:58 0.0 13.2 0.15 2.0 17.0 13:38 WSW 30 76.9 82.8 15:58 70.9 1:25 0.0 11.9 0.13 1.2 14.0 11:36 WSW 31 74.6 83.6 15:08 65.6 23:56 0.0 9.6 0.14 1.6 26.0 3:01 WSW ------------------------------------------------------------------------------------- 74.2 89.9 4 53.5 19 0.9 285.6 4.14 0.9 29.0 26 WSW Max >= 90.0: 0 Max <= 32.0: 0 Min <= 32.0: 0 Min <= 0.0: 0 Max Rain: 1.17 ON 07/22/09 Days of Rain: 12 (>.01 in) 9 (>.1 in) 1 (>1 in) Heat Base: 65.0 Cool Base: 65.0 Method: (High + Low) / 2