Warning: file(http://www.wunderground.com/climate/extremes.asp): failed to open stream: HTTP request failed! HTTP/1.0 500 Internal Server Error in /homepages/6/d330860172/htdocs/usaextremes.php on line 55

Warning: implode(): Invalid arguments passed in /homepages/6/d330860172/htdocs/usaextremes.php on line 55

NOAA Style Climate Reports for Lebanon, TN

NOAA style reports

NOAA-style Climate Reports

2018: Jan | Feb | Mar | Apr | May | Jun | Jul | Aug | Sep | Oct | Nov | Dec 
2017: Jan | Feb | Mar | Apr | May | Jun | Jul | Aug | Sep | Oct | Nov | Dec 
2016: Jan | Feb | Mar | Apr | May | Jun | Jul | Aug | Sep | Oct | Nov | Dec 
2015: Jan | Feb | Mar | Apr | May | Jun | Jul | Aug | Sep | Oct | Nov | Dec 
2014: Jan | Feb | Mar | Apr | May | Jun | Jul | Aug | Sep | Oct | Nov | Dec 
2013: Jan | Feb | Mar | Apr | May | Jun | Jul | Aug | Sep | Oct | Nov | Dec 
2012: Jan | Feb | Mar | Apr | May | Jun | Jul | Aug | Sep | Oct | Nov | Dec 
2011: Jan | Feb | Mar | Apr | May | Jun | Jul | Aug | Sep | Oct | Nov | Dec 
2010: Jan | Feb | Mar | Apr | May | Jun | Jul | Aug | Sep | Oct | Nov | Dec 
2009: Jan | Feb | Mar | Apr | May | Jun | Jul | Aug | Sep | Oct | Nov | Dec 
2008: Jan | Feb | Mar | Apr | May | Jun | Jul | Aug | Sep | Oct | Nov | Dec 
2007: Jan | Feb | Mar | Apr | May | Jun | Jul | Aug | Sep | Oct | Nov | Dec 
2006: Jan | Feb | Mar | Apr | May | Jun | Jul | Aug | Sep | Oct | Nov | Dec 
2005: Jan | Feb | Mar | Apr | May | Jun | Jul | Aug | Sep | Oct | Nov | Dec 
2004: Jan | Feb | Mar | Apr | May | Jun | Jul | Aug | Sep | Oct | Nov | Dec 
2003: Jan | Feb | Mar | Apr | May | Jun | Jul | Aug | Sep | Oct | Nov | Dec 
2002: Jan | Feb | Mar | Apr | May | Jun | Jul | Aug | Sep | Oct | Nov | Dec 
2001: Jan | Feb | Mar | Apr | May | Jun | Jul | Aug | Sep | Oct | Nov | Dec 
2000: Jan | Feb | Mar | Apr | May | Jun | Jul | Aug | Sep | Oct | Nov | Dec 
1999: Jan | Feb | Mar | Apr | May | Jun | Jul | Aug | Sep | Oct | Nov | Dec 
1998: Jan | Feb | Mar | Apr | May | Jun | Jul | Aug | Sep | Oct | Nov | Dec 
1997: Jan | Feb | Mar | Apr | May | Jun | Jul | Aug | Sep | Oct | Nov | Dec 
1996: Jan | Feb | Mar | Apr | May | Jun | Jul | Aug | Sep | Oct | Nov | Dec 
1995: Jan | Feb | Mar | Apr | May | Jun | Jul | Aug | Sep | Oct | Nov | Dec 

Report for 2009 08
MONTHLY CLIMATOLOGICAL SUMMARY for AUG. 2009 NAME: HornSpri CITY: Lebanon STATE: TN ELEV: 612 ft LAT: 36 14' 05" N LONG: 86 22' 55" W TEMPERATURE (F), RAIN (in), WIND SPEED (mph) HEAT COOL AVG MEAN DEG DEG WIND DOM DAY TEMP HIGH TIME LOW TIME DAYS DAYS RAIN SPEED HIGH TIME DIR ------------------------------------------------------------------------------------ 1 73.7 84.1 14:00 63.2 5:55 0.0 8.7 0.05 0.5 14.0 13:09 WSW 2 74.0 83.2 15:33 64.8 23:37 0.0 9.0 0.00 1.2 12.0 14:50 NNW 3 74.5 88.6 16:08 60.4 5:58 0.0 9.5 0.00 0.2 17.0 13:28 WNW 4 80.6 93.4 15:39 67.8 22:48 0.0 15.6 0.95 1.9 31.0 20:56 WSW 5 75.0 83.4 15:42 66.6 3:50 0.0 10.0 0.04 0.6 16.0 0:46 WSW 6 76.4 86.5 16:20 66.3 6:09 0.0 11.4 0.00 0.2 10.0 13:24 N 7 77.6 89.7 16:09 65.6 6:06 0.0 12.6 0.00 0.0 7.0 12:49 N 8 80.6 93.4 16:16 67.8 6:05 0.0 15.6 0.00 0.4 13.0 12:26 WSW 9 83.1 93.6 14:40 72.5 6:28 0.0 18.1 0.00 0.4 11.0 13:49 WSW 10 82.7 92.7 15:31 72.7 23:31 0.0 17.7 0.83 1.0 22.0 23:05 WSW 11 79.9 87.8 13:59 72.1 4:48 0.0 14.9 0.05 0.7 13.0 10:36 W 12 77.8 85.5 16:36 70.1 23:58 0.0 12.8 0.00 0.9 14.0 17:12 N 13 75.9 89.5 17:00 62.4 6:21 0.0 10.9 0.00 0.2 10.0 15:15 N 14 79.8 92.1 14:57 67.4 5:36 0.0 14.8 0.00 0.2 8.0 16:38 NNE 15 80.9 92.5 15:22 69.4 6:04 0.0 15.9 0.00 0.2 11.0 16:35 SE 16 81.3 90.5 15:52 72.1 2:21 0.0 16.3 0.00 0.1 12.0 9:03 ESE 17 79.9 88.0 14:09 71.8 6:25 0.0 14.9 0.01 0.2 14.0 20:03 SSW 18 75.8 80.9 17:11 70.6 5:04 0.0 10.8 0.37 0.1 8.0 2:17 SE 19 80.3 88.2 13:48 72.5 5:26 0.0 15.3 0.02 0.5 18.0 13:09 WSW 20 77.0 83.6 12:05 70.4 13:09 0.0 12.0 0.27 1.1 22.0 12:38 WSW 21 75.3 84.9 16:08 65.6 23:54 0.0 10.3 0.01 1.3 13.0 8:50 WSW 22 67.4 74.4 15:21 60.5 5:45 0.0 2.4 0.00 1.1 16.0 16:18 NNW 23 66.2 75.4 16:33 57.0 6:35 0.0 1.2 0.00 1.2 17.0 12:34 N 24 68.8 82.0 14:14 55.6 5:31 0.0 3.8 0.00 0.8 14.0 16:17 N 25 73.7 87.6 14:30 59.8 6:02 0.0 8.7 0.00 0.0 7.0 12:31 W 26 76.9 91.2 16:37 62.7 5:30 0.0 11.9 0.00 0.1 10.0 10:38 ESE 27 78.1 89.9 15:15 66.3 5:20 0.0 13.1 0.00 0.3 13.0 14:38 W 28 75.7 82.8 15:55 68.6 6:42 0.0 10.7 0.09 0.0 8.0 13:34 WSW 29 73.6 84.0 15:38 63.2 23:57 0.0 8.6 0.06 1.0 14.0 17:53 NNW 30 69.1 78.1 16:21 60.1 23:57 0.0 4.1 0.00 0.8 14.0 17:19 N 31 67.4 78.6 14:18 56.2 6:38 0.0 2.4 0.00 1.1 16.0 11:53 N ------------------------------------------------------------------------------------- 76.1 93.6 9 55.6 24 0.0 344.1 2.75 0.6 31.0 4 WSW Max >= 90.0: 8 Max <= 32.0: 0 Min <= 32.0: 0 Min <= 0.0: 0 Max Rain: 0.95 ON 08/04/09 Days of Rain: 10 (>.01 in) 4 (>.1 in) 0 (>1 in) Heat Base: 65.0 Cool Base: 65.0 Method: (High + Low) / 2