Warning: file(http://www.wunderground.com/climate/extremes.asp): failed to open stream: HTTP request failed! HTTP/1.0 500 Internal Server Error in /homepages/6/d330860172/htdocs/usaextremes.php on line 55

Warning: implode(): Invalid arguments passed in /homepages/6/d330860172/htdocs/usaextremes.php on line 55

NOAA Style Climate Reports for Lebanon, TN

NOAA style reports

NOAA-style Climate Reports

2018: Jan | Feb | Mar | Apr | May | Jun | Jul | Aug | Sep | Oct | Nov | Dec 
2017: Jan | Feb | Mar | Apr | May | Jun | Jul | Aug | Sep | Oct | Nov | Dec 
2016: Jan | Feb | Mar | Apr | May | Jun | Jul | Aug | Sep | Oct | Nov | Dec 
2015: Jan | Feb | Mar | Apr | May | Jun | Jul | Aug | Sep | Oct | Nov | Dec 
2014: Jan | Feb | Mar | Apr | May | Jun | Jul | Aug | Sep | Oct | Nov | Dec 
2013: Jan | Feb | Mar | Apr | May | Jun | Jul | Aug | Sep | Oct | Nov | Dec 
2012: Jan | Feb | Mar | Apr | May | Jun | Jul | Aug | Sep | Oct | Nov | Dec 
2011: Jan | Feb | Mar | Apr | May | Jun | Jul | Aug | Sep | Oct | Nov | Dec 
2010: Jan | Feb | Mar | Apr | May | Jun | Jul | Aug | Sep | Oct | Nov | Dec 
2009: Jan | Feb | Mar | Apr | May | Jun | Jul | Aug | Sep | Oct | Nov | Dec 
2008: Jan | Feb | Mar | Apr | May | Jun | Jul | Aug | Sep | Oct | Nov | Dec 
2007: Jan | Feb | Mar | Apr | May | Jun | Jul | Aug | Sep | Oct | Nov | Dec 
2006: Jan | Feb | Mar | Apr | May | Jun | Jul | Aug | Sep | Oct | Nov | Dec 
2005: Jan | Feb | Mar | Apr | May | Jun | Jul | Aug | Sep | Oct | Nov | Dec 
2004: Jan | Feb | Mar | Apr | May | Jun | Jul | Aug | Sep | Oct | Nov | Dec 
2003: Jan | Feb | Mar | Apr | May | Jun | Jul | Aug | Sep | Oct | Nov | Dec 
2002: Jan | Feb | Mar | Apr | May | Jun | Jul | Aug | Sep | Oct | Nov | Dec 
2001: Jan | Feb | Mar | Apr | May | Jun | Jul | Aug | Sep | Oct | Nov | Dec 
2000: Jan | Feb | Mar | Apr | May | Jun | Jul | Aug | Sep | Oct | Nov | Dec 
1999: Jan | Feb | Mar | Apr | May | Jun | Jul | Aug | Sep | Oct | Nov | Dec 
1998: Jan | Feb | Mar | Apr | May | Jun | Jul | Aug | Sep | Oct | Nov | Dec 
1997: Jan | Feb | Mar | Apr | May | Jun | Jul | Aug | Sep | Oct | Nov | Dec 
1996: Jan | Feb | Mar | Apr | May | Jun | Jul | Aug | Sep | Oct | Nov | Dec 
1995: Jan | Feb | Mar | Apr | May | Jun | Jul | Aug | Sep | Oct | Nov | Dec 

Report for 2009 09
MONTHLY CLIMATOLOGICAL SUMMARY for SEP. 2009 NAME: HornSpri CITY: Lebanon STATE: TN ELEV: 612 ft LAT: 36 14' 05" N LONG: 86 22' 55" W TEMPERATURE (F), RAIN (in), WIND SPEED (mph) HEAT COOL AVG MEAN DEG DEG WIND DOM DAY TEMP HIGH TIME LOW TIME DAYS DAYS RAIN SPEED HIGH TIME DIR ------------------------------------------------------------------------------------ 1 68.1 82.2 16:28 53.9 6:44 0.0 3.1 0.00 0.8 14.0 15:10 N 2 69.1 77.2 11:01 60.9 3:33 0.0 4.1 0.00 0.1 10.0 10:42 WSW 3 71.4 79.9 14:57 62.9 9:04 0.0 6.4 0.41 0.4 13.0 5:30 W 4 72.8 87.0 16:05 58.7 6:09 0.0 7.8 0.00 0.2 8.0 17:16 N 5 73.9 86.5 13:44 61.3 6:01 0.0 8.9 0.00 0.1 12.0 14:29 SW 6 74.8 85.7 13:36 63.9 4:54 0.0 9.8 0.00 0.2 16.0 15:03 SE 7 76.1 87.6 15:52 64.7 23:53 0.0 11.1 0.00 0.8 19.0 16:48 W 8 73.4 85.5 12:44 61.3 6:31 0.0 8.4 0.00 0.3 12.0 15:15 N 9 74.2 86.3 15:05 62.0 6:01 0.0 9.2 0.00 0.4 14.0 14:25 NNW 10 73.6 85.9 13:35 61.2 6:15 0.0 8.6 0.00 0.3 14.0 15:09 ESE 11 74.7 86.1 15:27 63.2 6:29 0.0 9.7 1.69 0.1 10.0 22:09 N 12 73.2 83.0 16:27 63.4 23:53 0.0 8.2 0.00 0.5 12.0 17:14 NE 13 70.4 82.8 13:31 58.0 6:55 0.0 5.4 0.00 0.4 11.0 13:03 NE 14 73.2 83.8 12:06 62.6 6:22 0.0 8.2 0.00 0.2 10.0 12:30 E 15 72.9 78.5 17:03 67.4 9:07 0.0 7.9 3.70 0.8 13.0 16:57 ESE 16 69.1 70.6 0:01 67.6 12:51 0.0 4.1 1.10 0.5 14.0 12:35 ENE 17 69.7 71.8 17:26 67.6 4:20 0.0 4.7 2.77 0.4 12.0 2:33 ENE 18 74.8 81.2 14:27 68.3 2:53 0.0 9.8 0.00 0.2 7.0 14:31 ENE 19 74.7 81.1 14:04 68.3 6:13 0.0 9.7 0.01 1.0 14.0 14:33 ESE 20 74.8 81.6 14:55 68.1 23:56 0.0 9.8 0.24 0.4 13.0 20:10 ESE 21 72.7 77.9 17:03 67.4 2:10 0.0 7.7 1.32 0.2 11.0 16:38 WSW 22 75.0 82.4 15:49 67.6 6:21 0.0 10.0 0.24 0.2 11.0 11:11 SSE 23 74.1 78.8 16:56 69.4 6:47 0.0 9.1 0.15 0.1 10.0 3:59 WSW 24 76.6 83.8 16:14 69.4 0:57 0.0 11.6 0.00 0.3 11.0 10:57 W 25 75.7 80.9 12:01 70.4 23:55 0.0 10.7 0.00 0.6 11.0 12:03 WNW 26 67.8 75.1 16:57 60.5 00:00 0.0 2.8 2.42 0.7 16.0 21:41 WSW 27 65.8 76.5 16:26 55.1 6:34 0.0 0.8 0.01 1.1 15.0 13:11 WSW 28 61.7 72.3 5:56 51.0 23:23 3.3 0.0 0.00 3.6 25.0 15:09 W 29 57.0 67.9 15:42 46.1 6:40 8.0 0.0 0.00 1.5 19.0 11:13 NNW 30 56.2 68.1 16:12 44.2 6:24 8.8 0.0 0.00 0.2 10.0 10:07 N ------------------------------------------------------------------------------------- 71.2 87.6 7 44.2 30 20.2 207.4 14.06 0.6 25.0 28 WSW Max >= 90.0: 0 Max <= 32.0: 0 Min <= 32.0: 0 Min <= 0.0: 0 Max Rain: 3.70 ON 09/15/09 Days of Rain: 10 (>.01 in) 10 (>.1 in) 6 (>1 in) Heat Base: 65.0 Cool Base: 65.0 Method: (High + Low) / 2