Warning: file(http://www.wunderground.com/climate/extremes.asp): failed to open stream: HTTP request failed! HTTP/1.0 500 Internal Server Error in /homepages/6/d330860172/htdocs/usaextremes.php on line 55

Warning: implode(): Invalid arguments passed in /homepages/6/d330860172/htdocs/usaextremes.php on line 55

NOAA Style Climate Reports for Lebanon, TN

NOAA style reports

NOAA-style Climate Reports

2018: Jan | Feb | Mar | Apr | May | Jun | Jul | Aug | Sep | Oct | Nov | Dec 
2017: Jan | Feb | Mar | Apr | May | Jun | Jul | Aug | Sep | Oct | Nov | Dec 
2016: Jan | Feb | Mar | Apr | May | Jun | Jul | Aug | Sep | Oct | Nov | Dec 
2015: Jan | Feb | Mar | Apr | May | Jun | Jul | Aug | Sep | Oct | Nov | Dec 
2014: Jan | Feb | Mar | Apr | May | Jun | Jul | Aug | Sep | Oct | Nov | Dec 
2013: Jan | Feb | Mar | Apr | May | Jun | Jul | Aug | Sep | Oct | Nov | Dec 
2012: Jan | Feb | Mar | Apr | May | Jun | Jul | Aug | Sep | Oct | Nov | Dec 
2011: Jan | Feb | Mar | Apr | May | Jun | Jul | Aug | Sep | Oct | Nov | Dec 
2010: Jan | Feb | Mar | Apr | May | Jun | Jul | Aug | Sep | Oct | Nov | Dec 
2009: Jan | Feb | Mar | Apr | May | Jun | Jul | Aug | Sep | Oct | Nov | Dec 
2008: Jan | Feb | Mar | Apr | May | Jun | Jul | Aug | Sep | Oct | Nov | Dec 
2007: Jan | Feb | Mar | Apr | May | Jun | Jul | Aug | Sep | Oct | Nov | Dec 
2006: Jan | Feb | Mar | Apr | May | Jun | Jul | Aug | Sep | Oct | Nov | Dec 
2005: Jan | Feb | Mar | Apr | May | Jun | Jul | Aug | Sep | Oct | Nov | Dec 
2004: Jan | Feb | Mar | Apr | May | Jun | Jul | Aug | Sep | Oct | Nov | Dec 
2003: Jan | Feb | Mar | Apr | May | Jun | Jul | Aug | Sep | Oct | Nov | Dec 
2002: Jan | Feb | Mar | Apr | May | Jun | Jul | Aug | Sep | Oct | Nov | Dec 
2001: Jan | Feb | Mar | Apr | May | Jun | Jul | Aug | Sep | Oct | Nov | Dec 
2000: Jan | Feb | Mar | Apr | May | Jun | Jul | Aug | Sep | Oct | Nov | Dec 
1999: Jan | Feb | Mar | Apr | May | Jun | Jul | Aug | Sep | Oct | Nov | Dec 
1998: Jan | Feb | Mar | Apr | May | Jun | Jul | Aug | Sep | Oct | Nov | Dec 
1997: Jan | Feb | Mar | Apr | May | Jun | Jul | Aug | Sep | Oct | Nov | Dec 
1996: Jan | Feb | Mar | Apr | May | Jun | Jul | Aug | Sep | Oct | Nov | Dec 
1995: Jan | Feb | Mar | Apr | May | Jun | Jul | Aug | Sep | Oct | Nov | Dec 

Report for 2009 10
MONTHLY CLIMATOLOGICAL SUMMARY for OCT. 2009 NAME: HornSpri CITY: Lebanon STATE: TN ELEV: 612 ft LAT: 36 14' 05" N LONG: 86 22' 55" W TEMPERATURE (F), RAIN (in), WIND SPEED (mph) HEAT COOL AVG MEAN DEG DEG WIND DOM DAY TEMP HIGH TIME LOW TIME DAYS DAYS RAIN SPEED HIGH TIME DIR ------------------------------------------------------------------------------------ 1 60.0 74.6 16:18 45.5 6:29 5.0 0.0 0.00 0.2 10.0 15:10 WSW 2 63.8 72.0 16:13 55.6 23:26 1.2 0.0 0.35 3.0 28.0 13:47 WSW 3 59.8 71.3 16:13 48.3 23:45 5.2 0.0 0.00 2.5 25.0 14:12 WSW 4 51.0 56.0 15:51 46.0 5:33 14.0 0.0 0.42 0.1 6.0 10:04 ENE 5 58.9 65.8 14:58 52.0 0:01 6.1 0.0 0.00 0.8 13.0 12:58 NE 6 64.9 68.8 21:15 60.9 3:33 0.1 0.0 0.50 1.3 16.0 23:00 SW 7 57.6 67.6 0:06 47.6 23:51 7.4 0.0 0.01 1.1 18.0 0:01 NNW 8 63.2 80.5 16:33 45.8 5:01 1.8 0.0 0.00 0.3 13.0 16:25 SW 9 71.3 84.9 13:30 57.8 23:59 0.0 6.3 0.02 1.8 30.0 13:49 SSW 10 52.4 57.8 0:01 47.0 23:58 12.6 0.0 0.09 1.0 16.0 0:20 N 11 53.1 62.7 13:27 43.5 7:08 11.9 0.0 0.00 0.6 14.0 15:03 NE 12 59.5 68.9 15:55 50.1 0:01 5.5 0.0 0.00 0.4 11.0 16:27 W 13 61.5 65.0 12:22 58.0 0:01 3.5 0.0 0.25 0.7 10.0 9:18 NE 14 60.5 66.4 14:14 54.5 23:48 4.5 0.0 0.28 0.8 11.0 14:12 E 15 52.8 56.6 10:48 49.1 23:58 12.2 0.0 0.86 1.3 12.0 20:38 NNW 16 46.1 49.1 0:01 43.1 23:57 18.9 0.0 0.01 2.0 16.0 16:40 NNW 17 43.5 46.8 15:54 40.3 23:52 21.5 0.0 0.01 1.9 16.0 9:35 NNW 18 42.5 54.2 16:30 30.9 6:50 22.5 0.0 0.00 0.8 14.0 13:25 N 19 46.5 62.0 16:18 30.9 6:43 18.5 0.0 0.00 0.2 12.0 10:08 WSW 20 53.5 67.9 15:21 39.1 7:19 11.5 0.0 0.00 0.3 13.0 11:15 WSW 21 53.8 69.1 14:53 38.5 7:21 11.2 0.0 0.00 0.1 8.0 12:11 WSW 22 62.3 74.9 15:18 49.6 7:35 2.8 0.0 0.03 1.3 17.0 15:16 SE 23 63.1 70.8 13:33 55.4 23:57 1.9 0.0 0.42 3.7 26.0 13:53 WSW 24 47.7 56.3 17:02 39.1 23:50 17.3 0.0 0.01 2.4 18.0 3:31 WSW 25 49.1 63.4 15:55 34.7 5:24 15.9 0.0 0.00 0.3 11.0 14:33 ENE 26 52.1 67.6 15:40 36.6 6:22 12.9 0.0 0.00 0.1 11.0 15:00 ENE 27 54.2 58.3 23:55 50.1 1:46 10.8 0.0 0.80 0.9 16.0 23:47 E 28 54.4 60.1 15:26 48.8 21:30 10.6 0.0 0.00 0.9 19.0 0:14 WSW 29 54.5 65.8 16:41 43.2 4:08 10.5 0.0 0.17 0.3 9.0 23:25 E 30 66.0 74.7 14:20 57.3 23:59 0.0 1.0 0.69 6.1 29.0 15:54 SSE 31 48.3 57.3 0:01 39.3 23:53 16.7 0.0 0.90 1.6 22.0 1:38 W ------------------------------------------------------------------------------------- 55.7 84.9 9 30.9 18 294.5 7.3 5.82 1.3 30.0 9 WSW Max >= 90.0: 0 Max <= 32.0: 0 Min <= 32.0: 2 Min <= 0.0: 0 Max Rain: 0.90 ON 10/31/09 Days of Rain: 14 (>.01 in) 11 (>.1 in) 0 (>1 in) Heat Base: 65.0 Cool Base: 65.0 Method: (High + Low) / 2