Warning: file(http://www.wunderground.com/climate/extremes.asp): failed to open stream: HTTP request failed! HTTP/1.0 500 Internal Server Error in /homepages/6/d330860172/htdocs/usaextremes.php on line 55

Warning: implode(): Invalid arguments passed in /homepages/6/d330860172/htdocs/usaextremes.php on line 55

NOAA Style Climate Reports for Lebanon, TN

NOAA style reports

NOAA-style Climate Reports

2018: Jan | Feb | Mar | Apr | May | Jun | Jul | Aug | Sep | Oct | Nov | Dec 
2017: Jan | Feb | Mar | Apr | May | Jun | Jul | Aug | Sep | Oct | Nov | Dec 
2016: Jan | Feb | Mar | Apr | May | Jun | Jul | Aug | Sep | Oct | Nov | Dec 
2015: Jan | Feb | Mar | Apr | May | Jun | Jul | Aug | Sep | Oct | Nov | Dec 
2014: Jan | Feb | Mar | Apr | May | Jun | Jul | Aug | Sep | Oct | Nov | Dec 
2013: Jan | Feb | Mar | Apr | May | Jun | Jul | Aug | Sep | Oct | Nov | Dec 
2012: Jan | Feb | Mar | Apr | May | Jun | Jul | Aug | Sep | Oct | Nov | Dec 
2011: Jan | Feb | Mar | Apr | May | Jun | Jul | Aug | Sep | Oct | Nov | Dec 
2010: Jan | Feb | Mar | Apr | May | Jun | Jul | Aug | Sep | Oct | Nov | Dec 
2009: Jan | Feb | Mar | Apr | May | Jun | Jul | Aug | Sep | Oct | Nov | Dec 
2008: Jan | Feb | Mar | Apr | May | Jun | Jul | Aug | Sep | Oct | Nov | Dec 
2007: Jan | Feb | Mar | Apr | May | Jun | Jul | Aug | Sep | Oct | Nov | Dec 
2006: Jan | Feb | Mar | Apr | May | Jun | Jul | Aug | Sep | Oct | Nov | Dec 
2005: Jan | Feb | Mar | Apr | May | Jun | Jul | Aug | Sep | Oct | Nov | Dec 
2004: Jan | Feb | Mar | Apr | May | Jun | Jul | Aug | Sep | Oct | Nov | Dec 
2003: Jan | Feb | Mar | Apr | May | Jun | Jul | Aug | Sep | Oct | Nov | Dec 
2002: Jan | Feb | Mar | Apr | May | Jun | Jul | Aug | Sep | Oct | Nov | Dec 
2001: Jan | Feb | Mar | Apr | May | Jun | Jul | Aug | Sep | Oct | Nov | Dec 
2000: Jan | Feb | Mar | Apr | May | Jun | Jul | Aug | Sep | Oct | Nov | Dec 
1999: Jan | Feb | Mar | Apr | May | Jun | Jul | Aug | Sep | Oct | Nov | Dec 
1998: Jan | Feb | Mar | Apr | May | Jun | Jul | Aug | Sep | Oct | Nov | Dec 
1997: Jan | Feb | Mar | Apr | May | Jun | Jul | Aug | Sep | Oct | Nov | Dec 
1996: Jan | Feb | Mar | Apr | May | Jun | Jul | Aug | Sep | Oct | Nov | Dec 
1995: Jan | Feb | Mar | Apr | May | Jun | Jul | Aug | Sep | Oct | Nov | Dec 

Report for 2009 11
MONTHLY CLIMATOLOGICAL SUMMARY for NOV. 2009 NAME: HornSpri CITY: Lebanon STATE: TN ELEV: 612 ft LAT: 36 14' 05" N LONG: 86 22' 55" W TEMPERATURE (F), RAIN (in), WIND SPEED (mph) HEAT COOL AVG MEAN DEG DEG WIND DOM DAY TEMP HIGH TIME LOW TIME DAYS DAYS RAIN SPEED HIGH TIME DIR ------------------------------------------------------------------------------------ 1 46.5 58.6 14:12 34.4 6:14 18.5 0.0 0.01 0.6 13.0 13:51 N 2 49.7 65.0 15:52 34.3 5:03 15.3 0.0 0.00 0.0 5.0 8:29 ESE 3 47.1 59.8 14:04 34.4 23:55 17.9 0.0 0.00 1.0 14.0 11:39 N 4 50.0 67.8 14:32 32.2 5:56 15.0 0.0 0.00 1.0 16.0 14:48 WSW 5 46.3 58.3 15:12 34.4 6:20 18.7 0.0 0.00 0.2 10.0 13:26 NNW 6 48.2 65.0 15:02 31.3 4:08 16.8 0.0 0.00 0.3 11.0 22:43 SSW 7 62.3 73.0 14:28 51.7 3:32 2.7 0.0 0.00 2.4 20.0 11:01 SW 8 57.4 72.8 14:53 41.9 6:41 7.6 0.0 0.00 0.2 10.0 9:24 SW 9 59.2 70.3 13:27 48.0 5:46 5.8 0.0 0.00 0.2 8.0 13:43 NE 10 58.3 62.6 13:46 54.1 2:52 6.7 0.0 0.00 1.2 17.0 23:43 NE 11 51.8 62.4 14:15 41.2 23:58 13.2 0.0 0.00 3.6 21.0 11:59 N 12 48.7 61.3 12:49 36.0 6:52 16.3 0.0 0.00 1.2 18.0 13:56 NE 13 49.3 65.0 15:06 33.7 6:21 15.7 0.0 0.00 0.0 5.0 12:30 E 14 52.8 68.3 12:38 37.2 6:35 12.3 0.0 0.00 0.3 9.0 9:48 SSW 15 56.2 70.6 12:54 41.8 4:04 8.8 0.0 0.00 0.0 7.0 13:01 S 16 56.0 68.8 12:24 43.1 5:16 9.0 0.0 0.02 0.3 10.0 12:43 S 17 50.7 57.8 2:19 43.5 20:50 14.3 0.0 0.28 1.8 18.0 12:19 WSW 18 46.3 49.6 12:40 43.1 5:36 18.7 0.0 0.00 0.5 10.0 14:41 WSW 19 46.5 56.3 14:55 36.8 23:49 18.5 0.0 0.00 0.4 11.0 12:28 WSW 20 47.1 61.5 13:03 32.7 6:37 17.9 0.0 0.00 0.1 8.0 12:14 ESE 21 50.5 63.9 12:49 37.0 6:34 14.5 0.0 0.00 0.6 12.0 10:58 ENE 22 47.1 53.6 14:01 40.6 4:25 17.9 0.0 0.01 0.2 7.0 21:02 E 23 50.1 52.0 14:23 48.2 0:01 14.9 0.0 0.02 0.1 5.0 3:38 ESE 24 54.1 58.0 12:54 50.2 4:04 10.9 0.0 0.00 1.2 17.0 15:23 S 25 47.7 57.5 12:54 37.8 23:54 17.3 0.0 0.00 2.2 17.0 8:51 WSW 26 38.3 46.5 10:42 30.0 6:54 26.8 0.0 0.00 2.8 18.0 9:20 WNW 27 39.2 49.6 14:57 28.8 6:42 25.8 0.0 0.00 1.0 13.0 9:28 WSW 28 47.1 65.3 14:48 28.8 4:01 17.9 0.0 0.00 0.8 12.0 8:04 SW 29 53.8 60.5 13:39 47.1 2:29 11.2 0.0 0.07 2.4 17.0 17:41 SW 30 40.3 53.1 0:01 27.5 23:49 24.7 0.0 0.52 2.8 21.0 4:14 NNW ------------------------------------------------------------------------------------- 49.9 73.0 7 27.5 30 451.7 0.0 0.93 1.0 21.0 11 SW Max >= 90.0: 0 Max <= 32.0: 0 Min <= 32.0: 5 Min <= 0.0: 0 Max Rain: 0.52 ON 11/30/09 Days of Rain: 5 (>.01 in) 2 (>.1 in) 0 (>1 in) Heat Base: 65.0 Cool Base: 65.0 Method: (High + Low) / 2