Warning: file(http://www.wunderground.com/climate/extremes.asp): failed to open stream: HTTP request failed! HTTP/1.0 500 Internal Server Error in /homepages/6/d330860172/htdocs/usaextremes.php on line 55

Warning: implode(): Invalid arguments passed in /homepages/6/d330860172/htdocs/usaextremes.php on line 55

NOAA Style Climate Reports for Lebanon, TN

NOAA style reports

NOAA-style Climate Reports

2018: Jan | Feb | Mar | Apr | May | Jun | Jul | Aug | Sep | Oct | Nov | Dec 
2017: Jan | Feb | Mar | Apr | May | Jun | Jul | Aug | Sep | Oct | Nov | Dec 
2016: Jan | Feb | Mar | Apr | May | Jun | Jul | Aug | Sep | Oct | Nov | Dec 
2015: Jan | Feb | Mar | Apr | May | Jun | Jul | Aug | Sep | Oct | Nov | Dec 
2014: Jan | Feb | Mar | Apr | May | Jun | Jul | Aug | Sep | Oct | Nov | Dec 
2013: Jan | Feb | Mar | Apr | May | Jun | Jul | Aug | Sep | Oct | Nov | Dec 
2012: Jan | Feb | Mar | Apr | May | Jun | Jul | Aug | Sep | Oct | Nov | Dec 
2011: Jan | Feb | Mar | Apr | May | Jun | Jul | Aug | Sep | Oct | Nov | Dec 
2010: Jan | Feb | Mar | Apr | May | Jun | Jul | Aug | Sep | Oct | Nov | Dec 
2009: Jan | Feb | Mar | Apr | May | Jun | Jul | Aug | Sep | Oct | Nov | Dec 
2008: Jan | Feb | Mar | Apr | May | Jun | Jul | Aug | Sep | Oct | Nov | Dec 
2007: Jan | Feb | Mar | Apr | May | Jun | Jul | Aug | Sep | Oct | Nov | Dec 
2006: Jan | Feb | Mar | Apr | May | Jun | Jul | Aug | Sep | Oct | Nov | Dec 
2005: Jan | Feb | Mar | Apr | May | Jun | Jul | Aug | Sep | Oct | Nov | Dec 
2004: Jan | Feb | Mar | Apr | May | Jun | Jul | Aug | Sep | Oct | Nov | Dec 
2003: Jan | Feb | Mar | Apr | May | Jun | Jul | Aug | Sep | Oct | Nov | Dec 
2002: Jan | Feb | Mar | Apr | May | Jun | Jul | Aug | Sep | Oct | Nov | Dec 
2001: Jan | Feb | Mar | Apr | May | Jun | Jul | Aug | Sep | Oct | Nov | Dec 
2000: Jan | Feb | Mar | Apr | May | Jun | Jul | Aug | Sep | Oct | Nov | Dec 
1999: Jan | Feb | Mar | Apr | May | Jun | Jul | Aug | Sep | Oct | Nov | Dec 
1998: Jan | Feb | Mar | Apr | May | Jun | Jul | Aug | Sep | Oct | Nov | Dec 
1997: Jan | Feb | Mar | Apr | May | Jun | Jul | Aug | Sep | Oct | Nov | Dec 
1996: Jan | Feb | Mar | Apr | May | Jun | Jul | Aug | Sep | Oct | Nov | Dec 
1995: Jan | Feb | Mar | Apr | May | Jun | Jul | Aug | Sep | Oct | Nov | Dec 

Report for 2009 12
MONTHLY CLIMATOLOGICAL SUMMARY for DEC. 2009 NAME: HornSpri CITY: Lebanon STATE: TN ELEV: 612 ft LAT: 36 14' 05" N LONG: 86 22' 55" W TEMPERATURE (F), RAIN (in), WIND SPEED (mph) HEAT COOL AVG MEAN DEG DEG WIND DOM DAY TEMP HIGH TIME LOW TIME DAYS DAYS RAIN SPEED HIGH TIME DIR ------------------------------------------------------------------------------------ 1 38.8 52.8 14:14 24.8 5:17 26.2 0.0 0.00 0.3 7.0 9:53 E 2 48.3 56.3 16:26 40.2 23:25 16.8 0.0 1.01 4.3 29.0 20:10 E 3 37.3 40.2 0:01 34.4 21:55 27.7 0.0 0.00 1.8 19.0 0:44 NW 4 33.1 38.9 13:38 27.2 5:38 31.9 0.0 0.00 0.8 11.0 15:52 N 5 28.5 36.8 12:15 20.2 23:58 36.5 0.0 0.00 1.3 14.0 9:52 N 6 29.8 41.6 14:14 18.0 4:51 35.2 0.0 0.00 0.6 11.0 10:38 E 7 39.6 45.1 13:42 34.1 0:01 25.4 0.0 0.04 0.6 11.0 12:20 WSW 8 48.1 56.0 19:55 40.2 0:01 16.9 0.0 1.80 3.6 29.0 19:53 S 9 42.8 56.7 2:35 29.0 23:57 22.2 0.0 0.00 10.7 42.0 3:09 WSW 10 24.8 32.4 14:20 17.2 23:55 40.2 0.0 0.00 3.6 18.0 14:40 WNW 11 25.3 36.3 14:23 14.4 7:02 39.7 0.0 0.00 0.3 11.0 14:22 ESE 12 33.0 47.3 13:40 18.8 3:25 32.0 0.0 0.10 0.9 13.0 12:46 SSE 13 48.2 52.5 12:39 43.9 0:01 16.8 0.0 0.36 1.9 20.0 3:03 WSW 14 57.9 64.2 14:51 51.7 0:01 7.1 0.0 0.00 2.2 19.0 10:22 SW 15 40.4 52.6 0:01 28.2 22:32 24.6 0.0 0.00 3.2 19.0 11:58 N 16 30.5 37.2 14:31 23.8 22:32 34.5 0.0 0.00 0.4 9.0 13:40 N 17 35.4 48.6 13:48 22.2 7:08 29.6 0.0 0.00 0.2 11.0 10:09 E 18 39.7 42.6 15:10 36.8 0:54 25.3 0.0 0.26 0.5 10.0 10:05 NE 19 35.9 39.6 1:36 32.2 23:35 29.1 0.0 0.08 3.3 19.0 14:53 NW 20 32.6 35.8 15:05 29.4 18:53 32.4 0.0 0.00 1.5 14.0 0:20 WNW 21 35.9 45.1 15:22 26.7 5:15 29.1 0.0 0.00 0.2 8.0 9:24 SW 22 40.7 56.6 13:20 24.7 6:03 24.3 0.0 0.00 0.2 10.0 12:33 WSW 23 48.0 55.9 13:47 40.1 4:10 17.0 0.0 0.00 1.5 16.0 13:57 SE 24 54.6 61.2 13:58 47.9 5:51 10.4 0.0 0.46 7.2 33.0 21:04 SE 25 41.8 53.8 3:08 29.8 23:46 23.2 0.0 0.11 6.9 27.0 12:54 SW 26 37.5 47.1 15:33 27.9 3:43 27.5 0.0 0.00 4.3 29.0 12:58 SW 27 36.8 44.8 12:23 28.8 23:58 28.2 0.0 0.00 5.6 31.0 11:25 SW 28 28.2 37.2 14:07 19.1 6:45 36.8 0.0 0.00 3.2 20.0 15:19 W 29 31.4 37.0 14:13 25.7 19:14 33.7 0.0 0.00 1.7 17.0 9:10 NE 30 39.8 49.4 12:57 30.3 0:01 25.2 0.0 0.30 1.9 17.0 13:15 SSW 31 41.6 45.2 12:36 37.9 23:59 23.4 0.0 0.14 1.5 18.0 18:19 NNW ------------------------------------------------------------------------------------- 38.3 64.2 14 14.4 11 828.8 0.0 4.66 2.5 42.0 9 SW Max >= 90.0: 0 Max <= 32.0: 0 Min <= 32.0: 20 Min <= 0.0: 0 Max Rain: 1.80 ON 12/08/09 Days of Rain: 11 (>.01 in) 8 (>.1 in) 2 (>1 in) Heat Base: 65.0 Cool Base: 65.0 Method: (High + Low) / 2