Warning: file(http://www.wunderground.com/climate/extremes.asp): failed to open stream: HTTP request failed! HTTP/1.0 500 Internal Server Error in /homepages/6/d330860172/htdocs/usaextremes.php on line 55

Warning: implode(): Invalid arguments passed in /homepages/6/d330860172/htdocs/usaextremes.php on line 55

NOAA Style Climate Reports for Lebanon, TN

NOAA style reports

NOAA-style Climate Reports

2018: Jan | Feb | Mar | Apr | May | Jun | Jul | Aug | Sep | Oct | Nov | Dec 
2017: Jan | Feb | Mar | Apr | May | Jun | Jul | Aug | Sep | Oct | Nov | Dec 
2016: Jan | Feb | Mar | Apr | May | Jun | Jul | Aug | Sep | Oct | Nov | Dec 
2015: Jan | Feb | Mar | Apr | May | Jun | Jul | Aug | Sep | Oct | Nov | Dec 
2014: Jan | Feb | Mar | Apr | May | Jun | Jul | Aug | Sep | Oct | Nov | Dec 
2013: Jan | Feb | Mar | Apr | May | Jun | Jul | Aug | Sep | Oct | Nov | Dec 
2012: Jan | Feb | Mar | Apr | May | Jun | Jul | Aug | Sep | Oct | Nov | Dec 
2011: Jan | Feb | Mar | Apr | May | Jun | Jul | Aug | Sep | Oct | Nov | Dec 
2010: Jan | Feb | Mar | Apr | May | Jun | Jul | Aug | Sep | Oct | Nov | Dec 
2009: Jan | Feb | Mar | Apr | May | Jun | Jul | Aug | Sep | Oct | Nov | Dec 
2008: Jan | Feb | Mar | Apr | May | Jun | Jul | Aug | Sep | Oct | Nov | Dec 
2007: Jan | Feb | Mar | Apr | May | Jun | Jul | Aug | Sep | Oct | Nov | Dec 
2006: Jan | Feb | Mar | Apr | May | Jun | Jul | Aug | Sep | Oct | Nov | Dec 
2005: Jan | Feb | Mar | Apr | May | Jun | Jul | Aug | Sep | Oct | Nov | Dec 
2004: Jan | Feb | Mar | Apr | May | Jun | Jul | Aug | Sep | Oct | Nov | Dec 
2003: Jan | Feb | Mar | Apr | May | Jun | Jul | Aug | Sep | Oct | Nov | Dec 
2002: Jan | Feb | Mar | Apr | May | Jun | Jul | Aug | Sep | Oct | Nov | Dec 
2001: Jan | Feb | Mar | Apr | May | Jun | Jul | Aug | Sep | Oct | Nov | Dec 
2000: Jan | Feb | Mar | Apr | May | Jun | Jul | Aug | Sep | Oct | Nov | Dec 
1999: Jan | Feb | Mar | Apr | May | Jun | Jul | Aug | Sep | Oct | Nov | Dec 
1998: Jan | Feb | Mar | Apr | May | Jun | Jul | Aug | Sep | Oct | Nov | Dec 
1997: Jan | Feb | Mar | Apr | May | Jun | Jul | Aug | Sep | Oct | Nov | Dec 
1996: Jan | Feb | Mar | Apr | May | Jun | Jul | Aug | Sep | Oct | Nov | Dec 
1995: Jan | Feb | Mar | Apr | May | Jun | Jul | Aug | Sep | Oct | Nov | Dec 

Report for 2010
ANNUAL CLIMATOLOGICAL SUMMARY NAME: HornSpri CITY: Lebanon STATE: TN ELEV: 612 ft LAT: 36 14' 05" N LONG: 86 22' 54" W TEMPERATURE (F), HEAT BASE 65.0, COOL BASE 65.0 DEP. HEAT COOL MEAN MEAN FROM DEG DEG MAX MAX MIN MIN YR MO MAX MIN MEAN NORM DAYS DAYS HI DATE LOW DATE >=90 <=32 <=32 <=0 ------------------------------------------------------------------------------------ 10 1 40.5 24.8 32.6 -2.6 1003 0 61.5 19 8.3 6 0 11 23 0 10 2 42.1 26.8 34.5 -4.7 854 0 66.6 21 18.3 1 0 1 21 0 10 3 58.3 37.8 48.1 -0.0 525 0 78.1 31 24.4 6 0 0 7 0 10 4 75.8 48.9 62.3 5.5 134 54 86.3 5 34.7 10 0 0 0 0 10 5 80.2 60.1 70.1 4.4 35 193 91.8 23 43.5 10 1 0 0 0 10 6 90.2 69.5 79.9 5.6 0 416 97.5 22 57.6 7 16 0 0 0 10 7 92.3 70.6 81.5 3.2 0 511 98.0 7 57.3 2 22 0 0 0 10 8 92.5 69.4 81.0 4.3 0 495 102.8 4 57.2 27 20 0 0 0 10 9 85.1 59.0 72.0 2.2 16 227 95.6 21 46.1 29 12 0 0 0 10 10 74.3 45.1 59.7 1.7 184 20 86.1 11 29.7 30 0 0 1 0 10 11 61.6 37.9 49.7 1.6 460 1 74.7 12 24.4 6 0 0 6 0 10 12 41.4 26.0 33.7 -5.4 969 0 67.8 31 7.9 14 0 6 24 0 ------------------------------------------------------------------------------------ 69.6 48.0 58.8 1.3 4180 1918 102.8 AUG 7.9 DEC 71 18 82 0 PRECIPITATION (in) DEP. MAX DAYS OF RAIN FROM OBS. OVER YR MO TOTAL NORM DAY DATE .01 .1 1 --------------------------------------------- 10 1 4.95 0.39 1.42 17 9 7 1 10 2 2.93 -1.24 1.24 5 9 6 1 10 3 2.84 -2.74 0.81 21 10 6 0 10 4 2.67 -1.71 2.11 24 5 3 1 10 5 11.00 5.76 5.29 1 10 4 2 10 6 2.07 -2.51 0.75 2 4 4 0 10 7 3.49 -1.22 0.88 13 9 7 0 10 8 9.24 5.22 4.65 18 10 6 2 10 9 1.01 -2.99 0.80 10 5 1 0 10 10 2.14 -1.26 0.83 25 6 4 0 10 11 4.85 0.23 1.55 30 9 6 2 10 12 1.97 -3.24 1.18 11 9 3 1 --------------------------------------------- 49.16 -5.31 5.29 MAY 95 57 10 WIND SPEED (mph) DOM YR MO AVG. HI DATE DIR --------------------------------- 10 1 2.0 40.0 24 NNW 10 2 1.9 36.0 21 W 10 3 2.1 31.0 25 NNW 10 4 1.4 37.0 3 WSW 10 5 0.8 30.0 8 WSW 10 6 0.7 44.0 9 WSW 10 7 0.6 24.0 21 WSW 10 8 0.5 33.0 5 N 10 9 0.7 22.0 24 N 10 10 0.8 31.0 26 N 10 11 1.4 32.0 16 SSW 10 12 1.9 31.0 22 N --------------------------------- 1.2 44.0 JUN N