Warning: file(http://www.wunderground.com/climate/extremes.asp): failed to open stream: HTTP request failed! HTTP/1.0 500 Internal Server Error in /homepages/6/d330860172/htdocs/usaextremes.php on line 55

Warning: implode(): Invalid arguments passed in /homepages/6/d330860172/htdocs/usaextremes.php on line 55

NOAA Style Climate Reports for Lebanon, TN

NOAA style reports

NOAA-style Climate Reports

2018: Jan | Feb | Mar | Apr | May | Jun | Jul | Aug | Sep | Oct | Nov | Dec 
2017: Jan | Feb | Mar | Apr | May | Jun | Jul | Aug | Sep | Oct | Nov | Dec 
2016: Jan | Feb | Mar | Apr | May | Jun | Jul | Aug | Sep | Oct | Nov | Dec 
2015: Jan | Feb | Mar | Apr | May | Jun | Jul | Aug | Sep | Oct | Nov | Dec 
2014: Jan | Feb | Mar | Apr | May | Jun | Jul | Aug | Sep | Oct | Nov | Dec 
2013: Jan | Feb | Mar | Apr | May | Jun | Jul | Aug | Sep | Oct | Nov | Dec 
2012: Jan | Feb | Mar | Apr | May | Jun | Jul | Aug | Sep | Oct | Nov | Dec 
2011: Jan | Feb | Mar | Apr | May | Jun | Jul | Aug | Sep | Oct | Nov | Dec 
2010: Jan | Feb | Mar | Apr | May | Jun | Jul | Aug | Sep | Oct | Nov | Dec 
2009: Jan | Feb | Mar | Apr | May | Jun | Jul | Aug | Sep | Oct | Nov | Dec 
2008: Jan | Feb | Mar | Apr | May | Jun | Jul | Aug | Sep | Oct | Nov | Dec 
2007: Jan | Feb | Mar | Apr | May | Jun | Jul | Aug | Sep | Oct | Nov | Dec 
2006: Jan | Feb | Mar | Apr | May | Jun | Jul | Aug | Sep | Oct | Nov | Dec 
2005: Jan | Feb | Mar | Apr | May | Jun | Jul | Aug | Sep | Oct | Nov | Dec 
2004: Jan | Feb | Mar | Apr | May | Jun | Jul | Aug | Sep | Oct | Nov | Dec 
2003: Jan | Feb | Mar | Apr | May | Jun | Jul | Aug | Sep | Oct | Nov | Dec 
2002: Jan | Feb | Mar | Apr | May | Jun | Jul | Aug | Sep | Oct | Nov | Dec 
2001: Jan | Feb | Mar | Apr | May | Jun | Jul | Aug | Sep | Oct | Nov | Dec 
2000: Jan | Feb | Mar | Apr | May | Jun | Jul | Aug | Sep | Oct | Nov | Dec 
1999: Jan | Feb | Mar | Apr | May | Jun | Jul | Aug | Sep | Oct | Nov | Dec 
1998: Jan | Feb | Mar | Apr | May | Jun | Jul | Aug | Sep | Oct | Nov | Dec 
1997: Jan | Feb | Mar | Apr | May | Jun | Jul | Aug | Sep | Oct | Nov | Dec 
1996: Jan | Feb | Mar | Apr | May | Jun | Jul | Aug | Sep | Oct | Nov | Dec 
1995: Jan | Feb | Mar | Apr | May | Jun | Jul | Aug | Sep | Oct | Nov | Dec 

Report for 2010 01
MONTHLY CLIMATOLOGICAL SUMMARY for JAN. 2010 NAME: HornSpri CITY: Lebanon STATE: TN ELEV: 612 ft LAT: 36 14' 05" N LONG: 86 22' 55" W TEMPERATURE (F), RAIN (in), WIND SPEED (mph) HEAT COOL AVG MEAN DEG DEG WIND DOM DAY TEMP HIGH TIME LOW TIME DAYS DAYS RAIN SPEED HIGH TIME DIR ------------------------------------------------------------------------------------ 1 29.9 37.9 0:01 21.9 23:32 35.1 0.0 0.00 3.3 17.0 1:32 NNW 2 21.1 25.8 14:05 16.4 5:59 43.9 0.0 0.00 2.6 24.0 2:57 N 3 20.1 25.0 13:54 15.2 5:16 44.9 0.0 0.00 1.5 14.0 14:49 N 4 21.2 27.0 13:49 15.4 4:30 43.8 0.0 0.00 2.3 18.0 13:03 NNW 5 19.3 26.9 15:03 11.7 5:54 45.7 0.0 0.00 1.4 13.0 12:09 NW 6 19.6 31.0 14:52 8.3 6:39 45.3 0.0 0.00 0.4 11.0 11:57 WNW 7 23.2 32.1 5:02 14.3 23:58 41.8 0.0 0.03 2.7 22.0 18:34 WNW 8 15.4 17.8 13:53 13.1 8:02 49.5 0.0 0.00 2.4 18.0 7:58 NNW 9 18.5 22.7 14:59 14.3 23:46 46.5 0.0 0.00 1.7 14.0 20:04 NNW 10 19.1 27.8 16:21 10.5 7:10 45.8 0.0 0.00 0.4 10.0 13:33 NNW 11 28.3 38.6 18:41 18.0 1:13 36.7 0.0 0.00 2.7 17.0 20:37 SW 12 25.4 30.9 16:34 19.9 4:16 39.6 0.0 0.00 1.9 20.0 3:09 N 13 29.3 41.9 15:08 16.7 3:56 35.7 0.0 0.00 0.1 5.0 12:28 E 14 35.3 50.7 13:53 20.0 7:07 29.7 0.0 0.00 0.3 13.0 10:35 WSW 15 42.1 56.9 14:24 27.3 7:14 22.9 0.0 0.00 0.1 6.0 9:19 NNE 16 42.0 53.5 13:50 30.6 3:39 23.0 0.0 0.53 0.9 10.0 9:11 E 17 44.4 52.6 15:18 36.2 23:58 20.6 0.0 1.42 2.2 21.0 14:43 N 18 41.8 54.5 15:00 29.0 3:41 23.3 0.0 0.00 0.2 10.0 11:12 SW 19 49.8 61.5 13:28 38.0 2:41 15.3 0.0 0.00 1.1 17.0 13:52 SW 20 52.3 54.2 12:25 50.5 23:17 12.7 0.0 0.55 1.4 18.0 10:18 SW 21 54.3 61.3 13:09 47.3 22:52 10.7 0.0 0.71 1.4 27.0 17:52 ESE 22 47.2 50.2 2:51 44.1 22:06 17.8 0.0 0.00 1.0 14.0 8:23 NNW 23 50.3 57.2 13:27 43.3 7:12 14.8 0.0 0.01 4.2 36.0 23:46 SSE 24 51.0 55.6 13:51 46.4 23:56 14.0 0.0 0.78 4.3 40.0 0:17 WSW 25 39.3 46.4 0:01 32.2 22:46 25.7 0.0 0.06 6.8 33.0 12:55 WSW 26 28.7 34.4 10:26 23.0 00:00 36.3 0.0 0.01 4.1 20.0 7:35 WSW 27 31.3 42.3 22:51 20.2 4:13 33.8 0.0 0.00 0.2 8.0 15:20 SSE 28 36.8 44.1 4:46 29.4 23:30 28.3 0.0 0.00 2.7 19.0 8:16 N 29 27.4 30.4 1:57 24.4 13:10 37.6 0.0 0.50 3.3 17.0 17:52 NE 30 23.4 28.1 19:43 18.6 23:20 41.7 0.0 0.35 2.9 20.0 13:58 N 31 24.4 37.2 16:13 11.6 7:05 40.6 0.0 0.00 0.0 3.0 16:21 NNE ------------------------------------------------------------------------------------- 32.6 61.5 19 8.3 6 1002.9 0.0 4.95 2.0 40.0 24 NNW Max >= 90.0: 0 Max <= 32.0: 11 Min <= 32.0: 23 Min <= 0.0: 0 Max Rain: 1.42 ON 01/17/10 Days of Rain: 9 (>.01 in) 7 (>.1 in) 1 (>1 in) Heat Base: 65.0 Cool Base: 65.0 Method: (High + Low) / 2