Warning: file(http://www.wunderground.com/climate/extremes.asp): failed to open stream: HTTP request failed! HTTP/1.0 500 Internal Server Error in /homepages/6/d330860172/htdocs/usaextremes.php on line 55

Warning: implode(): Invalid arguments passed in /homepages/6/d330860172/htdocs/usaextremes.php on line 55

NOAA Style Climate Reports for Lebanon, TN

NOAA style reports

NOAA-style Climate Reports

2018: Jan | Feb | Mar | Apr | May | Jun | Jul | Aug | Sep | Oct | Nov | Dec 
2017: Jan | Feb | Mar | Apr | May | Jun | Jul | Aug | Sep | Oct | Nov | Dec 
2016: Jan | Feb | Mar | Apr | May | Jun | Jul | Aug | Sep | Oct | Nov | Dec 
2015: Jan | Feb | Mar | Apr | May | Jun | Jul | Aug | Sep | Oct | Nov | Dec 
2014: Jan | Feb | Mar | Apr | May | Jun | Jul | Aug | Sep | Oct | Nov | Dec 
2013: Jan | Feb | Mar | Apr | May | Jun | Jul | Aug | Sep | Oct | Nov | Dec 
2012: Jan | Feb | Mar | Apr | May | Jun | Jul | Aug | Sep | Oct | Nov | Dec 
2011: Jan | Feb | Mar | Apr | May | Jun | Jul | Aug | Sep | Oct | Nov | Dec 
2010: Jan | Feb | Mar | Apr | May | Jun | Jul | Aug | Sep | Oct | Nov | Dec 
2009: Jan | Feb | Mar | Apr | May | Jun | Jul | Aug | Sep | Oct | Nov | Dec 
2008: Jan | Feb | Mar | Apr | May | Jun | Jul | Aug | Sep | Oct | Nov | Dec 
2007: Jan | Feb | Mar | Apr | May | Jun | Jul | Aug | Sep | Oct | Nov | Dec 
2006: Jan | Feb | Mar | Apr | May | Jun | Jul | Aug | Sep | Oct | Nov | Dec 
2005: Jan | Feb | Mar | Apr | May | Jun | Jul | Aug | Sep | Oct | Nov | Dec 
2004: Jan | Feb | Mar | Apr | May | Jun | Jul | Aug | Sep | Oct | Nov | Dec 
2003: Jan | Feb | Mar | Apr | May | Jun | Jul | Aug | Sep | Oct | Nov | Dec 
2002: Jan | Feb | Mar | Apr | May | Jun | Jul | Aug | Sep | Oct | Nov | Dec 
2001: Jan | Feb | Mar | Apr | May | Jun | Jul | Aug | Sep | Oct | Nov | Dec 
2000: Jan | Feb | Mar | Apr | May | Jun | Jul | Aug | Sep | Oct | Nov | Dec 
1999: Jan | Feb | Mar | Apr | May | Jun | Jul | Aug | Sep | Oct | Nov | Dec 
1998: Jan | Feb | Mar | Apr | May | Jun | Jul | Aug | Sep | Oct | Nov | Dec 
1997: Jan | Feb | Mar | Apr | May | Jun | Jul | Aug | Sep | Oct | Nov | Dec 
1996: Jan | Feb | Mar | Apr | May | Jun | Jul | Aug | Sep | Oct | Nov | Dec 
1995: Jan | Feb | Mar | Apr | May | Jun | Jul | Aug | Sep | Oct | Nov | Dec 

Report for 2010 02
MONTHLY CLIMATOLOGICAL SUMMARY for FEB. 2010 NAME: HornSpri CITY: Lebanon STATE: TN ELEV: 612 ft LAT: 36 14' 05" N LONG: 86 22' 55" W TEMPERATURE (F), RAIN (in), WIND SPEED (mph) HEAT COOL AVG MEAN DEG DEG WIND DOM DAY TEMP HIGH TIME LOW TIME DAYS DAYS RAIN SPEED HIGH TIME DIR ------------------------------------------------------------------------------------ 1 31.8 45.2 13:22 18.3 6:28 33.3 0.0 0.00 0.2 10.0 11:32 E 2 39.8 45.8 15:16 33.7 2:48 25.3 0.0 0.11 0.4 12.0 22:23 NW 3 38.7 44.6 15:31 32.8 22:34 26.3 0.0 0.00 0.6 16.0 1:22 NNW 4 37.9 42.9 13:57 32.9 7:30 27.1 0.0 0.19 1.2 12.0 9:24 E 5 42.8 46.2 14:27 39.3 23:54 22.3 0.0 1.24 2.6 19.0 21:35 WSW 6 34.4 39.3 0:01 29.5 23:50 30.6 0.0 0.04 6.1 25.0 2:31 N 7 29.3 33.1 15:42 25.4 23:16 35.8 0.0 0.00 0.4 10.0 1:59 N 8 31.0 39.2 18:46 22.9 3:47 34.0 0.0 0.27 0.4 10.0 10:12 E 9 29.3 36.8 0:28 21.9 23:56 35.7 0.0 0.47 5.6 30.0 18:06 W 10 26.5 32.5 16:32 20.5 0:49 38.5 0.0 0.00 5.3 24.0 14:40 W 11 27.8 35.6 14:36 20.0 3:01 37.2 0.0 0.00 0.5 12.0 12:37 NW 12 30.4 35.5 18:19 25.3 2:04 34.6 0.0 0.00 0.8 16.0 15:42 N 13 33.5 37.9 18:40 29.0 7:26 31.5 0.0 0.00 1.2 14.0 13:04 NNW 14 33.7 38.6 22:12 28.7 0:44 31.3 0.0 0.06 0.5 12.0 23:06 SSW 15 29.6 37.8 0:01 21.4 6:09 35.4 0.0 0.10 5.6 25.0 2:20 W 16 25.3 29.5 14:17 21.1 3:32 39.7 0.0 0.00 3.5 16.0 12:07 W 17 31.5 38.8 20:38 24.2 6:42 33.5 0.0 0.00 1.9 16.0 9:59 WSW 18 35.9 47.3 16:28 24.5 6:21 29.1 0.0 0.00 0.7 12.0 8:40 WNW 19 37.6 51.1 15:45 24.1 7:05 27.4 0.0 0.00 0.2 11.0 13:38 NW 20 44.7 61.3 16:30 28.1 6:24 20.3 0.0 0.00 0.3 13.0 13:04 WSW 21 51.0 66.6 14:37 35.5 6:32 14.0 0.0 0.44 2.0 36.0 21:13 SSE 22 44.0 51.0 10:57 37.0 23:55 21.0 0.0 0.00 2.7 19.0 15:24 NNW 23 35.2 37.0 0:01 33.4 23:48 29.8 0.0 0.01 1.8 13.0 1:06 NNW 24 29.6 35.6 10:31 23.6 6:42 35.4 0.0 0.00 2.2 21.0 16:50 NNW 25 29.5 37.2 16:27 21.8 6:00 35.5 0.0 0.00 1.7 17.0 13:37 WNW 26 32.5 43.1 15:38 21.9 6:32 32.5 0.0 0.00 1.9 21.0 15:06 WNW 27 34.5 46.1 15:19 23.0 6:33 30.5 0.0 0.00 2.5 24.0 13:52 NNW 28 37.9 44.3 17:52 31.5 22:35 27.1 0.0 0.00 1.6 17.0 7:32 NNW ------------------------------------------------------------------------------------- 34.5 66.6 21 18.3 1 854.4 0.0 2.93 1.9 36.0 21 W Max >= 90.0: 0 Max <= 32.0: 1 Min <= 32.0: 21 Min <= 0.0: 0 Max Rain: 1.24 ON 02/05/10 Days of Rain: 9 (>.01 in) 6 (>.1 in) 1 (>1 in) Heat Base: 65.0 Cool Base: 65.0 Method: (High + Low) / 2