Warning: file(http://www.wunderground.com/climate/extremes.asp): failed to open stream: HTTP request failed! HTTP/1.0 500 Internal Server Error in /homepages/6/d330860172/htdocs/usaextremes.php on line 55

Warning: implode(): Invalid arguments passed in /homepages/6/d330860172/htdocs/usaextremes.php on line 55

NOAA Style Climate Reports for Lebanon, TN

NOAA style reports

NOAA-style Climate Reports

2018: Jan | Feb | Mar | Apr | May | Jun | Jul | Aug | Sep | Oct | Nov | Dec 
2017: Jan | Feb | Mar | Apr | May | Jun | Jul | Aug | Sep | Oct | Nov | Dec 
2016: Jan | Feb | Mar | Apr | May | Jun | Jul | Aug | Sep | Oct | Nov | Dec 
2015: Jan | Feb | Mar | Apr | May | Jun | Jul | Aug | Sep | Oct | Nov | Dec 
2014: Jan | Feb | Mar | Apr | May | Jun | Jul | Aug | Sep | Oct | Nov | Dec 
2013: Jan | Feb | Mar | Apr | May | Jun | Jul | Aug | Sep | Oct | Nov | Dec 
2012: Jan | Feb | Mar | Apr | May | Jun | Jul | Aug | Sep | Oct | Nov | Dec 
2011: Jan | Feb | Mar | Apr | May | Jun | Jul | Aug | Sep | Oct | Nov | Dec 
2010: Jan | Feb | Mar | Apr | May | Jun | Jul | Aug | Sep | Oct | Nov | Dec 
2009: Jan | Feb | Mar | Apr | May | Jun | Jul | Aug | Sep | Oct | Nov | Dec 
2008: Jan | Feb | Mar | Apr | May | Jun | Jul | Aug | Sep | Oct | Nov | Dec 
2007: Jan | Feb | Mar | Apr | May | Jun | Jul | Aug | Sep | Oct | Nov | Dec 
2006: Jan | Feb | Mar | Apr | May | Jun | Jul | Aug | Sep | Oct | Nov | Dec 
2005: Jan | Feb | Mar | Apr | May | Jun | Jul | Aug | Sep | Oct | Nov | Dec 
2004: Jan | Feb | Mar | Apr | May | Jun | Jul | Aug | Sep | Oct | Nov | Dec 
2003: Jan | Feb | Mar | Apr | May | Jun | Jul | Aug | Sep | Oct | Nov | Dec 
2002: Jan | Feb | Mar | Apr | May | Jun | Jul | Aug | Sep | Oct | Nov | Dec 
2001: Jan | Feb | Mar | Apr | May | Jun | Jul | Aug | Sep | Oct | Nov | Dec 
2000: Jan | Feb | Mar | Apr | May | Jun | Jul | Aug | Sep | Oct | Nov | Dec 
1999: Jan | Feb | Mar | Apr | May | Jun | Jul | Aug | Sep | Oct | Nov | Dec 
1998: Jan | Feb | Mar | Apr | May | Jun | Jul | Aug | Sep | Oct | Nov | Dec 
1997: Jan | Feb | Mar | Apr | May | Jun | Jul | Aug | Sep | Oct | Nov | Dec 
1996: Jan | Feb | Mar | Apr | May | Jun | Jul | Aug | Sep | Oct | Nov | Dec 
1995: Jan | Feb | Mar | Apr | May | Jun | Jul | Aug | Sep | Oct | Nov | Dec 

Report for 2010 03
MONTHLY CLIMATOLOGICAL SUMMARY for MAR. 2010 NAME: HornSpri CITY: Lebanon STATE: TN ELEV: 612 ft LAT: 36 14' 05" N LONG: 86 22' 55" W TEMPERATURE (F), RAIN (in), WIND SPEED (mph) HEAT COOL AVG MEAN DEG DEG WIND DOM DAY TEMP HIGH TIME LOW TIME DAYS DAYS RAIN SPEED HIGH TIME DIR ------------------------------------------------------------------------------------ 1 37.3 44.1 14:02 30.6 1:18 27.7 0.0 0.00 1.9 18.0 14:33 NE 2 38.8 43.6 16:12 34.0 23:57 26.2 0.0 0.02 4.2 26.0 18:16 N 3 34.6 37.9 14:58 31.3 2:21 30.4 0.0 0.00 1.8 16.0 13:18 NNW 4 39.8 49.2 14:30 30.3 23:42 25.3 0.0 0.00 2.2 20.0 12:29 NNW 5 37.8 51.0 15:59 24.7 5:40 27.2 0.0 0.00 1.5 18.0 14:12 NE 6 39.9 55.4 15:38 24.4 6:08 25.1 0.0 0.00 0.9 14.0 14:37 NE 7 45.1 62.3 16:21 27.9 4:49 19.9 0.0 0.00 0.3 12.0 15:40 SW 8 55.5 70.6 15:32 40.5 6:39 9.5 0.0 0.00 0.6 14.0 13:39 SW 9 52.4 64.2 12:10 40.6 3:01 12.6 0.0 0.06 1.7 20.0 13:58 S 10 59.0 66.9 13:44 51.1 23:55 6.0 0.0 0.01 2.7 17.0 14:07 SSW 11 58.8 66.4 15:49 51.1 0:01 6.3 0.0 0.24 2.6 22.0 9:47 SSE 12 48.2 57.2 15:34 39.1 00:00 16.8 0.0 0.45 1.5 24.0 8:46 W 13 42.9 48.8 11:55 37.0 2:23 22.1 0.0 0.15 3.2 18.0 10:44 W 14 45.0 47.6 13:56 42.5 7:00 20.0 0.0 0.04 3.8 18.0 13:47 WSW 15 45.7 48.5 15:45 42.8 6:17 19.3 0.0 0.00 2.2 16.0 9:39 N 16 47.8 51.9 13:17 43.6 4:53 17.3 0.0 0.00 1.0 12.0 5:18 NNW 17 48.3 52.6 13:25 44.1 6:13 16.7 0.0 0.00 0.1 10.0 12:56 ENE 18 52.3 66.4 15:47 38.2 3:44 12.7 0.0 0.00 1.0 19.0 15:52 NNW 19 51.2 69.1 16:56 33.2 6:48 13.8 0.0 0.00 0.4 14.0 14:03 WSW 20 54.5 70.1 16:09 38.9 7:02 10.5 0.0 0.00 0.5 19.0 14:44 SW 21 46.7 54.5 8:24 38.9 00:00 18.3 0.0 0.81 3.0 27.0 21:55 E 22 39.7 43.8 17:32 35.5 6:31 25.3 0.0 0.00 1.1 11.0 0:16 WSW 23 54.6 67.3 17:17 41.9 0:01 10.4 0.0 0.00 1.5 14.0 13:50 W 24 55.2 71.8 14:49 38.5 5:49 9.8 0.0 0.00 0.6 16.0 14:51 SW 25 52.6 59.0 2:48 46.2 00:00 12.4 0.0 0.54 4.5 31.0 18:32 S 26 45.2 55.1 16:40 35.3 23:56 19.8 0.0 0.02 4.6 26.0 3:41 N 27 49.3 68.4 16:51 30.3 4:16 15.7 0.0 0.00 4.1 25.0 18:31 S 28 53.3 59.8 0:01 46.7 23:17 11.8 0.0 0.50 6.7 29.0 12:07 WSW 29 49.6 60.4 16:04 38.8 6:56 15.4 0.0 0.00 4.0 25.0 16:05 NNW 30 50.3 65.8 16:30 34.7 6:47 14.8 0.0 0.00 0.4 12.0 12:13 WNW 31 58.7 78.1 16:32 39.2 5:56 6.3 0.0 0.00 0.9 16.0 16:27 SW ------------------------------------------------------------------------------------- 48.1 78.1 31 24.4 6 525.1 0.0 2.84 2.1 31.0 25 NNW Max >= 90.0: 0 Max <= 32.0: 0 Min <= 32.0: 7 Min <= 0.0: 0 Max Rain: 0.81 ON 03/21/10 Days of Rain: 10 (>.01 in) 6 (>.1 in) 0 (>1 in) Heat Base: 65.0 Cool Base: 65.0 Method: (High + Low) / 2