Warning: file(http://www.wunderground.com/climate/extremes.asp): failed to open stream: HTTP request failed! HTTP/1.0 500 Internal Server Error in /homepages/6/d330860172/htdocs/usaextremes.php on line 55

Warning: implode(): Invalid arguments passed in /homepages/6/d330860172/htdocs/usaextremes.php on line 55

NOAA Style Climate Reports for Lebanon, TN

NOAA style reports

NOAA-style Climate Reports

2018: Jan | Feb | Mar | Apr | May | Jun | Jul | Aug | Sep | Oct | Nov | Dec 
2017: Jan | Feb | Mar | Apr | May | Jun | Jul | Aug | Sep | Oct | Nov | Dec 
2016: Jan | Feb | Mar | Apr | May | Jun | Jul | Aug | Sep | Oct | Nov | Dec 
2015: Jan | Feb | Mar | Apr | May | Jun | Jul | Aug | Sep | Oct | Nov | Dec 
2014: Jan | Feb | Mar | Apr | May | Jun | Jul | Aug | Sep | Oct | Nov | Dec 
2013: Jan | Feb | Mar | Apr | May | Jun | Jul | Aug | Sep | Oct | Nov | Dec 
2012: Jan | Feb | Mar | Apr | May | Jun | Jul | Aug | Sep | Oct | Nov | Dec 
2011: Jan | Feb | Mar | Apr | May | Jun | Jul | Aug | Sep | Oct | Nov | Dec 
2010: Jan | Feb | Mar | Apr | May | Jun | Jul | Aug | Sep | Oct | Nov | Dec 
2009: Jan | Feb | Mar | Apr | May | Jun | Jul | Aug | Sep | Oct | Nov | Dec 
2008: Jan | Feb | Mar | Apr | May | Jun | Jul | Aug | Sep | Oct | Nov | Dec 
2007: Jan | Feb | Mar | Apr | May | Jun | Jul | Aug | Sep | Oct | Nov | Dec 
2006: Jan | Feb | Mar | Apr | May | Jun | Jul | Aug | Sep | Oct | Nov | Dec 
2005: Jan | Feb | Mar | Apr | May | Jun | Jul | Aug | Sep | Oct | Nov | Dec 
2004: Jan | Feb | Mar | Apr | May | Jun | Jul | Aug | Sep | Oct | Nov | Dec 
2003: Jan | Feb | Mar | Apr | May | Jun | Jul | Aug | Sep | Oct | Nov | Dec 
2002: Jan | Feb | Mar | Apr | May | Jun | Jul | Aug | Sep | Oct | Nov | Dec 
2001: Jan | Feb | Mar | Apr | May | Jun | Jul | Aug | Sep | Oct | Nov | Dec 
2000: Jan | Feb | Mar | Apr | May | Jun | Jul | Aug | Sep | Oct | Nov | Dec 
1999: Jan | Feb | Mar | Apr | May | Jun | Jul | Aug | Sep | Oct | Nov | Dec 
1998: Jan | Feb | Mar | Apr | May | Jun | Jul | Aug | Sep | Oct | Nov | Dec 
1997: Jan | Feb | Mar | Apr | May | Jun | Jul | Aug | Sep | Oct | Nov | Dec 
1996: Jan | Feb | Mar | Apr | May | Jun | Jul | Aug | Sep | Oct | Nov | Dec 
1995: Jan | Feb | Mar | Apr | May | Jun | Jul | Aug | Sep | Oct | Nov | Dec 

Report for 2010 04
MONTHLY CLIMATOLOGICAL SUMMARY for APR. 2010 NAME: HornSpri CITY: Lebanon STATE: TN ELEV: 612 ft LAT: 36 14' 05" N LONG: 86 22' 55" W TEMPERATURE (F), RAIN (in), WIND SPEED (mph) HEAT COOL AVG MEAN DEG DEG WIND DOM DAY TEMP HIGH TIME LOW TIME DAYS DAYS RAIN SPEED HIGH TIME DIR ------------------------------------------------------------------------------------ 1 67.8 82.6 16:52 52.9 6:29 0.0 2.8 0.00 1.1 13.0 9:55 SW 2 69.4 83.2 14:31 55.6 6:28 0.0 4.4 0.00 1.1 16.0 14:04 SW 3 62.9 75.1 16:49 50.7 00:00 2.1 0.0 0.11 2.2 37.0 8:33 WSW 4 61.8 80.1 16:47 43.5 6:42 3.2 0.0 0.00 0.4 14.0 17:02 SSW 5 75.3 86.3 16:21 64.2 5:19 0.0 10.3 0.00 1.5 15.0 14:00 WSW 6 73.8 85.3 15:29 62.3 6:31 0.0 8.8 0.00 2.7 25.0 14:37 SW 7 70.4 76.3 17:17 64.5 6:40 0.0 5.4 0.00 2.8 25.0 11:10 SW 8 56.3 69.8 0:01 42.8 23:15 8.7 0.0 0.27 3.1 33.0 0:55 N 9 51.1 65.6 16:16 36.6 5:28 13.9 0.0 0.00 1.6 18.0 13:00 W 10 54.6 74.4 16:55 34.7 6:41 10.4 0.0 0.00 0.3 11.0 10:14 ESE 11 58.9 78.8 15:27 38.9 6:15 6.1 0.0 0.00 0.1 12.0 15:41 WNW 12 62.0 81.4 15:53 42.6 6:15 3.0 0.0 0.00 0.3 11.0 12:09 ESE 13 65.3 85.1 14:57 45.5 6:28 0.0 0.3 0.00 0.2 10.0 11:15 W 14 67.1 86.3 15:51 47.9 6:48 0.0 2.1 0.00 0.2 13.0 13:59 ESE 15 69.4 85.9 15:32 52.9 4:56 0.0 4.4 0.00 0.5 14.0 11:48 WSW 16 68.5 83.4 15:48 53.6 6:41 0.0 3.5 0.00 2.0 22.0 13:20 W 17 61.1 69.9 16:16 52.2 23:59 3.9 0.0 0.00 2.0 19.0 14:34 N 18 52.0 68.3 16:09 35.6 6:35 13.0 0.0 0.00 1.2 18.0 13:47 N 19 54.0 67.3 14:08 40.6 3:41 11.0 0.0 0.00 0.4 12.0 16:35 NNE 20 57.4 68.3 13:05 46.4 23:57 7.6 0.0 0.00 0.3 16.0 12:21 N 21 57.3 73.0 16:47 41.6 5:42 7.7 0.0 0.00 0.5 18.0 14:33 N 22 60.0 75.4 15:42 44.5 3:40 5.0 0.0 0.08 0.6 19.0 15:10 WSW 23 68.8 83.4 14:27 54.1 6:11 0.0 3.8 0.00 0.5 17.0 12:35 WSW 24 66.4 71.3 0:01 61.5 15:21 0.0 1.4 2.11 1.8 21.0 0:48 WSW 25 65.3 73.9 13:33 56.6 23:49 0.0 0.3 0.00 5.4 31.0 13:50 WSW 26 56.4 59.6 15:59 53.3 8:27 8.6 0.0 0.00 3.8 20.0 7:36 W 27 50.8 57.2 12:49 44.3 23:51 14.3 0.0 0.10 3.3 29.0 14:18 W 28 54.7 68.8 16:53 40.6 4:58 10.3 0.0 0.00 0.4 18.0 16:38 WSW 29 60.2 75.8 15:36 44.5 6:03 4.8 0.0 0.00 0.4 19.0 13:43 S 30 72.0 82.0 15:40 62.0 5:45 0.0 7.0 0.00 0.6 22.0 10:59 SW ------------------------------------------------------------------------------------- 62.3 86.3 5 34.7 10 133.9 54.3 2.67 1.4 37.0 3 WSW Max >= 90.0: 0 Max <= 32.0: 0 Min <= 32.0: 0 Min <= 0.0: 0 Max Rain: 2.11 ON 04/24/10 Days of Rain: 5 (>.01 in) 3 (>.1 in) 1 (>1 in) Heat Base: 65.0 Cool Base: 65.0 Method: (High + Low) / 2