Warning: file(http://www.wunderground.com/climate/extremes.asp): failed to open stream: HTTP request failed! HTTP/1.0 500 Internal Server Error in /homepages/6/d330860172/htdocs/usaextremes.php on line 55

Warning: implode(): Invalid arguments passed in /homepages/6/d330860172/htdocs/usaextremes.php on line 55

NOAA Style Climate Reports for Lebanon, TN

NOAA style reports

NOAA-style Climate Reports

2018: Jan | Feb | Mar | Apr | May | Jun | Jul | Aug | Sep | Oct | Nov | Dec 
2017: Jan | Feb | Mar | Apr | May | Jun | Jul | Aug | Sep | Oct | Nov | Dec 
2016: Jan | Feb | Mar | Apr | May | Jun | Jul | Aug | Sep | Oct | Nov | Dec 
2015: Jan | Feb | Mar | Apr | May | Jun | Jul | Aug | Sep | Oct | Nov | Dec 
2014: Jan | Feb | Mar | Apr | May | Jun | Jul | Aug | Sep | Oct | Nov | Dec 
2013: Jan | Feb | Mar | Apr | May | Jun | Jul | Aug | Sep | Oct | Nov | Dec 
2012: Jan | Feb | Mar | Apr | May | Jun | Jul | Aug | Sep | Oct | Nov | Dec 
2011: Jan | Feb | Mar | Apr | May | Jun | Jul | Aug | Sep | Oct | Nov | Dec 
2010: Jan | Feb | Mar | Apr | May | Jun | Jul | Aug | Sep | Oct | Nov | Dec 
2009: Jan | Feb | Mar | Apr | May | Jun | Jul | Aug | Sep | Oct | Nov | Dec 
2008: Jan | Feb | Mar | Apr | May | Jun | Jul | Aug | Sep | Oct | Nov | Dec 
2007: Jan | Feb | Mar | Apr | May | Jun | Jul | Aug | Sep | Oct | Nov | Dec 
2006: Jan | Feb | Mar | Apr | May | Jun | Jul | Aug | Sep | Oct | Nov | Dec 
2005: Jan | Feb | Mar | Apr | May | Jun | Jul | Aug | Sep | Oct | Nov | Dec 
2004: Jan | Feb | Mar | Apr | May | Jun | Jul | Aug | Sep | Oct | Nov | Dec 
2003: Jan | Feb | Mar | Apr | May | Jun | Jul | Aug | Sep | Oct | Nov | Dec 
2002: Jan | Feb | Mar | Apr | May | Jun | Jul | Aug | Sep | Oct | Nov | Dec 
2001: Jan | Feb | Mar | Apr | May | Jun | Jul | Aug | Sep | Oct | Nov | Dec 
2000: Jan | Feb | Mar | Apr | May | Jun | Jul | Aug | Sep | Oct | Nov | Dec 
1999: Jan | Feb | Mar | Apr | May | Jun | Jul | Aug | Sep | Oct | Nov | Dec 
1998: Jan | Feb | Mar | Apr | May | Jun | Jul | Aug | Sep | Oct | Nov | Dec 
1997: Jan | Feb | Mar | Apr | May | Jun | Jul | Aug | Sep | Oct | Nov | Dec 
1996: Jan | Feb | Mar | Apr | May | Jun | Jul | Aug | Sep | Oct | Nov | Dec 
1995: Jan | Feb | Mar | Apr | May | Jun | Jul | Aug | Sep | Oct | Nov | Dec 

Report for 2010 05
MONTHLY CLIMATOLOGICAL SUMMARY for MAY. 2010 NAME: HornSpri CITY: Lebanon STATE: TN ELEV: 612 ft LAT: 36 14' 05" N LONG: 86 22' 55" W TEMPERATURE (F), RAIN (in), WIND SPEED (mph) HEAT COOL AVG MEAN DEG DEG WIND DOM DAY TEMP HIGH TIME LOW TIME DAYS DAYS RAIN SPEED HIGH TIME DIR ------------------------------------------------------------------------------------ 1 67.2 72.3 1:21 62.1 15:56 0.0 2.2 5.29 3.0 22.0 13:58 ESE 2 69.3 74.2 6:32 64.5 0:01 0.0 4.3 4.09 1.0 27.0 7:59 WSW 3 69.3 81.6 15:55 56.9 23:58 0.0 4.3 0.01 0.3 12.0 15:20 W 4 68.4 84.3 16:35 52.5 5:09 0.0 3.4 0.00 0.4 16.0 3:13 ESE 5 70.8 86.1 14:29 55.6 6:14 0.0 5.8 0.00 0.4 18.0 14:36 WSW 6 73.3 85.1 16:23 61.5 6:17 0.0 8.3 0.00 0.4 18.0 4:15 NE 7 76.3 87.6 15:36 65.0 0:57 0.0 11.3 0.00 2.1 26.0 12:10 WSW 8 66.0 77.2 0:01 54.8 7:35 0.0 1.0 0.00 5.6 30.0 0:32 N 9 55.2 64.2 16:07 46.2 23:57 9.8 0.0 0.00 0.8 13.0 14:08 N 10 49.7 55.9 17:06 43.5 4:47 15.3 0.0 0.09 0.5 14.0 17:29 ESE 11 64.9 76.8 17:27 52.9 0:01 0.1 0.0 0.00 1.1 24.0 4:26 WSW 12 75.1 80.9 16:53 69.3 6:09 0.0 10.1 0.00 0.5 19.0 10:08 WSW 13 77.4 85.5 16:06 69.4 0:13 0.0 12.4 0.00 0.9 26.0 11:39 WSW 14 73.6 84.7 12:23 62.4 23:11 0.0 8.6 0.10 0.5 22.0 13:29 WSW 15 71.6 83.2 14:27 59.9 3:46 0.0 6.6 0.03 0.3 11.0 8:18 E 16 68.7 72.0 15:05 65.3 4:45 0.0 3.7 0.78 0.9 17.0 15:55 WSW 17 70.3 78.6 15:32 62.0 23:15 0.0 5.3 0.01 1.4 17.0 15:14 WSW 18 59.0 63.7 0:40 54.2 23:21 6.0 0.0 0.00 0.9 12.0 6:35 W 19 62.0 72.3 14:49 51.7 5:46 3.0 0.0 0.00 1.1 16.0 11:19 W 20 64.7 75.8 12:14 53.6 3:40 0.3 0.0 0.37 1.2 18.0 13:18 E 21 71.1 80.1 16:22 62.0 0:02 0.0 6.1 0.00 0.4 16.0 13:20 WSW 22 74.1 85.1 15:58 63.1 5:23 0.0 9.1 0.03 0.2 12.0 12:40 W 23 76.1 91.8 15:56 60.4 5:47 0.0 11.1 0.00 0.1 8.0 13:50 ENE 24 76.9 88.4 14:46 65.3 6:00 0.0 11.9 0.00 0.7 16.0 16:25 NE 25 75.8 85.5 16:38 66.0 23:53 0.0 10.8 0.00 0.1 11.0 11:20 SE 26 74.8 87.8 16:00 61.8 5:44 0.0 9.8 0.00 0.4 21.0 17:10 N 27 75.5 88.4 15:22 62.6 5:24 0.0 10.5 0.00 0.3 14.0 20:19 N 28 74.9 84.5 15:10 65.3 23:43 0.0 9.9 0.10 0.3 11.0 14:00 N 29 73.3 84.1 14:07 62.4 5:14 0.0 8.3 0.00 0.1 7.0 10:38 SE 30 73.8 83.6 14:50 63.9 5:40 0.0 8.8 0.09 0.1 8.0 15:05 SE 31 74.9 83.4 16:02 66.3 4:21 0.0 9.9 0.01 0.3 12.0 15:48 WSW ------------------------------------------------------------------------------------- 70.1 91.8 23 43.5 10 34.6 193.2 11.00 0.8 30.0 8 WSW Max >= 90.0: 1 Max <= 32.0: 0 Min <= 32.0: 0 Min <= 0.0: 0 Max Rain: 5.29 ON 05/01/10 Days of Rain: 10 (>.01 in) 4 (>.1 in) 2 (>1 in) Heat Base: 65.0 Cool Base: 65.0 Method: (High + Low) / 2