Warning: file(http://www.wunderground.com/climate/extremes.asp): failed to open stream: HTTP request failed! HTTP/1.0 500 Internal Server Error in /homepages/6/d330860172/htdocs/usaextremes.php on line 55

Warning: implode(): Invalid arguments passed in /homepages/6/d330860172/htdocs/usaextremes.php on line 55

NOAA Style Climate Reports for Lebanon, TN

NOAA style reports

NOAA-style Climate Reports

2018: Jan | Feb | Mar | Apr | May | Jun | Jul | Aug | Sep | Oct | Nov | Dec 
2017: Jan | Feb | Mar | Apr | May | Jun | Jul | Aug | Sep | Oct | Nov | Dec 
2016: Jan | Feb | Mar | Apr | May | Jun | Jul | Aug | Sep | Oct | Nov | Dec 
2015: Jan | Feb | Mar | Apr | May | Jun | Jul | Aug | Sep | Oct | Nov | Dec 
2014: Jan | Feb | Mar | Apr | May | Jun | Jul | Aug | Sep | Oct | Nov | Dec 
2013: Jan | Feb | Mar | Apr | May | Jun | Jul | Aug | Sep | Oct | Nov | Dec 
2012: Jan | Feb | Mar | Apr | May | Jun | Jul | Aug | Sep | Oct | Nov | Dec 
2011: Jan | Feb | Mar | Apr | May | Jun | Jul | Aug | Sep | Oct | Nov | Dec 
2010: Jan | Feb | Mar | Apr | May | Jun | Jul | Aug | Sep | Oct | Nov | Dec 
2009: Jan | Feb | Mar | Apr | May | Jun | Jul | Aug | Sep | Oct | Nov | Dec 
2008: Jan | Feb | Mar | Apr | May | Jun | Jul | Aug | Sep | Oct | Nov | Dec 
2007: Jan | Feb | Mar | Apr | May | Jun | Jul | Aug | Sep | Oct | Nov | Dec 
2006: Jan | Feb | Mar | Apr | May | Jun | Jul | Aug | Sep | Oct | Nov | Dec 
2005: Jan | Feb | Mar | Apr | May | Jun | Jul | Aug | Sep | Oct | Nov | Dec 
2004: Jan | Feb | Mar | Apr | May | Jun | Jul | Aug | Sep | Oct | Nov | Dec 
2003: Jan | Feb | Mar | Apr | May | Jun | Jul | Aug | Sep | Oct | Nov | Dec 
2002: Jan | Feb | Mar | Apr | May | Jun | Jul | Aug | Sep | Oct | Nov | Dec 
2001: Jan | Feb | Mar | Apr | May | Jun | Jul | Aug | Sep | Oct | Nov | Dec 
2000: Jan | Feb | Mar | Apr | May | Jun | Jul | Aug | Sep | Oct | Nov | Dec 
1999: Jan | Feb | Mar | Apr | May | Jun | Jul | Aug | Sep | Oct | Nov | Dec 
1998: Jan | Feb | Mar | Apr | May | Jun | Jul | Aug | Sep | Oct | Nov | Dec 
1997: Jan | Feb | Mar | Apr | May | Jun | Jul | Aug | Sep | Oct | Nov | Dec 
1996: Jan | Feb | Mar | Apr | May | Jun | Jul | Aug | Sep | Oct | Nov | Dec 
1995: Jan | Feb | Mar | Apr | May | Jun | Jul | Aug | Sep | Oct | Nov | Dec 

Report for 2010 06
MONTHLY CLIMATOLOGICAL SUMMARY for JUN. 2010 NAME: HornSpri CITY: Lebanon STATE: TN ELEV: 612 ft LAT: 36 14' 05" N LONG: 86 22' 54" W TEMPERATURE (F), RAIN (in), WIND SPEED (mph) HEAT COOL AVG MEAN DEG DEG WIND DOM DAY TEMP HIGH TIME LOW TIME DAYS DAYS RAIN SPEED HIGH TIME DIR ------------------------------------------------------------------------------------ 1 79.1 90.3 16:23 67.9 3:36 0.0 14.1 0.00 0.4 11.0 9:35 W 2 77.4 91.2 16:25 63.7 23:55 0.0 12.4 0.75 0.6 35.0 17:58 WSW 3 75.9 88.4 15:13 63.4 4:00 0.0 10.9 0.00 0.2 14.0 14:14 WSW 4 77.4 87.4 15:37 67.3 5:25 0.0 12.4 0.01 0.2 12.0 16:30 WSW 5 79.4 89.7 16:09 69.1 3:59 0.0 14.4 0.01 0.9 21.0 17:04 WSW 6 72.7 83.4 15:07 62.0 00:00 0.0 7.7 0.01 2.7 25.0 14:31 WSW 7 71.6 85.5 15:32 57.6 5:31 0.0 6.6 0.00 0.3 12.0 14:43 N 8 74.7 88.0 16:26 61.3 5:25 0.0 9.7 0.00 0.1 9.0 12:56 WSW 9 77.9 85.7 14:25 70.1 23:59 0.0 12.9 0.60 1.1 44.0 14:49 WSW 10 78.5 88.2 14:54 68.8 5:28 0.0 13.5 0.01 0.5 13.0 13:00 W 11 81.5 90.5 16:35 72.5 6:02 0.0 16.5 0.00 0.9 17.0 14:32 WSW 12 85.3 93.8 15:51 76.8 23:55 0.0 20.3 0.00 1.3 19.0 10:18 WSW 13 85.6 96.1 16:22 75.1 23:49 0.0 20.6 0.01 0.8 17.0 16:57 W 14 84.4 95.9 15:51 72.8 23:57 0.0 19.4 0.00 1.2 15.0 18:29 W 15 83.3 94.7 14:57 71.8 2:46 0.0 18.3 0.00 0.8 14.0 13:02 WSW 16 75.7 75.8 0:01 75.6 0:02 0.0 10.7 0.00 0.0 0.0 --- --- 17 18 19 74.3 75.3 22:50 73.3 23:57 0.0 9.3 0.00 0.0 0.0 --- --- 20 82.4 97.1 16:43 67.8 5:15 0.0 17.4 0.00 0.0 0.0 --- --- 21 82.9 97.3 16:26 68.6 4:56 0.0 17.9 0.00 0.0 0.0 --- --- 22 84.1 97.5 16:06 70.6 5:01 0.0 19.1 0.00 0.0 11.0 19:00 W 23 84.8 95.1 16:29 74.4 5:34 0.0 19.8 0.00 0.3 14.0 14:49 WSW 24 84.5 94.3 15:28 74.7 00:00 0.0 19.5 0.00 1.8 20.0 16:53 W 25 82.1 93.8 15:32 70.4 5:43 0.0 17.1 0.00 0.3 24.0 19:32 N 26 80.1 90.7 12:59 69.6 5:37 0.0 15.1 0.48 0.5 28.0 13:53 WSW 27 82.1 92.7 14:27 71.5 5:23 0.0 17.1 0.00 1.2 18.0 17:17 WSW 28 82.8 92.7 14:47 73.0 23:21 0.0 17.8 0.18 1.4 33.0 16:05 WSW 29 79.0 88.4 14:52 69.6 6:04 0.0 14.0 0.01 0.5 13.0 16:05 N 30 76.8 87.0 14:05 66.6 3:56 0.0 11.8 0.00 0.5 16.0 18:32 N ------------------------------------------------------------------------------------- 79.9 97.5 22 57.6 7 0.0 416.2 2.07 0.7 44.0 9 WSW Max >= 90.0: 16 Max <= 32.0: 0 Min <= 32.0: 0 Min <= 0.0: 0 Max Rain: 0.75 ON 06/02/10 Days of Rain: 4 (>.01 in) 4 (>.1 in) 0 (>1 in) Heat Base: 65.0 Cool Base: 65.0 Method: (High + Low) / 2