Warning: file(http://www.wunderground.com/climate/extremes.asp): failed to open stream: HTTP request failed! HTTP/1.0 500 Internal Server Error in /homepages/6/d330860172/htdocs/usaextremes.php on line 55

Warning: implode(): Invalid arguments passed in /homepages/6/d330860172/htdocs/usaextremes.php on line 55

NOAA Style Climate Reports for Lebanon, TN

NOAA style reports

NOAA-style Climate Reports

2018: Jan | Feb | Mar | Apr | May | Jun | Jul | Aug | Sep | Oct | Nov | Dec 
2017: Jan | Feb | Mar | Apr | May | Jun | Jul | Aug | Sep | Oct | Nov | Dec 
2016: Jan | Feb | Mar | Apr | May | Jun | Jul | Aug | Sep | Oct | Nov | Dec 
2015: Jan | Feb | Mar | Apr | May | Jun | Jul | Aug | Sep | Oct | Nov | Dec 
2014: Jan | Feb | Mar | Apr | May | Jun | Jul | Aug | Sep | Oct | Nov | Dec 
2013: Jan | Feb | Mar | Apr | May | Jun | Jul | Aug | Sep | Oct | Nov | Dec 
2012: Jan | Feb | Mar | Apr | May | Jun | Jul | Aug | Sep | Oct | Nov | Dec 
2011: Jan | Feb | Mar | Apr | May | Jun | Jul | Aug | Sep | Oct | Nov | Dec 
2010: Jan | Feb | Mar | Apr | May | Jun | Jul | Aug | Sep | Oct | Nov | Dec 
2009: Jan | Feb | Mar | Apr | May | Jun | Jul | Aug | Sep | Oct | Nov | Dec 
2008: Jan | Feb | Mar | Apr | May | Jun | Jul | Aug | Sep | Oct | Nov | Dec 
2007: Jan | Feb | Mar | Apr | May | Jun | Jul | Aug | Sep | Oct | Nov | Dec 
2006: Jan | Feb | Mar | Apr | May | Jun | Jul | Aug | Sep | Oct | Nov | Dec 
2005: Jan | Feb | Mar | Apr | May | Jun | Jul | Aug | Sep | Oct | Nov | Dec 
2004: Jan | Feb | Mar | Apr | May | Jun | Jul | Aug | Sep | Oct | Nov | Dec 
2003: Jan | Feb | Mar | Apr | May | Jun | Jul | Aug | Sep | Oct | Nov | Dec 
2002: Jan | Feb | Mar | Apr | May | Jun | Jul | Aug | Sep | Oct | Nov | Dec 
2001: Jan | Feb | Mar | Apr | May | Jun | Jul | Aug | Sep | Oct | Nov | Dec 
2000: Jan | Feb | Mar | Apr | May | Jun | Jul | Aug | Sep | Oct | Nov | Dec 
1999: Jan | Feb | Mar | Apr | May | Jun | Jul | Aug | Sep | Oct | Nov | Dec 
1998: Jan | Feb | Mar | Apr | May | Jun | Jul | Aug | Sep | Oct | Nov | Dec 
1997: Jan | Feb | Mar | Apr | May | Jun | Jul | Aug | Sep | Oct | Nov | Dec 
1996: Jan | Feb | Mar | Apr | May | Jun | Jul | Aug | Sep | Oct | Nov | Dec 
1995: Jan | Feb | Mar | Apr | May | Jun | Jul | Aug | Sep | Oct | Nov | Dec 

Report for 2010 07
MONTHLY CLIMATOLOGICAL SUMMARY for JUL. 2010 NAME: HornSpri CITY: Lebanon STATE: TN ELEV: 612 ft LAT: 36 14' 05" N LONG: 86 22' 54" W TEMPERATURE (F), RAIN (in), WIND SPEED (mph) HEAT COOL AVG MEAN DEG DEG WIND DOM DAY TEMP HIGH TIME LOW TIME DAYS DAYS RAIN SPEED HIGH TIME DIR ------------------------------------------------------------------------------------ 1 73.7 86.5 16:12 60.9 5:35 0.0 8.7 0.00 1.2 16.0 13:26 NE 2 73.7 90.1 16:23 57.3 3:57 0.0 8.7 0.00 0.1 11.0 12:29 ENE 3 79.1 88.8 13:23 69.3 5:48 0.0 14.1 0.00 0.2 14.0 14:23 WSW 4 82.1 91.6 15:39 72.5 4:42 0.0 17.1 0.00 0.2 12.0 8:33 WSW 5 79.8 92.1 15:35 67.4 6:13 0.0 14.8 0.00 0.3 16.0 13:13 SE 6 80.3 94.3 15:43 66.3 5:36 0.0 15.3 0.00 0.2 16.0 12:53 SE 7 82.4 98.0 16:07 66.9 5:47 0.0 17.4 0.00 0.3 11.0 13:08 W 8 82.9 94.9 11:23 70.9 5:19 0.0 17.9 0.00 0.4 13.0 12:48 WSW 9 81.4 89.3 13:03 73.5 5:57 0.0 16.4 0.00 1.4 17.0 12:12 N 10 79.9 91.0 12:30 68.8 23:58 0.0 14.9 0.53 0.3 17.0 18:12 ENE 11 79.8 93.2 16:18 66.4 4:05 0.0 14.8 0.54 0.4 21.0 23:12 WSW 12 78.9 88.0 15:18 69.9 0:12 0.0 13.9 0.44 0.6 18.0 21:52 WSW 13 78.3 86.5 16:42 70.1 8:15 0.0 13.3 0.88 0.6 16.0 2:04 WSW 14 82.6 94.0 15:53 71.1 5:18 0.0 17.6 0.00 0.3 10.0 14:10 SE 15 83.6 96.1 15:52 71.1 4:50 0.0 18.6 0.00 0.2 10.0 16:59 SE 16 82.9 94.7 14:39 71.1 20:21 0.0 17.9 0.04 0.8 21.0 19:21 W 17 80.1 87.4 17:04 72.7 0:06 0.0 15.1 0.01 0.2 11.0 15:32 WSW 18 81.5 89.5 14:36 73.5 5:29 0.0 16.5 0.00 1.0 14.0 15:00 WSW 19 82.1 92.5 16:30 71.6 23:45 0.0 17.1 0.47 0.8 19.0 19:24 WSW 20 81.3 92.1 16:15 70.6 2:17 0.0 16.3 0.00 1.7 19.0 13:31 WSW 21 82.8 91.6 14:35 74.0 23:41 0.0 17.8 0.03 1.2 24.0 15:17 W 22 84.0 95.9 16:10 72.1 5:44 0.0 19.0 0.00 0.3 12.0 16:12 W 23 85.8 96.6 16:45 74.9 6:11 0.0 20.8 0.00 1.0 14.0 10:48 WSW 24 84.4 97.1 16:01 71.8 5:43 0.0 19.4 0.00 0.6 11.0 12:50 W 25 86.6 96.6 16:32 76.5 5:48 0.0 21.6 0.00 0.9 13.0 14:52 WSW 26 83.8 92.9 13:53 74.7 22:11 0.0 18.8 0.01 0.3 18.0 17:23 N 27 81.6 89.9 16:33 73.3 5:35 0.0 16.6 0.00 0.3 10.0 2:53 WSW 28 83.7 95.6 16:10 71.8 5:42 0.0 18.7 0.00 2.4 18.0 14:09 WSW 29 83.4 92.7 16:15 74.2 4:58 0.0 18.4 0.23 0.7 22.0 13:42 WNW 30 82.6 94.0 15:54 71.1 5:58 0.0 17.6 0.00 0.3 10.0 15:21 N 31 80.9 88.8 13:05 73.0 4:32 0.0 15.9 0.31 0.3 20.0 16:52 W ------------------------------------------------------------------------------------- 81.5 98.0 7 57.3 2 0.0 510.8 3.49 0.6 24.0 21 WSW Max >= 90.0: 22 Max <= 32.0: 0 Min <= 32.0: 0 Min <= 0.0: 0 Max Rain: 0.88 ON 07/13/10 Days of Rain: 9 (>.01 in) 7 (>.1 in) 0 (>1 in) Heat Base: 65.0 Cool Base: 65.0 Method: (High + Low) / 2