Warning: file(http://www.wunderground.com/climate/extremes.asp): failed to open stream: HTTP request failed! HTTP/1.0 500 Internal Server Error in /homepages/6/d330860172/htdocs/usaextremes.php on line 55

Warning: implode(): Invalid arguments passed in /homepages/6/d330860172/htdocs/usaextremes.php on line 55

NOAA Style Climate Reports for Lebanon, TN

NOAA style reports

NOAA-style Climate Reports

2018: Jan | Feb | Mar | Apr | May | Jun | Jul | Aug | Sep | Oct | Nov | Dec 
2017: Jan | Feb | Mar | Apr | May | Jun | Jul | Aug | Sep | Oct | Nov | Dec 
2016: Jan | Feb | Mar | Apr | May | Jun | Jul | Aug | Sep | Oct | Nov | Dec 
2015: Jan | Feb | Mar | Apr | May | Jun | Jul | Aug | Sep | Oct | Nov | Dec 
2014: Jan | Feb | Mar | Apr | May | Jun | Jul | Aug | Sep | Oct | Nov | Dec 
2013: Jan | Feb | Mar | Apr | May | Jun | Jul | Aug | Sep | Oct | Nov | Dec 
2012: Jan | Feb | Mar | Apr | May | Jun | Jul | Aug | Sep | Oct | Nov | Dec 
2011: Jan | Feb | Mar | Apr | May | Jun | Jul | Aug | Sep | Oct | Nov | Dec 
2010: Jan | Feb | Mar | Apr | May | Jun | Jul | Aug | Sep | Oct | Nov | Dec 
2009: Jan | Feb | Mar | Apr | May | Jun | Jul | Aug | Sep | Oct | Nov | Dec 
2008: Jan | Feb | Mar | Apr | May | Jun | Jul | Aug | Sep | Oct | Nov | Dec 
2007: Jan | Feb | Mar | Apr | May | Jun | Jul | Aug | Sep | Oct | Nov | Dec 
2006: Jan | Feb | Mar | Apr | May | Jun | Jul | Aug | Sep | Oct | Nov | Dec 
2005: Jan | Feb | Mar | Apr | May | Jun | Jul | Aug | Sep | Oct | Nov | Dec 
2004: Jan | Feb | Mar | Apr | May | Jun | Jul | Aug | Sep | Oct | Nov | Dec 
2003: Jan | Feb | Mar | Apr | May | Jun | Jul | Aug | Sep | Oct | Nov | Dec 
2002: Jan | Feb | Mar | Apr | May | Jun | Jul | Aug | Sep | Oct | Nov | Dec 
2001: Jan | Feb | Mar | Apr | May | Jun | Jul | Aug | Sep | Oct | Nov | Dec 
2000: Jan | Feb | Mar | Apr | May | Jun | Jul | Aug | Sep | Oct | Nov | Dec 
1999: Jan | Feb | Mar | Apr | May | Jun | Jul | Aug | Sep | Oct | Nov | Dec 
1998: Jan | Feb | Mar | Apr | May | Jun | Jul | Aug | Sep | Oct | Nov | Dec 
1997: Jan | Feb | Mar | Apr | May | Jun | Jul | Aug | Sep | Oct | Nov | Dec 
1996: Jan | Feb | Mar | Apr | May | Jun | Jul | Aug | Sep | Oct | Nov | Dec 
1995: Jan | Feb | Mar | Apr | May | Jun | Jul | Aug | Sep | Oct | Nov | Dec 

Report for 2010 08
MONTHLY CLIMATOLOGICAL SUMMARY for AUG. 2010 NAME: HornSpri CITY: Lebanon STATE: TN ELEV: 612 ft LAT: 36 14' 05" N LONG: 86 22' 54" W TEMPERATURE (F), RAIN (in), WIND SPEED (mph) HEAT COOL AVG MEAN DEG DEG WIND DOM DAY TEMP HIGH TIME LOW TIME DAYS DAYS RAIN SPEED HIGH TIME DIR ------------------------------------------------------------------------------------ 1 82.6 93.2 16:40 72.1 6:07 0.0 17.6 0.01 0.3 11.0 12:26 N 2 83.3 96.1 16:01 70.4 5:32 0.0 18.3 0.00 0.1 9.0 13:48 W 3 84.5 99.7 16:30 69.3 3:05 0.0 19.5 0.00 0.1 9.0 9:29 WSW 4 89.6 102.8 15:49 76.3 1:39 0.0 24.6 0.00 0.3 11.0 8:52 W 5 85.9 98.5 12:49 73.3 23:34 0.0 20.9 0.39 0.7 33.0 13:09 W 6 82.2 92.3 16:23 72.0 23:17 0.0 17.2 0.23 0.3 11.0 11:46 N 7 78.1 91.4 15:22 64.7 6:21 0.0 13.1 0.00 0.2 9.0 13:35 NNE 8 81.3 95.6 15:58 67.1 4:44 0.0 16.3 0.00 0.3 11.0 14:25 N 9 86.2 97.3 16:22 75.1 3:00 0.0 21.2 0.05 0.2 16.0 18:09 WSW 10 86.4 96.8 13:50 76.0 5:14 0.0 21.4 0.00 0.2 12.0 12:37 WSW 11 87.1 98.7 15:45 75.4 5:10 0.0 22.1 0.00 0.6 13.0 18:29 W 12 88.2 101.0 14:42 75.4 5:09 0.0 23.2 0.00 0.4 13.0 15:45 N 13 87.1 102.0 16:28 72.1 5:18 0.0 22.1 0.00 0.4 13.0 21:08 N 14 87.3 100.2 15:49 74.4 23:55 0.0 22.3 0.75 0.7 21.0 18:42 WSW 15 82.1 92.1 15:04 72.1 5:19 0.0 17.1 0.00 0.3 11.0 9:29 W 16 80.3 88.2 16:35 72.5 23:53 0.0 15.3 0.00 1.1 14.0 15:48 N 17 79.9 91.0 13:14 68.9 6:16 0.0 14.9 0.06 0.5 10.0 15:26 E 18 74.8 81.2 13:26 68.3 15:57 0.0 9.8 4.65 1.1 20.0 14:31 ESE 19 78.2 88.0 16:16 68.4 23:58 0.0 13.2 2.67 0.5 10.0 13:17 NNE 20 79.9 93.8 16:23 66.1 6:21 0.0 14.9 0.00 0.1 8.0 16:33 NNE 21 80.3 89.0 13:12 71.5 1:52 0.0 15.3 0.37 0.4 11.0 9:50 W 22 81.2 91.4 16:32 70.9 4:34 0.0 16.2 0.00 0.6 12.0 14:52 N 23 77.6 88.4 15:49 66.8 6:09 0.0 12.6 0.00 0.9 13.0 12:59 N 24 74.2 85.7 15:18 62.7 5:12 0.0 9.2 0.00 0.9 16.0 14:40 N 25 73.3 84.5 16:59 62.0 6:20 0.0 8.3 0.00 0.5 13.0 12:52 N 26 73.9 84.7 15:24 63.2 23:58 0.0 8.9 0.00 0.9 13.0 14:38 N 27 72.4 87.6 16:23 57.2 5:59 0.0 7.4 0.00 0.6 11.0 11:05 NE 28 79.6 91.8 14:22 67.3 6:11 0.0 14.6 0.03 0.2 17.0 19:32 SE 29 77.9 87.6 13:32 68.3 5:59 0.0 12.9 0.03 0.5 16.0 10:54 SE 30 78.0 87.2 14:19 68.8 23:57 0.0 13.0 0.00 0.1 10.0 13:38 SE 31 77.1 90.5 16:31 63.7 6:06 0.0 12.1 0.00 0.2 12.0 12:48 WSW ------------------------------------------------------------------------------------- 81.0 102.8 4 57.2 27 0.0 495.3 9.24 0.5 33.0 5 N Max >= 90.0: 20 Max <= 32.0: 0 Min <= 32.0: 0 Min <= 0.0: 0 Max Rain: 4.65 ON 08/18/10 Days of Rain: 10 (>.01 in) 6 (>.1 in) 2 (>1 in) Heat Base: 65.0 Cool Base: 65.0 Method: (High + Low) / 2