Warning: file(http://www.wunderground.com/climate/extremes.asp): failed to open stream: HTTP request failed! HTTP/1.0 500 Internal Server Error in /homepages/6/d330860172/htdocs/usaextremes.php on line 55

Warning: implode(): Invalid arguments passed in /homepages/6/d330860172/htdocs/usaextremes.php on line 55

NOAA Style Climate Reports for Lebanon, TN

NOAA style reports

NOAA-style Climate Reports

2018: Jan | Feb | Mar | Apr | May | Jun | Jul | Aug | Sep | Oct | Nov | Dec 
2017: Jan | Feb | Mar | Apr | May | Jun | Jul | Aug | Sep | Oct | Nov | Dec 
2016: Jan | Feb | Mar | Apr | May | Jun | Jul | Aug | Sep | Oct | Nov | Dec 
2015: Jan | Feb | Mar | Apr | May | Jun | Jul | Aug | Sep | Oct | Nov | Dec 
2014: Jan | Feb | Mar | Apr | May | Jun | Jul | Aug | Sep | Oct | Nov | Dec 
2013: Jan | Feb | Mar | Apr | May | Jun | Jul | Aug | Sep | Oct | Nov | Dec 
2012: Jan | Feb | Mar | Apr | May | Jun | Jul | Aug | Sep | Oct | Nov | Dec 
2011: Jan | Feb | Mar | Apr | May | Jun | Jul | Aug | Sep | Oct | Nov | Dec 
2010: Jan | Feb | Mar | Apr | May | Jun | Jul | Aug | Sep | Oct | Nov | Dec 
2009: Jan | Feb | Mar | Apr | May | Jun | Jul | Aug | Sep | Oct | Nov | Dec 
2008: Jan | Feb | Mar | Apr | May | Jun | Jul | Aug | Sep | Oct | Nov | Dec 
2007: Jan | Feb | Mar | Apr | May | Jun | Jul | Aug | Sep | Oct | Nov | Dec 
2006: Jan | Feb | Mar | Apr | May | Jun | Jul | Aug | Sep | Oct | Nov | Dec 
2005: Jan | Feb | Mar | Apr | May | Jun | Jul | Aug | Sep | Oct | Nov | Dec 
2004: Jan | Feb | Mar | Apr | May | Jun | Jul | Aug | Sep | Oct | Nov | Dec 
2003: Jan | Feb | Mar | Apr | May | Jun | Jul | Aug | Sep | Oct | Nov | Dec 
2002: Jan | Feb | Mar | Apr | May | Jun | Jul | Aug | Sep | Oct | Nov | Dec 
2001: Jan | Feb | Mar | Apr | May | Jun | Jul | Aug | Sep | Oct | Nov | Dec 
2000: Jan | Feb | Mar | Apr | May | Jun | Jul | Aug | Sep | Oct | Nov | Dec 
1999: Jan | Feb | Mar | Apr | May | Jun | Jul | Aug | Sep | Oct | Nov | Dec 
1998: Jan | Feb | Mar | Apr | May | Jun | Jul | Aug | Sep | Oct | Nov | Dec 
1997: Jan | Feb | Mar | Apr | May | Jun | Jul | Aug | Sep | Oct | Nov | Dec 
1996: Jan | Feb | Mar | Apr | May | Jun | Jul | Aug | Sep | Oct | Nov | Dec 
1995: Jan | Feb | Mar | Apr | May | Jun | Jul | Aug | Sep | Oct | Nov | Dec 

Report for 2010 09
MONTHLY CLIMATOLOGICAL SUMMARY for SEP. 2010 NAME: HornSpri CITY: Lebanon STATE: TN ELEV: 612 ft LAT: 36 14' 05" N LONG: 86 22' 54" W TEMPERATURE (F), RAIN (in), WIND SPEED (mph) HEAT COOL AVG MEAN DEG DEG WIND DOM DAY TEMP HIGH TIME LOW TIME DAYS DAYS RAIN SPEED HIGH TIME DIR ------------------------------------------------------------------------------------ 1 78.1 91.8 16:22 64.3 5:48 0.0 13.1 0.00 0.2 14.0 11:31 WSW 2 78.2 94.0 16:24 62.3 5:55 0.0 13.2 0.00 0.3 16.0 13:16 W 3 71.3 84.0 16:41 58.7 23:55 0.0 6.3 0.00 1.0 17.0 14:27 W 4 65.4 79.9 15:39 51.0 6:26 0.0 0.4 0.00 1.0 16.0 11:11 N 5 65.4 82.8 16:53 47.9 6:14 0.0 0.4 0.00 0.2 7.0 9:43 NE 6 70.6 90.7 16:55 50.4 6:18 0.0 5.6 0.00 0.4 13.0 12:26 WSW 7 75.8 91.6 13:54 60.1 6:13 0.0 10.8 0.00 1.1 17.0 13:35 WSW 8 74.8 82.8 15:40 66.8 23:54 0.0 9.8 0.06 0.3 8.0 13:50 N 9 70.3 77.7 15:24 62.9 4:56 0.0 5.3 0.02 0.1 6.0 9:28 NE 10 71.2 77.6 16:54 64.8 10:18 0.0 6.2 0.80 0.8 13.0 9:31 ESE 11 78.9 91.2 14:19 66.6 23:50 0.0 13.9 0.01 1.8 21.0 13:56 WSW 12 69.1 81.6 16:21 56.5 23:57 0.0 4.1 0.00 1.0 14.0 11:30 N 13 69.2 85.5 16:21 52.9 6:18 0.0 4.2 0.00 0.1 10.0 13:34 ENE 14 70.6 86.1 13:50 55.1 5:36 0.0 5.6 0.00 0.0 7.0 14:07 NE 15 77.3 91.2 15:21 63.4 7:00 0.0 12.3 0.00 0.2 13.0 13:54 WSW 16 79.8 88.2 13:56 71.5 6:32 0.0 14.8 0.05 0.9 21.0 13:39 WSW 17 72.9 84.1 16:18 61.8 23:59 0.0 7.9 0.00 0.8 13.0 12:51 N 18 71.7 89.3 17:00 54.1 6:40 0.0 6.7 0.00 0.4 9.0 15:16 NE 19 75.3 92.1 16:02 58.6 4:04 0.0 10.3 0.00 0.6 10.0 12:46 NNW 20 76.5 90.7 16:30 62.3 4:24 0.0 11.5 0.00 0.6 11.0 10:28 NNW 21 79.0 95.6 16:15 62.4 6:34 0.0 14.0 0.00 0.1 11.0 11:13 WSW 22 80.5 92.9 14:15 68.1 6:34 0.0 15.5 0.00 0.5 13.0 14:00 W 23 79.7 93.8 16:12 65.5 6:55 0.0 14.7 0.00 0.5 14.0 16:04 WSW 24 81.4 91.4 15:50 71.5 6:57 0.0 16.4 0.07 1.9 22.0 12:43 WSW 25 68.3 78.1 14:38 58.4 00:00 0.0 3.3 0.00 0.7 11.0 12:27 N 26 63.8 71.3 14:22 56.2 6:37 1.3 0.0 0.00 0.8 16.0 12:24 N 27 59.8 66.9 17:00 52.6 23:27 5.3 0.0 0.00 0.5 13.0 8:37 N 28 59.5 72.7 16:47 46.4 7:03 5.5 0.0 0.00 0.3 16.0 12:24 N 29 61.2 76.3 16:33 46.1 7:01 3.8 0.0 0.00 0.5 13.0 13:58 N 30 65.9 81.1 15:58 50.7 7:17 0.0 0.9 0.00 1.9 19.0 11:48 N ------------------------------------------------------------------------------------- 72.0 95.6 21 46.1 29 15.8 227.2 1.01 0.6 22.0 24 N Max >= 90.0: 12 Max <= 32.0: 0 Min <= 32.0: 0 Min <= 0.0: 0 Max Rain: 0.80 ON 09/10/10 Days of Rain: 5 (>.01 in) 1 (>.1 in) 0 (>1 in) Heat Base: 65.0 Cool Base: 65.0 Method: (High + Low) / 2