Warning: file(http://www.wunderground.com/climate/extremes.asp): failed to open stream: HTTP request failed! HTTP/1.0 500 Internal Server Error in /homepages/6/d330860172/htdocs/usaextremes.php on line 55

Warning: implode(): Invalid arguments passed in /homepages/6/d330860172/htdocs/usaextremes.php on line 55

NOAA Style Climate Reports for Lebanon, TN

NOAA style reports

NOAA-style Climate Reports

2018: Jan | Feb | Mar | Apr | May | Jun | Jul | Aug | Sep | Oct | Nov | Dec 
2017: Jan | Feb | Mar | Apr | May | Jun | Jul | Aug | Sep | Oct | Nov | Dec 
2016: Jan | Feb | Mar | Apr | May | Jun | Jul | Aug | Sep | Oct | Nov | Dec 
2015: Jan | Feb | Mar | Apr | May | Jun | Jul | Aug | Sep | Oct | Nov | Dec 
2014: Jan | Feb | Mar | Apr | May | Jun | Jul | Aug | Sep | Oct | Nov | Dec 
2013: Jan | Feb | Mar | Apr | May | Jun | Jul | Aug | Sep | Oct | Nov | Dec 
2012: Jan | Feb | Mar | Apr | May | Jun | Jul | Aug | Sep | Oct | Nov | Dec 
2011: Jan | Feb | Mar | Apr | May | Jun | Jul | Aug | Sep | Oct | Nov | Dec 
2010: Jan | Feb | Mar | Apr | May | Jun | Jul | Aug | Sep | Oct | Nov | Dec 
2009: Jan | Feb | Mar | Apr | May | Jun | Jul | Aug | Sep | Oct | Nov | Dec 
2008: Jan | Feb | Mar | Apr | May | Jun | Jul | Aug | Sep | Oct | Nov | Dec 
2007: Jan | Feb | Mar | Apr | May | Jun | Jul | Aug | Sep | Oct | Nov | Dec 
2006: Jan | Feb | Mar | Apr | May | Jun | Jul | Aug | Sep | Oct | Nov | Dec 
2005: Jan | Feb | Mar | Apr | May | Jun | Jul | Aug | Sep | Oct | Nov | Dec 
2004: Jan | Feb | Mar | Apr | May | Jun | Jul | Aug | Sep | Oct | Nov | Dec 
2003: Jan | Feb | Mar | Apr | May | Jun | Jul | Aug | Sep | Oct | Nov | Dec 
2002: Jan | Feb | Mar | Apr | May | Jun | Jul | Aug | Sep | Oct | Nov | Dec 
2001: Jan | Feb | Mar | Apr | May | Jun | Jul | Aug | Sep | Oct | Nov | Dec 
2000: Jan | Feb | Mar | Apr | May | Jun | Jul | Aug | Sep | Oct | Nov | Dec 
1999: Jan | Feb | Mar | Apr | May | Jun | Jul | Aug | Sep | Oct | Nov | Dec 
1998: Jan | Feb | Mar | Apr | May | Jun | Jul | Aug | Sep | Oct | Nov | Dec 
1997: Jan | Feb | Mar | Apr | May | Jun | Jul | Aug | Sep | Oct | Nov | Dec 
1996: Jan | Feb | Mar | Apr | May | Jun | Jul | Aug | Sep | Oct | Nov | Dec 
1995: Jan | Feb | Mar | Apr | May | Jun | Jul | Aug | Sep | Oct | Nov | Dec 

Report for 2010 10
MONTHLY CLIMATOLOGICAL SUMMARY for OCT. 2010 NAME: HornSpri CITY: Lebanon STATE: TN ELEV: 612 ft LAT: 36 14' 05" N LONG: 86 22' 54" W TEMPERATURE (F), RAIN (in), WIND SPEED (mph) HEAT COOL AVG MEAN DEG DEG WIND DOM DAY TEMP HIGH TIME LOW TIME DAYS DAYS RAIN SPEED HIGH TIME DIR ------------------------------------------------------------------------------------ 1 61.6 74.9 16:52 48.3 23:58 3.4 0.0 0.00 1.4 18.0 12:49 N 2 58.7 76.5 16:25 40.9 6:43 6.3 0.0 0.00 1.5 24.0 16:56 N 3 50.7 58.4 14:10 42.9 23:59 14.3 0.0 0.00 1.5 19.0 9:04 N 4 48.5 60.4 15:08 36.6 7:02 16.5 0.0 0.00 0.6 16.0 12:06 N 5 52.9 68.9 16:24 36.9 5:35 12.1 0.0 0.00 0.9 19.0 13:49 N 6 55.5 74.6 16:51 36.5 6:23 9.5 0.0 0.00 0.7 14.0 13:08 WNW 7 64.3 83.0 16:51 45.5 4:30 0.8 0.0 0.00 0.6 18.0 15:38 W 8 65.2 83.4 17:02 47.0 6:41 0.0 0.2 0.00 0.2 11.0 14:56 N 9 65.4 84.7 16:43 46.1 6:35 0.0 0.4 0.00 0.1 7.0 13:31 NE 10 65.8 85.5 16:36 46.1 7:02 0.0 0.8 0.00 0.1 9.0 13:56 N 11 66.6 86.1 13:48 47.0 6:46 0.0 1.6 0.00 0.4 16.0 12:31 W 12 68.9 80.1 14:24 57.8 2:57 0.0 3.9 0.09 0.4 19.0 16:00 ENE 13 66.7 75.3 15:25 58.0 6:34 0.0 1.7 0.14 0.3 13.0 16:09 NNW 14 56.5 67.9 15:57 45.1 23:44 8.5 0.0 0.00 1.4 19.0 13:10 N 15 57.8 70.4 14:00 45.1 0:01 7.3 0.0 0.00 1.8 20.0 11:36 N 16 54.8 71.6 16:35 38.0 6:37 10.2 0.0 0.00 0.2 8.0 13:44 N 17 58.5 79.4 16:16 37.5 6:46 6.5 0.0 0.00 0.2 13.0 12:21 W 18 65.0 81.1 13:37 48.9 7:16 0.0 0.0 0.00 0.4 12.0 14:59 W 19 57.9 68.6 11:31 47.3 7:26 7.1 0.0 0.07 0.2 10.0 13:14 N 20 57.9 70.1 16:02 45.7 7:33 7.1 0.0 0.01 0.5 12.0 12:53 W 21 59.7 75.8 14:16 43.5 23:59 5.3 0.0 0.00 1.5 19.0 13:36 W 22 53.9 72.5 16:39 35.3 7:01 11.1 0.0 0.00 0.2 8.0 11:09 E 23 59.2 78.6 12:29 39.8 7:22 5.8 0.0 0.00 0.2 12.0 12:29 SSE 24 71.1 80.5 13:15 61.6 23:55 0.0 6.1 0.62 1.5 20.0 13:15 SW 25 66.5 73.7 13:10 59.3 3:11 0.0 1.5 0.83 2.1 17.0 0:09 SE 26 67.7 80.7 10:51 54.7 15:47 0.0 2.7 0.37 3.2 31.0 10:41 SSW 27 66.2 77.0 15:38 55.4 23:23 0.0 1.2 0.01 0.5 14.0 13:48 WSW 28 54.3 64.7 12:11 43.8 23:58 10.8 0.0 0.00 1.5 21.0 21:47 N 29 45.4 58.1 16:50 32.8 5:22 19.6 0.0 0.00 0.4 10.0 9:20 N 30 50.0 70.3 15:12 29.7 6:58 15.0 0.0 0.00 0.5 17.0 11:45 WSW 31 58.1 71.1 15:30 45.1 5:49 6.9 0.0 0.00 0.6 12.0 13:39 WNW ------------------------------------------------------------------------------------- 59.7 86.1 11 29.7 30 184.0 20.0 2.14 0.8 31.0 26 N Max >= 90.0: 0 Max <= 32.0: 0 Min <= 32.0: 1 Min <= 0.0: 0 Max Rain: 0.83 ON 10/25/10 Days of Rain: 6 (>.01 in) 4 (>.1 in) 0 (>1 in) Heat Base: 65.0 Cool Base: 65.0 Method: (High + Low) / 2