Warning: file(http://www.wunderground.com/climate/extremes.asp): failed to open stream: HTTP request failed! HTTP/1.0 500 Internal Server Error in /homepages/6/d330860172/htdocs/usaextremes.php on line 55

Warning: implode(): Invalid arguments passed in /homepages/6/d330860172/htdocs/usaextremes.php on line 55

NOAA Style Climate Reports for Lebanon, TN

NOAA style reports

NOAA-style Climate Reports

2018: Jan | Feb | Mar | Apr | May | Jun | Jul | Aug | Sep | Oct | Nov | Dec 
2017: Jan | Feb | Mar | Apr | May | Jun | Jul | Aug | Sep | Oct | Nov | Dec 
2016: Jan | Feb | Mar | Apr | May | Jun | Jul | Aug | Sep | Oct | Nov | Dec 
2015: Jan | Feb | Mar | Apr | May | Jun | Jul | Aug | Sep | Oct | Nov | Dec 
2014: Jan | Feb | Mar | Apr | May | Jun | Jul | Aug | Sep | Oct | Nov | Dec 
2013: Jan | Feb | Mar | Apr | May | Jun | Jul | Aug | Sep | Oct | Nov | Dec 
2012: Jan | Feb | Mar | Apr | May | Jun | Jul | Aug | Sep | Oct | Nov | Dec 
2011: Jan | Feb | Mar | Apr | May | Jun | Jul | Aug | Sep | Oct | Nov | Dec 
2010: Jan | Feb | Mar | Apr | May | Jun | Jul | Aug | Sep | Oct | Nov | Dec 
2009: Jan | Feb | Mar | Apr | May | Jun | Jul | Aug | Sep | Oct | Nov | Dec 
2008: Jan | Feb | Mar | Apr | May | Jun | Jul | Aug | Sep | Oct | Nov | Dec 
2007: Jan | Feb | Mar | Apr | May | Jun | Jul | Aug | Sep | Oct | Nov | Dec 
2006: Jan | Feb | Mar | Apr | May | Jun | Jul | Aug | Sep | Oct | Nov | Dec 
2005: Jan | Feb | Mar | Apr | May | Jun | Jul | Aug | Sep | Oct | Nov | Dec 
2004: Jan | Feb | Mar | Apr | May | Jun | Jul | Aug | Sep | Oct | Nov | Dec 
2003: Jan | Feb | Mar | Apr | May | Jun | Jul | Aug | Sep | Oct | Nov | Dec 
2002: Jan | Feb | Mar | Apr | May | Jun | Jul | Aug | Sep | Oct | Nov | Dec 
2001: Jan | Feb | Mar | Apr | May | Jun | Jul | Aug | Sep | Oct | Nov | Dec 
2000: Jan | Feb | Mar | Apr | May | Jun | Jul | Aug | Sep | Oct | Nov | Dec 
1999: Jan | Feb | Mar | Apr | May | Jun | Jul | Aug | Sep | Oct | Nov | Dec 
1998: Jan | Feb | Mar | Apr | May | Jun | Jul | Aug | Sep | Oct | Nov | Dec 
1997: Jan | Feb | Mar | Apr | May | Jun | Jul | Aug | Sep | Oct | Nov | Dec 
1996: Jan | Feb | Mar | Apr | May | Jun | Jul | Aug | Sep | Oct | Nov | Dec 
1995: Jan | Feb | Mar | Apr | May | Jun | Jul | Aug | Sep | Oct | Nov | Dec 

Report for 2010 11
MONTHLY CLIMATOLOGICAL SUMMARY for NOV. 2010 NAME: HornSpri CITY: Lebanon STATE: TN ELEV: 612 ft LAT: 36 14' 05" N LONG: 86 22' 54" W TEMPERATURE (F), RAIN (in), WIND SPEED (mph) HEAT COOL AVG MEAN DEG DEG WIND DOM DAY TEMP HIGH TIME LOW TIME DAYS DAYS RAIN SPEED HIGH TIME DIR ------------------------------------------------------------------------------------ 1 56.8 68.6 14:55 44.9 7:14 8.3 0.0 0.00 1.2 12.0 13:54 NE 2 58.2 70.6 13:25 45.8 6:56 6.8 0.0 0.00 0.6 10.0 10:48 ENE 3 54.5 56.9 0:01 52.0 7:53 10.5 0.0 0.28 0.1 8.0 22:45 SW 4 49.9 56.2 14:01 43.6 7:44 15.1 0.0 0.00 1.9 27.0 15:19 NNW 5 42.5 46.7 14:10 38.3 23:59 22.5 0.0 0.01 1.3 17.0 0:16 NNW 6 35.5 46.7 15:45 24.4 7:15 29.5 0.0 0.00 0.4 12.0 12:30 N 7 40.8 56.6 15:41 25.1 6:00 24.2 0.0 0.00 0.1 7.0 12:14 W 8 48.7 67.6 14:28 29.8 6:18 16.3 0.0 0.00 0.3 12.0 9:39 W 9 52.2 70.9 14:22 33.5 6:47 12.8 0.0 0.00 0.2 10.0 14:04 W 10 54.2 73.0 12:48 35.3 6:33 10.8 0.0 0.00 0.0 7.0 11:09 W 11 55.0 74.0 13:10 36.0 6:51 10.0 0.0 0.00 0.2 13.0 12:08 E 12 56.1 74.7 12:39 37.6 6:26 8.9 0.0 0.00 0.1 11.0 11:39 WSW 13 59.7 72.1 12:47 47.3 5:05 5.3 0.0 0.00 1.6 16.0 12:53 S 14 45.1 57.2 0:01 32.9 23:56 19.9 0.0 0.02 1.0 14.0 0:39 WNW 15 39.6 46.7 14:19 32.4 0:40 25.4 0.0 0.00 0.4 8.0 16:15 E 16 49.3 57.3 12:34 41.2 22:36 15.8 0.0 0.69 3.8 32.0 13:05 WSW 17 44.3 52.3 15:53 36.3 22:56 20.7 0.0 0.00 1.0 14.0 4:12 W 18 47.3 57.6 13:25 36.9 0:01 17.8 0.0 0.00 0.6 15.0 16:31 N 19 51.3 59.5 14:27 43.2 19:51 13.7 0.0 0.00 0.3 13.0 14:27 WSW 20 55.2 68.9 14:15 41.5 3:13 9.8 0.0 0.00 0.8 14.0 13:32 WSW 21 61.8 70.3 13:51 53.2 2:23 3.3 0.0 0.00 2.9 25.0 14:04 SSW 22 66.2 74.4 13:10 58.0 4:31 0.0 1.2 0.00 4.0 24.0 11:20 SSW 23 54.5 66.8 3:58 42.2 23:46 10.5 0.0 1.25 2.0 18.0 2:44 N 24 51.6 62.9 16:51 40.3 5:11 13.4 0.0 0.10 1.6 18.0 23:42 SSW 25 56.1 72.3 13:21 39.8 23:57 8.9 0.0 0.54 6.2 27.0 17:45 SSW 26 33.2 39.8 0:01 26.6 21:46 31.8 0.0 0.05 1.1 14.0 1:45 NNW 27 38.3 49.8 14:55 26.7 6:39 26.8 0.0 0.00 0.8 14.0 14:30 WSW 28 39.5 54.2 12:42 24.7 6:30 25.5 0.0 0.00 0.4 10.0 12:40 SE 29 48.5 64.0 12:34 33.1 5:59 16.5 0.0 0.36 3.7 26.0 21:12 S 30 46.0 58.0 5:36 34.0 23:58 19.0 0.0 1.55 4.6 25.0 8:53 W ------------------------------------------------------------------------------------- 49.7 74.7 12 24.4 6 459.6 1.2 4.85 1.4 32.0 16 SSW Max >= 90.0: 0 Max <= 32.0: 0 Min <= 32.0: 6 Min <= 0.0: 0 Max Rain: 1.55 ON 11/30/10 Days of Rain: 9 (>.01 in) 6 (>.1 in) 2 (>1 in) Heat Base: 65.0 Cool Base: 65.0 Method: (High + Low) / 2