Warning: file(http://www.wunderground.com/climate/extremes.asp): failed to open stream: HTTP request failed! HTTP/1.0 500 Internal Server Error in /homepages/6/d330860172/htdocs/usaextremes.php on line 55

Warning: implode(): Invalid arguments passed in /homepages/6/d330860172/htdocs/usaextremes.php on line 55

NOAA Style Climate Reports for Lebanon, TN

NOAA style reports

NOAA-style Climate Reports

2018: Jan | Feb | Mar | Apr | May | Jun | Jul | Aug | Sep | Oct | Nov | Dec 
2017: Jan | Feb | Mar | Apr | May | Jun | Jul | Aug | Sep | Oct | Nov | Dec 
2016: Jan | Feb | Mar | Apr | May | Jun | Jul | Aug | Sep | Oct | Nov | Dec 
2015: Jan | Feb | Mar | Apr | May | Jun | Jul | Aug | Sep | Oct | Nov | Dec 
2014: Jan | Feb | Mar | Apr | May | Jun | Jul | Aug | Sep | Oct | Nov | Dec 
2013: Jan | Feb | Mar | Apr | May | Jun | Jul | Aug | Sep | Oct | Nov | Dec 
2012: Jan | Feb | Mar | Apr | May | Jun | Jul | Aug | Sep | Oct | Nov | Dec 
2011: Jan | Feb | Mar | Apr | May | Jun | Jul | Aug | Sep | Oct | Nov | Dec 
2010: Jan | Feb | Mar | Apr | May | Jun | Jul | Aug | Sep | Oct | Nov | Dec 
2009: Jan | Feb | Mar | Apr | May | Jun | Jul | Aug | Sep | Oct | Nov | Dec 
2008: Jan | Feb | Mar | Apr | May | Jun | Jul | Aug | Sep | Oct | Nov | Dec 
2007: Jan | Feb | Mar | Apr | May | Jun | Jul | Aug | Sep | Oct | Nov | Dec 
2006: Jan | Feb | Mar | Apr | May | Jun | Jul | Aug | Sep | Oct | Nov | Dec 
2005: Jan | Feb | Mar | Apr | May | Jun | Jul | Aug | Sep | Oct | Nov | Dec 
2004: Jan | Feb | Mar | Apr | May | Jun | Jul | Aug | Sep | Oct | Nov | Dec 
2003: Jan | Feb | Mar | Apr | May | Jun | Jul | Aug | Sep | Oct | Nov | Dec 
2002: Jan | Feb | Mar | Apr | May | Jun | Jul | Aug | Sep | Oct | Nov | Dec 
2001: Jan | Feb | Mar | Apr | May | Jun | Jul | Aug | Sep | Oct | Nov | Dec 
2000: Jan | Feb | Mar | Apr | May | Jun | Jul | Aug | Sep | Oct | Nov | Dec 
1999: Jan | Feb | Mar | Apr | May | Jun | Jul | Aug | Sep | Oct | Nov | Dec 
1998: Jan | Feb | Mar | Apr | May | Jun | Jul | Aug | Sep | Oct | Nov | Dec 
1997: Jan | Feb | Mar | Apr | May | Jun | Jul | Aug | Sep | Oct | Nov | Dec 
1996: Jan | Feb | Mar | Apr | May | Jun | Jul | Aug | Sep | Oct | Nov | Dec 
1995: Jan | Feb | Mar | Apr | May | Jun | Jul | Aug | Sep | Oct | Nov | Dec 

Report for 2010 12
MONTHLY CLIMATOLOGICAL SUMMARY for DEC. 2010 NAME: HornSpri CITY: Lebanon STATE: TN ELEV: 612 ft LAT: 36 14' 05" N LONG: 86 22' 54" W TEMPERATURE (F), RAIN (in), WIND SPEED (mph) HEAT COOL AVG MEAN DEG DEG WIND DOM DAY TEMP HIGH TIME LOW TIME DAYS DAYS RAIN SPEED HIGH TIME DIR ------------------------------------------------------------------------------------ 1 32.3 41.3 14:21 23.2 00:00 32.8 0.0 0.01 3.8 21.0 8:07 W 2 32.3 41.8 12:57 22.7 0:52 32.8 0.0 0.00 0.1 7.0 15:25 SW 3 37.0 48.9 13:11 25.1 6:16 28.0 0.0 0.00 0.3 9.0 13:59 N 4 44.7 54.1 13:13 35.2 2:09 20.3 0.0 0.02 3.7 29.0 14:44 NNW 5 31.5 35.8 12:16 27.3 22:25 33.5 0.0 0.00 3.3 22.0 2:08 N 6 22.6 29.4 14:47 15.9 23:52 42.3 0.0 0.00 1.5 21.0 11:11 NW 7 21.6 29.0 14:23 14.3 23:59 43.3 0.0 0.00 0.7 13.0 10:25 NNW 8 21.8 30.4 15:21 13.1 1:43 43.3 0.0 0.00 0.4 10.0 13:29 NW 9 27.2 42.3 13:04 12.1 6:32 37.8 0.0 0.00 0.5 8.0 13:15 SW 10 41.4 49.1 13:50 33.8 1:41 23.6 0.0 0.00 1.6 16.0 8:28 SW 11 47.4 52.6 9:13 42.2 0:08 17.6 0.0 1.18 2.4 25.0 20:57 S 12 31.7 45.2 0:26 18.1 23:53 33.3 0.0 0.07 6.6 28.0 10:51 W 13 16.0 19.7 15:17 12.3 00:00 49.0 0.0 0.00 3.5 22.0 3:26 NW 14 18.2 28.5 17:06 7.9 6:52 46.8 0.0 0.00 0.0 3.0 14:21 NW 15 30.0 35.2 13:14 24.7 2:35 35.0 0.0 0.10 0.8 10.0 13:52 ESE 16 42.2 51.7 8:25 32.7 21:54 22.8 0.0 0.24 3.3 19.0 4:31 NW 17 32.3 34.3 14:20 30.4 4:59 32.7 0.0 0.00 1.0 13.0 0:08 N 18 33.4 37.8 15:40 29.0 6:55 31.6 0.0 0.00 0.9 12.0 15:41 N 19 31.2 40.3 15:03 22.1 5:34 33.8 0.0 0.00 0.3 8.0 11:04 NE 20 35.3 47.7 14:27 23.0 6:51 29.7 0.0 0.00 1.1 13.0 20:29 ESE 21 47.2 50.8 23:00 43.6 2:17 17.8 0.0 0.00 0.3 7.0 1:32 SSE 22 40.5 50.2 0:26 30.9 16:52 24.5 0.0 0.00 3.5 31.0 16:20 N 23 33.2 39.8 12:24 26.6 23:11 31.8 0.0 0.00 1.7 18.0 4:06 NE 24 33.0 40.5 17:43 25.6 2:45 32.0 0.0 0.09 0.6 13.0 10:18 NE 25 32.1 35.2 5:27 29.0 23:18 32.9 0.0 0.00 1.9 18.0 17:16 N 26 27.3 29.4 14:54 25.3 8:14 37.7 0.0 0.05 3.6 24.0 20:31 N 27 27.4 33.7 14:53 21.0 00:00 37.7 0.0 0.00 1.8 20.0 6:10 N 28 29.7 42.1 15:51 17.3 5:46 35.3 0.0 0.00 0.3 10.0 10:37 WSW 29 35.9 43.1 21:20 28.8 0:31 29.1 0.0 0.13 0.9 13.0 21:37 SSE 30 49.1 57.0 11:58 41.2 2:25 15.9 0.0 0.08 3.0 22.0 11:22 S 31 60.1 67.8 14:46 52.3 3:29 4.9 0.0 0.00 4.1 29.0 10:42 S ------------------------------------------------------------------------------------- 33.7 67.8 31 7.9 14 969.3 0.0 1.97 1.9 31.0 22 N Max >= 90.0: 0 Max <= 32.0: 6 Min <= 32.0: 24 Min <= 0.0: 0 Max Rain: 1.18 ON 12/11/10 Days of Rain: 9 (>.01 in) 3 (>.1 in) 1 (>1 in) Heat Base: 65.0 Cool Base: 65.0 Method: (High + Low) / 2