Warning: file(http://www.wunderground.com/climate/extremes.asp): failed to open stream: HTTP request failed! HTTP/1.0 500 Internal Server Error in /homepages/6/d330860172/htdocs/usaextremes.php on line 55

Warning: implode(): Invalid arguments passed in /homepages/6/d330860172/htdocs/usaextremes.php on line 55

NOAA Style Climate Reports for Lebanon, TN

NOAA style reports

NOAA-style Climate Reports

2018: Jan | Feb | Mar | Apr | May | Jun | Jul | Aug | Sep | Oct | Nov | Dec 
2017: Jan | Feb | Mar | Apr | May | Jun | Jul | Aug | Sep | Oct | Nov | Dec 
2016: Jan | Feb | Mar | Apr | May | Jun | Jul | Aug | Sep | Oct | Nov | Dec 
2015: Jan | Feb | Mar | Apr | May | Jun | Jul | Aug | Sep | Oct | Nov | Dec 
2014: Jan | Feb | Mar | Apr | May | Jun | Jul | Aug | Sep | Oct | Nov | Dec 
2013: Jan | Feb | Mar | Apr | May | Jun | Jul | Aug | Sep | Oct | Nov | Dec 
2012: Jan | Feb | Mar | Apr | May | Jun | Jul | Aug | Sep | Oct | Nov | Dec 
2011: Jan | Feb | Mar | Apr | May | Jun | Jul | Aug | Sep | Oct | Nov | Dec 
2010: Jan | Feb | Mar | Apr | May | Jun | Jul | Aug | Sep | Oct | Nov | Dec 
2009: Jan | Feb | Mar | Apr | May | Jun | Jul | Aug | Sep | Oct | Nov | Dec 
2008: Jan | Feb | Mar | Apr | May | Jun | Jul | Aug | Sep | Oct | Nov | Dec 
2007: Jan | Feb | Mar | Apr | May | Jun | Jul | Aug | Sep | Oct | Nov | Dec 
2006: Jan | Feb | Mar | Apr | May | Jun | Jul | Aug | Sep | Oct | Nov | Dec 
2005: Jan | Feb | Mar | Apr | May | Jun | Jul | Aug | Sep | Oct | Nov | Dec 
2004: Jan | Feb | Mar | Apr | May | Jun | Jul | Aug | Sep | Oct | Nov | Dec 
2003: Jan | Feb | Mar | Apr | May | Jun | Jul | Aug | Sep | Oct | Nov | Dec 
2002: Jan | Feb | Mar | Apr | May | Jun | Jul | Aug | Sep | Oct | Nov | Dec 
2001: Jan | Feb | Mar | Apr | May | Jun | Jul | Aug | Sep | Oct | Nov | Dec 
2000: Jan | Feb | Mar | Apr | May | Jun | Jul | Aug | Sep | Oct | Nov | Dec 
1999: Jan | Feb | Mar | Apr | May | Jun | Jul | Aug | Sep | Oct | Nov | Dec 
1998: Jan | Feb | Mar | Apr | May | Jun | Jul | Aug | Sep | Oct | Nov | Dec 
1997: Jan | Feb | Mar | Apr | May | Jun | Jul | Aug | Sep | Oct | Nov | Dec 
1996: Jan | Feb | Mar | Apr | May | Jun | Jul | Aug | Sep | Oct | Nov | Dec 
1995: Jan | Feb | Mar | Apr | May | Jun | Jul | Aug | Sep | Oct | Nov | Dec 

Report for 2011 01
MONTHLY CLIMATOLOGICAL SUMMARY for JAN. 2011 NAME: HornSpri CITY: Lebanon STATE: TN ELEV: 612 ft LAT: 36 14' 05" N LONG: 86 22' 54" W TEMPERATURE (F), RAIN (in), WIND SPEED (mph) HEAT COOL AVG MEAN DEG DEG WIND DOM DAY TEMP HIGH TIME LOW TIME DAYS DAYS RAIN SPEED HIGH TIME DIR ------------------------------------------------------------------------------------ 1 46.3 62.4 0:01 30.3 23:55 18.7 0.0 0.89 3.3 27.0 4:41 NNW 2 27.4 36.0 15:06 18.8 23:41 37.6 0.0 0.00 0.8 15.0 12:35 N 3 29.1 42.8 15:14 15.4 6:39 35.9 0.0 0.00 0.2 8.0 23:57 WSW 4 38.8 51.9 13:35 25.6 23:59 26.3 0.0 0.00 1.8 16.0 10:23 SW 5 29.8 35.9 10:30 23.6 2:24 35.3 0.0 0.03 0.5 10.0 13:11 ENE 6 34.8 46.1 14:55 23.5 4:11 30.2 0.0 0.01 2.6 22.0 15:42 W 7 37.6 44.6 13:20 30.6 3:33 27.4 0.0 0.00 2.0 19.0 14:55 NW 8 24.3 32.9 0:57 15.6 22:58 40.8 0.0 0.00 3.3 24.0 6:40 N 9 20.8 30.3 16:15 11.4 6:39 44.2 0.0 0.00 1.1 16.0 20:22 ENE 10 28.5 32.2 14:42 24.8 4:04 36.5 0.0 0.17 0.7 16.0 0:57 ENE 11 30.3 35.2 1:04 25.3 23:17 34.8 0.0 0.00 4.7 26.0 13:16 WSW 12 23.0 26.0 13:24 19.9 00:00 42.0 0.0 0.00 2.7 18.0 0:11 NW 13 21.7 26.9 14:17 16.5 23:37 43.3 0.0 0.00 0.2 8.0 2:31 N 14 26.5 37.8 16:36 15.1 2:25 38.5 0.0 0.00 0.7 8.0 12:00 SSW 15 37.2 46.8 13:18 27.6 4:06 27.8 0.0 0.00 2.0 16.0 12:59 WSW 16 38.2 46.1 14:47 30.3 1:33 26.8 0.0 0.00 0.2 11.0 6:12 N 17 40.2 47.6 14:03 32.8 1:01 24.8 0.0 0.00 0.4 10.0 13:19 SSE 18 43.3 48.5 18:45 38.0 23:49 21.8 0.0 0.33 1.9 18.0 23:01 SW 19 35.7 38.6 1:46 32.7 22:36 29.3 0.0 0.00 1.1 14.0 0:24 NW 20 29.9 37.0 0:52 22.7 23:39 35.2 0.0 0.08 2.0 19.0 18:46 NNW 21 20.3 24.8 13:41 15.7 7:26 44.8 0.0 0.00 1.0 16.0 2:31 NNW 22 26.7 36.5 17:55 16.9 4:01 38.3 0.0 0.00 0.4 10.0 14:17 W 23 33.3 41.9 13:51 24.7 6:54 31.7 0.0 0.00 0.3 7.0 12:34 E 24 42.2 50.5 16:39 33.8 3:31 22.8 0.0 0.00 0.4 13.0 12:51 SW 25 41.5 46.0 14:26 37.0 0:01 23.5 0.0 0.44 1.5 20.0 23:42 N 26 32.8 37.0 0:01 28.5 13:37 32.3 0.0 0.09 1.8 18.0 5:03 NW 27 35.5 45.5 14:40 25.4 7:11 29.5 0.0 0.00 1.3 13.0 22:15 WSW 28 40.6 48.5 15:33 32.7 22:13 24.4 0.0 0.00 1.2 12.0 0:19 W 29 47.8 62.7 16:12 32.8 0:11 17.3 0.0 0.00 2.0 14.0 9:15 SW 30 49.8 64.7 14:13 35.0 3:43 15.2 0.0 0.00 1.6 17.0 10:46 SW 31 48.9 55.3 22:03 42.5 9:30 16.1 0.0 0.04 0.6 8.0 1:25 NE ------------------------------------------------------------------------------------- 34.3 64.7 30 11.4 9 952.7 0.0 2.08 1.4 27.0 1 WSW Max >= 90.0: 0 Max <= 32.0: 4 Min <= 32.0: 22 Min <= 0.0: 0 Max Rain: 0.89 ON 01/01/11 Days of Rain: 8 (>.01 in) 4 (>.1 in) 0 (>1 in) Heat Base: 65.0 Cool Base: 65.0 Method: (High + Low) / 2