Warning: file(http://www.wunderground.com/climate/extremes.asp): failed to open stream: HTTP request failed! HTTP/1.0 500 Internal Server Error in /homepages/6/d330860172/htdocs/usaextremes.php on line 55

Warning: implode(): Invalid arguments passed in /homepages/6/d330860172/htdocs/usaextremes.php on line 55

NOAA Style Climate Reports for Lebanon, TN

NOAA style reports

NOAA-style Climate Reports

2018: Jan | Feb | Mar | Apr | May | Jun | Jul | Aug | Sep | Oct | Nov | Dec 
2017: Jan | Feb | Mar | Apr | May | Jun | Jul | Aug | Sep | Oct | Nov | Dec 
2016: Jan | Feb | Mar | Apr | May | Jun | Jul | Aug | Sep | Oct | Nov | Dec 
2015: Jan | Feb | Mar | Apr | May | Jun | Jul | Aug | Sep | Oct | Nov | Dec 
2014: Jan | Feb | Mar | Apr | May | Jun | Jul | Aug | Sep | Oct | Nov | Dec 
2013: Jan | Feb | Mar | Apr | May | Jun | Jul | Aug | Sep | Oct | Nov | Dec 
2012: Jan | Feb | Mar | Apr | May | Jun | Jul | Aug | Sep | Oct | Nov | Dec 
2011: Jan | Feb | Mar | Apr | May | Jun | Jul | Aug | Sep | Oct | Nov | Dec 
2010: Jan | Feb | Mar | Apr | May | Jun | Jul | Aug | Sep | Oct | Nov | Dec 
2009: Jan | Feb | Mar | Apr | May | Jun | Jul | Aug | Sep | Oct | Nov | Dec 
2008: Jan | Feb | Mar | Apr | May | Jun | Jul | Aug | Sep | Oct | Nov | Dec 
2007: Jan | Feb | Mar | Apr | May | Jun | Jul | Aug | Sep | Oct | Nov | Dec 
2006: Jan | Feb | Mar | Apr | May | Jun | Jul | Aug | Sep | Oct | Nov | Dec 
2005: Jan | Feb | Mar | Apr | May | Jun | Jul | Aug | Sep | Oct | Nov | Dec 
2004: Jan | Feb | Mar | Apr | May | Jun | Jul | Aug | Sep | Oct | Nov | Dec 
2003: Jan | Feb | Mar | Apr | May | Jun | Jul | Aug | Sep | Oct | Nov | Dec 
2002: Jan | Feb | Mar | Apr | May | Jun | Jul | Aug | Sep | Oct | Nov | Dec 
2001: Jan | Feb | Mar | Apr | May | Jun | Jul | Aug | Sep | Oct | Nov | Dec 
2000: Jan | Feb | Mar | Apr | May | Jun | Jul | Aug | Sep | Oct | Nov | Dec 
1999: Jan | Feb | Mar | Apr | May | Jun | Jul | Aug | Sep | Oct | Nov | Dec 
1998: Jan | Feb | Mar | Apr | May | Jun | Jul | Aug | Sep | Oct | Nov | Dec 
1997: Jan | Feb | Mar | Apr | May | Jun | Jul | Aug | Sep | Oct | Nov | Dec 
1996: Jan | Feb | Mar | Apr | May | Jun | Jul | Aug | Sep | Oct | Nov | Dec 
1995: Jan | Feb | Mar | Apr | May | Jun | Jul | Aug | Sep | Oct | Nov | Dec 

Report for 2011 02
MONTHLY CLIMATOLOGICAL SUMMARY for FEB. 2011 NAME: HornSpri CITY: Lebanon STATE: TN ELEV: 612 ft LAT: 36 14' 05" N LONG: 86 22' 54" W TEMPERATURE (F), RAIN (in), WIND SPEED (mph) HEAT COOL AVG MEAN DEG DEG WIND DOM DAY TEMP HIGH TIME LOW TIME DAYS DAYS RAIN SPEED HIGH TIME DIR ------------------------------------------------------------------------------------ 1 47.7 54.8 0:12 40.5 00:00 17.3 0.0 0.71 4.7 34.0 22:22 S 2 31.4 40.2 0:01 22.5 23:48 33.7 0.0 0.00 5.8 34.0 0:01 W 3 28.3 34.9 20:04 21.6 3:08 36.8 0.0 0.00 1.2 16.0 0:08 NE 4 35.1 40.2 17:48 30.0 4:14 29.9 0.0 0.01 0.3 6.0 15:16 E 5 37.0 40.6 5:52 33.5 10:01 28.0 0.0 0.00 4.4 30.0 9:40 WSW 6 39.8 52.2 15:42 27.5 4:50 25.2 0.0 0.00 1.5 13.0 11:38 SW 7 37.0 45.2 11:29 28.8 22:46 28.0 0.0 0.05 1.5 21.0 15:05 NNW 8 26.0 30.9 0:01 21.1 22:53 39.0 0.0 0.00 1.4 16.0 10:19 NNW 9 24.0 28.8 12:40 19.1 00:00 41.0 0.0 0.10 1.0 14.0 12:44 N 10 18.8 30.4 16:29 7.2 7:05 46.2 0.0 0.00 0.5 12.0 0:04 N 11 23.1 39.3 15:54 7.0 5:50 41.8 0.0 0.00 1.2 14.0 15:33 WSW 12 38.0 50.2 14:29 25.7 2:48 27.0 0.0 0.00 1.9 13.0 14:00 WSW 13 50.2 65.3 15:19 35.0 2:07 14.8 0.0 0.00 5.1 24.0 13:48 SW 14 49.0 61.0 12:27 36.9 23:54 16.0 0.0 0.00 4.3 20.0 10:03 SW 15 43.5 56.7 15:24 30.3 6:18 21.5 0.0 0.00 0.6 11.0 11:05 ESE 16 55.8 66.4 13:51 45.2 0:04 9.2 0.0 0.00 3.0 18.0 10:19 SSW 17 57.0 62.9 16:51 51.1 6:37 8.0 0.0 0.00 4.4 27.0 12:13 SSW 18 58.4 68.6 13:32 48.2 23:55 6.6 0.0 0.05 3.0 19.0 15:49 SW 19 45.9 52.2 14:25 39.6 23:22 19.1 0.0 0.00 1.1 16.0 9:48 ENE 20 57.2 71.8 14:19 42.5 4:38 7.8 0.0 0.00 3.2 25.0 12:52 SSW 21 58.5 67.9 13:50 49.1 23:40 6.5 0.0 0.28 5.7 29.0 15:44 SW 22 41.0 50.7 4:09 31.2 23:55 24.0 0.0 0.00 2.5 18.0 13:47 N 23 41.8 55.3 00:00 28.2 3:58 23.3 0.0 0.00 0.4 12.0 23:14 ENE 24 58.8 67.1 21:24 50.5 2:08 6.2 0.0 2.33 3.8 51.0 22:15 S 25 47.8 59.0 2:48 36.5 23:54 17.3 0.0 0.02 4.4 36.0 2:54 N 26 44.5 61.8 16:32 27.3 5:56 20.5 0.0 0.00 1.3 13.0 11:25 SW 27 64.0 72.3 16:12 55.7 0:03 1.0 0.0 0.09 3.6 19.0 20:59 SW 28 53.9 69.8 0:06 37.9 23:58 11.1 0.0 1.58 5.2 30.0 13:37 N ------------------------------------------------------------------------------------- 43.3 72.3 27 7.0 11 606.9 0.0 5.22 2.8 51.0 24 SW Max >= 90.0: 0 Max <= 32.0: 3 Min <= 32.0: 14 Min <= 0.0: 0 Max Rain: 2.33 ON 02/24/11 Days of Rain: 9 (>.01 in) 4 (>.1 in) 2 (>1 in) Heat Base: 65.0 Cool Base: 65.0 Method: (High + Low) / 2