Warning: file(http://www.wunderground.com/climate/extremes.asp): failed to open stream: HTTP request failed! HTTP/1.0 500 Internal Server Error in /homepages/6/d330860172/htdocs/usaextremes.php on line 55

Warning: implode(): Invalid arguments passed in /homepages/6/d330860172/htdocs/usaextremes.php on line 55

NOAA Style Climate Reports for Lebanon, TN

NOAA style reports

NOAA-style Climate Reports

2018: Jan | Feb | Mar | Apr | May | Jun | Jul | Aug | Sep | Oct | Nov | Dec 
2017: Jan | Feb | Mar | Apr | May | Jun | Jul | Aug | Sep | Oct | Nov | Dec 
2016: Jan | Feb | Mar | Apr | May | Jun | Jul | Aug | Sep | Oct | Nov | Dec 
2015: Jan | Feb | Mar | Apr | May | Jun | Jul | Aug | Sep | Oct | Nov | Dec 
2014: Jan | Feb | Mar | Apr | May | Jun | Jul | Aug | Sep | Oct | Nov | Dec 
2013: Jan | Feb | Mar | Apr | May | Jun | Jul | Aug | Sep | Oct | Nov | Dec 
2012: Jan | Feb | Mar | Apr | May | Jun | Jul | Aug | Sep | Oct | Nov | Dec 
2011: Jan | Feb | Mar | Apr | May | Jun | Jul | Aug | Sep | Oct | Nov | Dec 
2010: Jan | Feb | Mar | Apr | May | Jun | Jul | Aug | Sep | Oct | Nov | Dec 
2009: Jan | Feb | Mar | Apr | May | Jun | Jul | Aug | Sep | Oct | Nov | Dec 
2008: Jan | Feb | Mar | Apr | May | Jun | Jul | Aug | Sep | Oct | Nov | Dec 
2007: Jan | Feb | Mar | Apr | May | Jun | Jul | Aug | Sep | Oct | Nov | Dec 
2006: Jan | Feb | Mar | Apr | May | Jun | Jul | Aug | Sep | Oct | Nov | Dec 
2005: Jan | Feb | Mar | Apr | May | Jun | Jul | Aug | Sep | Oct | Nov | Dec 
2004: Jan | Feb | Mar | Apr | May | Jun | Jul | Aug | Sep | Oct | Nov | Dec 
2003: Jan | Feb | Mar | Apr | May | Jun | Jul | Aug | Sep | Oct | Nov | Dec 
2002: Jan | Feb | Mar | Apr | May | Jun | Jul | Aug | Sep | Oct | Nov | Dec 
2001: Jan | Feb | Mar | Apr | May | Jun | Jul | Aug | Sep | Oct | Nov | Dec 
2000: Jan | Feb | Mar | Apr | May | Jun | Jul | Aug | Sep | Oct | Nov | Dec 
1999: Jan | Feb | Mar | Apr | May | Jun | Jul | Aug | Sep | Oct | Nov | Dec 
1998: Jan | Feb | Mar | Apr | May | Jun | Jul | Aug | Sep | Oct | Nov | Dec 
1997: Jan | Feb | Mar | Apr | May | Jun | Jul | Aug | Sep | Oct | Nov | Dec 
1996: Jan | Feb | Mar | Apr | May | Jun | Jul | Aug | Sep | Oct | Nov | Dec 
1995: Jan | Feb | Mar | Apr | May | Jun | Jul | Aug | Sep | Oct | Nov | Dec 

Report for 2011 03
MONTHLY CLIMATOLOGICAL SUMMARY for MAR. 2011 NAME: HornSpri CITY: Lebanon STATE: TN ELEV: 612 ft LAT: 36 14' 05" N LONG: 86 22' 54" W TEMPERATURE (F), RAIN (in), WIND SPEED (mph) HEAT COOL AVG MEAN DEG DEG WIND DOM DAY TEMP HIGH TIME LOW TIME DAYS DAYS RAIN SPEED HIGH TIME DIR ------------------------------------------------------------------------------------ 1 44.7 56.3 16:21 33.1 23:53 20.3 0.0 0.00 0.6 12.0 8:33 N 2 46.0 62.3 13:53 29.8 6:05 19.0 0.0 0.00 0.3 10.0 13:45 NNE 3 53.2 69.8 14:58 36.5 6:06 11.8 0.0 0.00 2.2 19.0 12:08 SSE 4 61.1 67.3 14:25 54.8 23:59 3.9 0.0 0.01 5.9 24.0 21:18 S 5 47.3 57.0 8:59 37.6 23:53 17.7 0.0 1.41 4.4 22.0 0:05 S 6 36.2 37.6 0:01 34.7 6:34 28.8 0.0 0.00 3.4 24.0 4:20 N 7 42.2 48.3 15:10 36.0 20:31 22.8 0.0 0.00 1.1 13.0 8:30 ESE 8 47.9 57.3 12:53 38.5 5:59 17.1 0.0 0.38 2.7 22.0 13:38 SSE 9 52.9 63.1 15:37 42.8 23:53 12.1 0.0 0.78 4.8 29.0 1:19 S 10 40.0 42.8 0:01 37.2 22:08 25.0 0.0 0.03 4.2 24.0 19:46 NW 11 44.8 55.3 16:24 34.4 6:52 20.2 0.0 0.00 2.6 19.0 13:48 WNW 12 57.6 73.7 15:19 41.5 1:26 7.4 0.0 0.00 3.4 20.0 13:00 SW 13 52.3 61.6 14:37 43.1 4:08 12.7 0.0 0.42 0.6 10.0 9:39 N 14 48.3 53.8 23:35 42.9 3:37 16.7 0.0 0.19 2.1 21.0 10:18 E 15 49.0 54.7 2:48 43.2 23:40 16.0 0.0 0.10 3.2 19.0 14:57 WSW 16 51.2 60.1 17:14 42.2 4:18 13.8 0.0 0.00 0.8 11.0 0:36 WNW 17 60.3 76.7 16:08 43.9 6:55 4.7 0.0 0.00 2.3 21.0 14:14 SSW 18 68.4 79.9 16:43 57.0 2:24 0.0 3.4 0.00 2.5 26.0 20:34 SW 19 60.2 68.1 14:45 52.3 23:56 4.8 0.0 0.00 2.7 17.0 1:04 NE 20 63.6 81.2 15:52 46.0 6:42 1.4 0.0 0.00 1.6 19.0 14:33 SSW 21 68.2 77.6 15:49 58.7 5:45 0.0 3.2 0.00 3.3 20.0 13:25 SW 22 68.6 81.2 15:20 55.9 3:59 0.0 3.6 0.00 3.1 25.0 13:13 SW 23 62.3 70.3 12:10 54.2 23:58 2.8 0.0 0.39 5.9 33.0 17:46 SW 24 45.8 54.1 0:01 37.5 23:59 19.2 0.0 0.00 3.9 21.0 9:01 N 25 37.3 44.2 12:07 30.4 6:45 27.7 0.0 0.13 0.4 10.0 20:16 ENE 26 45.3 51.1 12:28 39.6 23:59 19.7 0.0 0.34 2.1 19.0 23:58 ENE 27 39.4 43.6 15:00 35.2 7:12 25.6 0.0 0.01 2.5 19.0 0:51 NE 28 45.3 55.0 16:46 35.6 7:05 19.7 0.0 0.15 1.7 17.0 9:51 NE 29 49.2 62.3 15:56 36.0 6:40 15.8 0.0 0.14 1.0 17.0 23:22 ENE 30 40.1 42.6 8:33 37.6 00:00 24.9 0.0 0.71 1.6 17.0 10:43 N 31 40.3 44.6 12:44 35.9 0:31 24.8 0.0 0.01 0.4 12.0 12:11 N ------------------------------------------------------------------------------------- 50.6 81.2 20 29.8 2 456.4 10.2 5.20 2.5 33.0 23 N Max >= 90.0: 0 Max <= 32.0: 0 Min <= 32.0: 2 Min <= 0.0: 0 Max Rain: 1.41 ON 03/05/11 Days of Rain: 13 (>.01 in) 11 (>.1 in) 1 (>1 in) Heat Base: 65.0 Cool Base: 65.0 Method: (High + Low) / 2