Warning: file(http://www.wunderground.com/climate/extremes.asp): failed to open stream: HTTP request failed! HTTP/1.0 500 Internal Server Error in /homepages/6/d330860172/htdocs/usaextremes.php on line 55

Warning: implode(): Invalid arguments passed in /homepages/6/d330860172/htdocs/usaextremes.php on line 55

NOAA Style Climate Reports for Lebanon, TN

NOAA style reports

NOAA-style Climate Reports

2018: Jan | Feb | Mar | Apr | May | Jun | Jul | Aug | Sep | Oct | Nov | Dec 
2017: Jan | Feb | Mar | Apr | May | Jun | Jul | Aug | Sep | Oct | Nov | Dec 
2016: Jan | Feb | Mar | Apr | May | Jun | Jul | Aug | Sep | Oct | Nov | Dec 
2015: Jan | Feb | Mar | Apr | May | Jun | Jul | Aug | Sep | Oct | Nov | Dec 
2014: Jan | Feb | Mar | Apr | May | Jun | Jul | Aug | Sep | Oct | Nov | Dec 
2013: Jan | Feb | Mar | Apr | May | Jun | Jul | Aug | Sep | Oct | Nov | Dec 
2012: Jan | Feb | Mar | Apr | May | Jun | Jul | Aug | Sep | Oct | Nov | Dec 
2011: Jan | Feb | Mar | Apr | May | Jun | Jul | Aug | Sep | Oct | Nov | Dec 
2010: Jan | Feb | Mar | Apr | May | Jun | Jul | Aug | Sep | Oct | Nov | Dec 
2009: Jan | Feb | Mar | Apr | May | Jun | Jul | Aug | Sep | Oct | Nov | Dec 
2008: Jan | Feb | Mar | Apr | May | Jun | Jul | Aug | Sep | Oct | Nov | Dec 
2007: Jan | Feb | Mar | Apr | May | Jun | Jul | Aug | Sep | Oct | Nov | Dec 
2006: Jan | Feb | Mar | Apr | May | Jun | Jul | Aug | Sep | Oct | Nov | Dec 
2005: Jan | Feb | Mar | Apr | May | Jun | Jul | Aug | Sep | Oct | Nov | Dec 
2004: Jan | Feb | Mar | Apr | May | Jun | Jul | Aug | Sep | Oct | Nov | Dec 
2003: Jan | Feb | Mar | Apr | May | Jun | Jul | Aug | Sep | Oct | Nov | Dec 
2002: Jan | Feb | Mar | Apr | May | Jun | Jul | Aug | Sep | Oct | Nov | Dec 
2001: Jan | Feb | Mar | Apr | May | Jun | Jul | Aug | Sep | Oct | Nov | Dec 
2000: Jan | Feb | Mar | Apr | May | Jun | Jul | Aug | Sep | Oct | Nov | Dec 
1999: Jan | Feb | Mar | Apr | May | Jun | Jul | Aug | Sep | Oct | Nov | Dec 
1998: Jan | Feb | Mar | Apr | May | Jun | Jul | Aug | Sep | Oct | Nov | Dec 
1997: Jan | Feb | Mar | Apr | May | Jun | Jul | Aug | Sep | Oct | Nov | Dec 
1996: Jan | Feb | Mar | Apr | May | Jun | Jul | Aug | Sep | Oct | Nov | Dec 
1995: Jan | Feb | Mar | Apr | May | Jun | Jul | Aug | Sep | Oct | Nov | Dec 

Report for 2011 05
MONTHLY CLIMATOLOGICAL SUMMARY for MAY. 2011 NAME: HornSpri CITY: Lebanon STATE: TN ELEV: 612 ft LAT: 36 14' 05" N LONG: 86 22' 54" W TEMPERATURE (F), RAIN (in), WIND SPEED (mph) HEAT COOL AVG MEAN DEG DEG WIND DOM DAY TEMP HIGH TIME LOW TIME DAYS DAYS RAIN SPEED HIGH TIME DIR ------------------------------------------------------------------------------------ 1 67.2 73.5 16:04 60.9 7:49 0.0 2.2 0.55 1.0 19.0 9:37 S 2 67.0 79.0 14:52 55.0 23:49 0.0 2.0 0.30 0.7 17.0 20:40 SE 3 50.1 55.0 0:01 45.2 23:32 14.9 0.0 0.83 0.8 14.0 12:50 N 4 49.9 60.7 15:56 39.1 6:09 15.1 0.0 0.00 1.4 18.0 12:44 N 5 52.7 67.8 16:52 37.5 5:59 12.3 0.0 0.00 0.5 11.0 8:39 ESE 6 59.8 70.4 15:57 49.2 0:49 5.2 0.0 0.01 0.6 12.0 11:28 W 7 59.2 72.3 16:01 46.0 5:55 5.8 0.0 0.01 0.3 20.0 16:02 WSW 8 72.0 84.5 15:37 59.5 6:24 0.0 7.0 0.00 0.1 11.0 8:51 W 9 72.9 84.9 14:37 60.9 5:49 0.0 7.9 0.00 0.1 11.0 15:27 W 10 78.6 88.4 15:19 68.8 2:30 0.0 13.6 0.00 0.7 19.0 13:20 WSW 11 77.3 89.5 15:15 65.0 5:52 0.0 12.3 0.00 0.4 16.0 14:26 WSW 12 76.4 88.0 16:14 64.8 23:33 0.0 11.4 0.17 0.3 24.0 18:25 W 13 65.2 70.9 18:08 59.5 22:25 0.0 0.2 0.18 0.9 28.0 20:23 W 14 60.7 66.3 12:38 55.0 23:58 4.3 0.0 0.01 2.7 22.0 13:46 W 15 53.7 56.3 14:23 51.1 6:15 11.3 0.0 0.00 2.7 18.0 4:43 W 16 52.7 56.0 16:46 49.4 5:39 12.3 0.0 0.00 0.8 16.0 12:48 N 17 51.2 56.6 13:44 45.7 3:44 13.8 0.0 0.00 0.7 14.0 10:09 N 18 54.7 62.0 14:26 47.4 2:14 10.3 0.0 0.00 0.5 12.0 11:57 WSW 19 65.4 75.3 15:55 55.6 5:37 0.0 0.4 0.00 0.1 11.0 13:19 W 20 71.6 83.6 16:11 59.6 5:23 0.0 6.6 0.00 0.3 10.0 9:53 E 21 73.3 87.4 15:35 59.2 5:09 0.0 8.3 0.10 0.4 22.0 16:46 WSW 22 74.5 85.3 11:42 63.7 4:32 0.0 9.5 0.00 1.1 30.0 12:54 WSW 23 73.6 84.0 15:19 63.1 4:45 0.0 8.6 0.12 1.9 36.0 3:52 WSW 24 74.3 83.8 16:26 64.7 6:28 0.0 9.3 0.25 0.7 35.0 5:18 WSW 25 78.4 86.3 16:24 70.6 23:52 0.0 13.4 0.01 1.5 25.0 23:33 S 26 68.6 77.2 15:28 60.1 23:46 0.0 3.6 0.47 1.5 42.0 0:24 WSW 27 61.4 66.6 16:38 56.3 6:57 3.6 0.0 0.01 0.3 10.0 22:42 NNW 28 68.7 84.3 15:01 53.1 5:01 0.0 3.7 0.00 0.1 10.0 9:44 SW 29 77.8 92.7 16:11 62.9 5:49 0.0 12.8 0.00 0.2 14.0 12:11 WSW 30 81.1 94.3 15:56 67.9 4:26 0.0 16.1 0.00 0.1 10.0 11:21 SW 31 81.8 93.8 14:52 69.8 5:59 0.0 16.8 0.00 0.2 8.0 9:30 WSW ------------------------------------------------------------------------------------- 66.8 94.3 30 37.5 5 109.0 165.7 3.02 0.8 42.0 26 WSW Max >= 90.0: 3 Max <= 32.0: 0 Min <= 32.0: 0 Min <= 0.0: 0 Max Rain: 0.83 ON 05/03/11 Days of Rain: 9 (>.01 in) 8 (>.1 in) 0 (>1 in) Heat Base: 65.0 Cool Base: 65.0 Method: (High + Low) / 2