Warning: file(http://www.wunderground.com/climate/extremes.asp): failed to open stream: HTTP request failed! HTTP/1.0 500 Internal Server Error in /homepages/6/d330860172/htdocs/usaextremes.php on line 55

Warning: implode(): Invalid arguments passed in /homepages/6/d330860172/htdocs/usaextremes.php on line 55

NOAA Style Climate Reports for Lebanon, TN

NOAA style reports

NOAA-style Climate Reports

2018: Jan | Feb | Mar | Apr | May | Jun | Jul | Aug | Sep | Oct | Nov | Dec 
2017: Jan | Feb | Mar | Apr | May | Jun | Jul | Aug | Sep | Oct | Nov | Dec 
2016: Jan | Feb | Mar | Apr | May | Jun | Jul | Aug | Sep | Oct | Nov | Dec 
2015: Jan | Feb | Mar | Apr | May | Jun | Jul | Aug | Sep | Oct | Nov | Dec 
2014: Jan | Feb | Mar | Apr | May | Jun | Jul | Aug | Sep | Oct | Nov | Dec 
2013: Jan | Feb | Mar | Apr | May | Jun | Jul | Aug | Sep | Oct | Nov | Dec 
2012: Jan | Feb | Mar | Apr | May | Jun | Jul | Aug | Sep | Oct | Nov | Dec 
2011: Jan | Feb | Mar | Apr | May | Jun | Jul | Aug | Sep | Oct | Nov | Dec 
2010: Jan | Feb | Mar | Apr | May | Jun | Jul | Aug | Sep | Oct | Nov | Dec 
2009: Jan | Feb | Mar | Apr | May | Jun | Jul | Aug | Sep | Oct | Nov | Dec 
2008: Jan | Feb | Mar | Apr | May | Jun | Jul | Aug | Sep | Oct | Nov | Dec 
2007: Jan | Feb | Mar | Apr | May | Jun | Jul | Aug | Sep | Oct | Nov | Dec 
2006: Jan | Feb | Mar | Apr | May | Jun | Jul | Aug | Sep | Oct | Nov | Dec 
2005: Jan | Feb | Mar | Apr | May | Jun | Jul | Aug | Sep | Oct | Nov | Dec 
2004: Jan | Feb | Mar | Apr | May | Jun | Jul | Aug | Sep | Oct | Nov | Dec 
2003: Jan | Feb | Mar | Apr | May | Jun | Jul | Aug | Sep | Oct | Nov | Dec 
2002: Jan | Feb | Mar | Apr | May | Jun | Jul | Aug | Sep | Oct | Nov | Dec 
2001: Jan | Feb | Mar | Apr | May | Jun | Jul | Aug | Sep | Oct | Nov | Dec 
2000: Jan | Feb | Mar | Apr | May | Jun | Jul | Aug | Sep | Oct | Nov | Dec 
1999: Jan | Feb | Mar | Apr | May | Jun | Jul | Aug | Sep | Oct | Nov | Dec 
1998: Jan | Feb | Mar | Apr | May | Jun | Jul | Aug | Sep | Oct | Nov | Dec 
1997: Jan | Feb | Mar | Apr | May | Jun | Jul | Aug | Sep | Oct | Nov | Dec 
1996: Jan | Feb | Mar | Apr | May | Jun | Jul | Aug | Sep | Oct | Nov | Dec 
1995: Jan | Feb | Mar | Apr | May | Jun | Jul | Aug | Sep | Oct | Nov | Dec 

Report for 2011 06
MONTHLY CLIMATOLOGICAL SUMMARY for JUN. 2011 NAME: HornSpri CITY: Lebanon STATE: TN ELEV: 612 ft LAT: 36 14' 05" N LONG: 86 22' 54" W TEMPERATURE (F), RAIN (in), WIND SPEED (mph) HEAT COOL AVG MEAN DEG DEG WIND DOM DAY TEMP HIGH TIME LOW TIME DAYS DAYS RAIN SPEED HIGH TIME DIR ------------------------------------------------------------------------------------ 1 81.1 93.2 15:58 69.1 5:46 0.0 16.1 0.00 0.4 11.0 11:34 NNE 2 80.7 92.3 15:16 69.1 4:46 0.0 15.7 0.00 0.5 10.0 17:59 ESE 3 80.2 92.1 15:43 68.3 3:26 0.0 15.2 0.00 0.5 12.0 13:03 NNE 4 79.6 94.0 16:23 65.2 4:59 0.0 14.6 0.00 0.2 8.0 14:05 NNE 5 81.1 93.6 12:50 68.6 14:53 0.0 16.1 0.34 0.6 27.0 13:26 N 6 78.1 90.3 15:42 65.8 3:37 0.0 13.1 0.00 0.4 8.0 13:40 NE 7 81.5 95.6 16:04 67.4 5:29 0.0 16.5 0.00 0.2 8.0 11:50 NW 8 82.4 95.1 15:36 69.8 6:08 0.0 17.4 0.00 0.2 14.0 12:14 W 9 80.8 92.1 15:08 69.6 5:56 0.0 15.8 0.00 0.4 12.0 12:47 WNW 10 79.9 93.6 16:16 66.3 5:28 0.0 14.9 0.00 0.4 12.0 16:04 WNW 11 80.3 93.2 15:35 67.4 4:53 0.0 15.3 0.00 0.4 18.0 23:15 NW 12 76.7 85.9 16:44 67.4 5:59 0.0 11.7 0.06 0.7 14.0 13:07 N 13 75.2 85.9 15:42 64.5 5:45 0.0 10.2 0.00 0.5 13.0 10:49 N 14 71.4 80.5 10:45 62.4 5:38 0.0 6.4 0.04 0.3 11.0 11:31 E 15 73.2 83.4 11:35 62.9 5:35 0.0 8.2 0.56 0.3 25.0 12:33 WSW 16 74.7 88.0 15:18 61.3 5:52 0.0 9.7 0.00 0.1 18.0 23:52 N 17 74.0 81.1 15:13 66.9 5:14 0.0 9.0 0.12 1.1 14.0 12:16 N 18 71.2 74.6 18:27 67.8 23:49 0.0 6.2 0.14 0.5 20.0 9:16 WSW 19 77.2 87.0 16:48 67.4 0:27 0.0 12.2 0.15 0.3 16.0 14:49 WSW 20 80.2 91.0 14:24 69.3 5:02 0.0 15.2 0.00 0.6 14.0 12:40 WSW 21 76.7 84.5 12:23 68.9 22:23 0.0 11.7 0.82 0.5 29.0 16:01 WSW 22 73.3 77.4 15:27 69.1 0:06 0.0 8.3 0.04 0.1 12.0 10:20 WSW 23 78.2 86.5 17:08 69.9 1:42 0.0 13.2 0.01 1.9 22.0 17:27 WSW 24 73.0 83.4 16:06 62.6 5:44 0.0 8.0 0.00 1.0 19.0 14:26 W 25 73.8 84.9 16:38 62.7 5:50 0.0 8.8 0.00 0.3 10.0 11:47 WSW 26 70.9 76.3 1:49 65.6 7:30 0.0 5.9 0.30 0.1 17.0 11:29 WSW 27 77.6 88.2 12:14 66.9 0:01 0.0 12.6 0.01 0.5 16.0 14:01 WSW 28 72.4 80.1 17:17 64.7 4:46 0.0 7.4 1.12 0.3 14.0 9:51 WSW 29 73.3 85.1 16:29 61.6 5:51 0.0 8.3 0.00 0.3 12.0 14:49 N 30 72.9 87.2 16:17 58.7 6:01 0.0 7.9 0.00 0.2 11.0 10:01 NE ------------------------------------------------------------------------------------- 76.7 95.6 7 58.7 30 0.0 351.6 3.71 0.5 29.0 21 WSW Max >= 90.0: 12 Max <= 32.0: 0 Min <= 32.0: 0 Min <= 0.0: 0 Max Rain: 1.12 ON 06/28/11 Days of Rain: 11 (>.01 in) 8 (>.1 in) 1 (>1 in) Heat Base: 65.0 Cool Base: 65.0 Method: (High + Low) / 2