Warning: file(http://www.wunderground.com/climate/extremes.asp): failed to open stream: HTTP request failed! HTTP/1.0 500 Internal Server Error in /homepages/6/d330860172/htdocs/usaextremes.php on line 55

Warning: implode(): Invalid arguments passed in /homepages/6/d330860172/htdocs/usaextremes.php on line 55

NOAA Style Climate Reports for Lebanon, TN

NOAA style reports

NOAA-style Climate Reports

2018: Jan | Feb | Mar | Apr | May | Jun | Jul | Aug | Sep | Oct | Nov | Dec 
2017: Jan | Feb | Mar | Apr | May | Jun | Jul | Aug | Sep | Oct | Nov | Dec 
2016: Jan | Feb | Mar | Apr | May | Jun | Jul | Aug | Sep | Oct | Nov | Dec 
2015: Jan | Feb | Mar | Apr | May | Jun | Jul | Aug | Sep | Oct | Nov | Dec 
2014: Jan | Feb | Mar | Apr | May | Jun | Jul | Aug | Sep | Oct | Nov | Dec 
2013: Jan | Feb | Mar | Apr | May | Jun | Jul | Aug | Sep | Oct | Nov | Dec 
2012: Jan | Feb | Mar | Apr | May | Jun | Jul | Aug | Sep | Oct | Nov | Dec 
2011: Jan | Feb | Mar | Apr | May | Jun | Jul | Aug | Sep | Oct | Nov | Dec 
2010: Jan | Feb | Mar | Apr | May | Jun | Jul | Aug | Sep | Oct | Nov | Dec 
2009: Jan | Feb | Mar | Apr | May | Jun | Jul | Aug | Sep | Oct | Nov | Dec 
2008: Jan | Feb | Mar | Apr | May | Jun | Jul | Aug | Sep | Oct | Nov | Dec 
2007: Jan | Feb | Mar | Apr | May | Jun | Jul | Aug | Sep | Oct | Nov | Dec 
2006: Jan | Feb | Mar | Apr | May | Jun | Jul | Aug | Sep | Oct | Nov | Dec 
2005: Jan | Feb | Mar | Apr | May | Jun | Jul | Aug | Sep | Oct | Nov | Dec 
2004: Jan | Feb | Mar | Apr | May | Jun | Jul | Aug | Sep | Oct | Nov | Dec 
2003: Jan | Feb | Mar | Apr | May | Jun | Jul | Aug | Sep | Oct | Nov | Dec 
2002: Jan | Feb | Mar | Apr | May | Jun | Jul | Aug | Sep | Oct | Nov | Dec 
2001: Jan | Feb | Mar | Apr | May | Jun | Jul | Aug | Sep | Oct | Nov | Dec 
2000: Jan | Feb | Mar | Apr | May | Jun | Jul | Aug | Sep | Oct | Nov | Dec 
1999: Jan | Feb | Mar | Apr | May | Jun | Jul | Aug | Sep | Oct | Nov | Dec 
1998: Jan | Feb | Mar | Apr | May | Jun | Jul | Aug | Sep | Oct | Nov | Dec 
1997: Jan | Feb | Mar | Apr | May | Jun | Jul | Aug | Sep | Oct | Nov | Dec 
1996: Jan | Feb | Mar | Apr | May | Jun | Jul | Aug | Sep | Oct | Nov | Dec 
1995: Jan | Feb | Mar | Apr | May | Jun | Jul | Aug | Sep | Oct | Nov | Dec 

Report for 2011 07
MONTHLY CLIMATOLOGICAL SUMMARY for JUL. 2011 NAME: HornSpri CITY: Lebanon STATE: TN ELEV: 612 ft LAT: 36 14' 05" N LONG: 86 22' 54" W TEMPERATURE (F), RAIN (in), WIND SPEED (mph) HEAT COOL AVG MEAN DEG DEG WIND DOM DAY TEMP HIGH TIME LOW TIME DAYS DAYS RAIN SPEED HIGH TIME DIR ------------------------------------------------------------------------------------ 1 75.3 88.0 14:23 62.6 4:05 0.0 10.3 0.00 0.0 0.0 --- --- 2 77.9 91.2 16:23 64.7 5:39 0.0 12.9 0.00 0.1 11.0 12:40 N 3 81.3 93.8 16:45 68.8 6:01 0.0 16.3 0.00 0.0 7.0 14:33 NNW 4 78.3 86.5 15:39 70.1 5:03 0.0 13.3 0.00 0.2 16.0 10:14 N 5 78.7 88.8 15:10 68.6 5:14 0.0 13.7 0.05 0.0 10.0 9:15 ENE 6 80.1 91.2 16:49 69.1 5:13 0.0 15.1 0.00 0.1 11.0 14:04 W 7 80.3 90.5 13:42 70.1 5:54 0.0 15.3 0.38 0.0 7.0 14:16 W 8 77.0 82.4 15:30 71.6 9:24 0.0 12.0 0.29 0.1 10.0 8:47 SW 9 78.2 88.0 16:15 68.4 5:04 0.0 13.2 0.00 0.5 8.0 10:07 ENE 10 81.3 93.5 15:47 69.0 5:49 0.0 16.3 0.00 0.7 9.0 15:23 E 11 87.4 97.7 15:39 77.1 6:04 0.0 22.4 0.00 1.7 10.0 8:14 SW 12 86.4 96.1 13:15 76.7 23:49 0.0 21.4 0.00 2.4 23.0 13:25 SW 13 82.2 91.0 13:42 73.3 6:09 0.0 17.2 0.00 2.0 14.0 11:48 NNW 14 82.8 90.6 15:32 74.9 5:41 0.0 17.8 0.00 2.3 12.0 15:08 NNE 15 81.4 89.9 15:46 72.8 6:09 0.0 16.4 0.01 1.2 10.0 12:59 ESE 16 79.7 86.8 15:55 72.5 23:55 0.0 14.7 0.00 1.0 13.0 14:49 ESE 17 79.8 90.4 15:22 69.2 5:38 0.0 14.8 0.00 0.7 10.0 9:19 E 18 80.7 90.5 13:55 70.9 5:53 0.0 15.7 0.50 1.1 11.0 16:30 SW 19 81.3 92.1 16:20 70.5 5:25 0.0 16.3 0.00 1.5 11.0 14:32 SW 20 84.9 94.2 16:05 75.6 2:55 0.0 19.9 0.00 1.5 12.0 14:30 SW 21 84.0 94.5 13:48 73.5 23:49 0.0 19.0 0.09 1.3 22.0 14:00 SW 22 82.6 93.4 16:12 71.7 4:17 0.0 17.6 0.00 0.5 11.0 13:34 SSW 23 83.9 93.9 16:10 73.9 6:11 0.0 18.9 0.00 0.8 11.0 12:45 S 24 84.1 92.7 15:41 75.6 5:36 0.0 19.1 0.00 1.4 13.0 18:21 SW 25 82.7 90.9 16:13 74.4 23:50 0.0 17.7 0.08 1.5 11.0 14:04 NW 26 82.6 94.6 16:15 70.5 5:56 0.0 17.6 0.00 1.2 11.0 13:20 NE 27 84.8 98.2 15:31 71.3 3:10 0.0 19.8 0.00 1.1 11.0 10:15 E 28 84.2 97.0 15:10 71.4 4:52 0.0 19.2 0.00 1.0 11.0 11:39 E 29 83.9 93.1 16:18 74.8 6:13 0.0 18.9 0.00 1.9 12.0 14:55 SW 30 81.8 88.2 14:02 75.5 9:39 0.0 16.8 0.02 1.2 19.0 9:01 SW 31 84.7 94.8 15:47 74.6 3:49 0.0 19.7 0.00 1.2 15.0 16:08 NNW ------------------------------------------------------------------------------------- 81.7 98.2 27 62.6 1 0.0 519.1 1.42 1.0 23.0 12 SW Max >= 90.0: 23 Max <= 32.0: 0 Min <= 32.0: 0 Min <= 0.0: 0 Max Rain: 0.50 ON 07/18/11 Days of Rain: 7 (>.01 in) 3 (>.1 in) 0 (>1 in) Heat Base: 65.0 Cool Base: 65.0 Method: (High + Low) / 2