Warning: file(http://www.wunderground.com/climate/extremes.asp): failed to open stream: HTTP request failed! HTTP/1.0 500 Internal Server Error in /homepages/6/d330860172/htdocs/usaextremes.php on line 55

Warning: implode(): Invalid arguments passed in /homepages/6/d330860172/htdocs/usaextremes.php on line 55

NOAA Style Climate Reports for Lebanon, TN

NOAA style reports

NOAA-style Climate Reports

2018: Jan | Feb | Mar | Apr | May | Jun | Jul | Aug | Sep | Oct | Nov | Dec 
2017: Jan | Feb | Mar | Apr | May | Jun | Jul | Aug | Sep | Oct | Nov | Dec 
2016: Jan | Feb | Mar | Apr | May | Jun | Jul | Aug | Sep | Oct | Nov | Dec 
2015: Jan | Feb | Mar | Apr | May | Jun | Jul | Aug | Sep | Oct | Nov | Dec 
2014: Jan | Feb | Mar | Apr | May | Jun | Jul | Aug | Sep | Oct | Nov | Dec 
2013: Jan | Feb | Mar | Apr | May | Jun | Jul | Aug | Sep | Oct | Nov | Dec 
2012: Jan | Feb | Mar | Apr | May | Jun | Jul | Aug | Sep | Oct | Nov | Dec 
2011: Jan | Feb | Mar | Apr | May | Jun | Jul | Aug | Sep | Oct | Nov | Dec 
2010: Jan | Feb | Mar | Apr | May | Jun | Jul | Aug | Sep | Oct | Nov | Dec 
2009: Jan | Feb | Mar | Apr | May | Jun | Jul | Aug | Sep | Oct | Nov | Dec 
2008: Jan | Feb | Mar | Apr | May | Jun | Jul | Aug | Sep | Oct | Nov | Dec 
2007: Jan | Feb | Mar | Apr | May | Jun | Jul | Aug | Sep | Oct | Nov | Dec 
2006: Jan | Feb | Mar | Apr | May | Jun | Jul | Aug | Sep | Oct | Nov | Dec 
2005: Jan | Feb | Mar | Apr | May | Jun | Jul | Aug | Sep | Oct | Nov | Dec 
2004: Jan | Feb | Mar | Apr | May | Jun | Jul | Aug | Sep | Oct | Nov | Dec 
2003: Jan | Feb | Mar | Apr | May | Jun | Jul | Aug | Sep | Oct | Nov | Dec 
2002: Jan | Feb | Mar | Apr | May | Jun | Jul | Aug | Sep | Oct | Nov | Dec 
2001: Jan | Feb | Mar | Apr | May | Jun | Jul | Aug | Sep | Oct | Nov | Dec 
2000: Jan | Feb | Mar | Apr | May | Jun | Jul | Aug | Sep | Oct | Nov | Dec 
1999: Jan | Feb | Mar | Apr | May | Jun | Jul | Aug | Sep | Oct | Nov | Dec 
1998: Jan | Feb | Mar | Apr | May | Jun | Jul | Aug | Sep | Oct | Nov | Dec 
1997: Jan | Feb | Mar | Apr | May | Jun | Jul | Aug | Sep | Oct | Nov | Dec 
1996: Jan | Feb | Mar | Apr | May | Jun | Jul | Aug | Sep | Oct | Nov | Dec 
1995: Jan | Feb | Mar | Apr | May | Jun | Jul | Aug | Sep | Oct | Nov | Dec 

Report for 2011 08
MONTHLY CLIMATOLOGICAL SUMMARY for AUG. 2011 NAME: HornSpri CITY: Lebanon STATE: TN ELEV: 612 ft LAT: 36 14' 05" N LONG: 86 22' 54" W TEMPERATURE (F), RAIN (in), WIND SPEED (mph) HEAT COOL AVG MEAN DEG DEG WIND DOM DAY TEMP HIGH TIME LOW TIME DAYS DAYS RAIN SPEED HIGH TIME DIR ------------------------------------------------------------------------------------ 1 82.6 95.2 15:49 70.0 6:02 0.0 17.6 0.00 1.7 12.0 10:43 NNE 2 82.2 97.2 15:42 67.2 5:36 0.0 17.2 0.00 0.8 9.0 12:14 SW 3 88.9 103.2 15:42 74.6 4:19 0.0 23.9 0.00 2.0 15.0 11:27 SW 4 83.9 92.9 16:47 74.9 5:44 0.0 18.9 0.00 1.2 13.0 15:50 SSW 5 80.7 85.4 12:54 76.0 5:34 0.0 15.7 0.00 1.2 12.0 12:57 SW 6 79.3 84.1 10:36 74.6 11:35 0.0 14.3 0.70 0.6 14.0 10:58 SW 7 83.7 93.2 16:47 74.2 6:19 0.0 18.7 0.02 1.4 12.0 16:26 SW 8 84.1 94.1 14:33 74.1 5:15 0.0 19.1 0.00 2.3 16.0 10:52 SW 9 80.4 88.8 17:46 71.9 23:56 0.0 15.4 0.00 2.1 14.0 12:04 SW 10 78.3 89.2 16:28 67.3 4:46 0.0 13.3 0.00 1.8 15.0 15:34 SW 11 77.4 88.2 15:27 66.7 5:42 0.0 12.4 0.00 1.6 13.0 14:47 NNE 12 77.4 91.0 15:36 63.8 6:23 0.0 12.4 0.00 1.1 11.0 13:29 SW 13 78.6 88.7 15:14 68.5 4:35 0.0 13.6 0.57 1.1 22.0 9:16 SW 14 74.8 84.0 15:46 65.5 22:43 0.0 9.8 0.00 2.6 18.0 17:36 NW 15 72.8 83.4 15:40 62.3 6:37 0.0 7.8 0.00 1.7 13.0 16:42 NW 16 73.5 86.5 15:09 60.5 6:07 0.0 8.5 0.00 1.0 10.0 10:33 NE 17 76.4 92.2 15:01 60.7 4:23 0.0 11.4 0.00 0.9 10.0 15:40 E 18 79.8 93.9 15:16 65.6 6:27 0.0 14.8 0.00 0.9 11.0 15:24 SW 19 77.2 89.5 12:22 64.8 6:01 0.0 12.2 0.00 1.2 9.0 13:16 SW 20 79.9 94.1 15:12 65.8 6:02 0.0 14.9 0.00 1.2 13.0 12:35 ENE 21 82.3 92.6 16:04 72.1 1:49 0.0 17.3 0.38 1.6 15.0 14:59 SW 22 79.2 89.8 15:44 68.5 23:54 0.0 14.2 0.00 1.8 14.0 16:28 NNW 23 76.4 92.4 16:05 60.4 5:29 0.0 11.4 0.00 1.4 9.0 9:13 ENE 24 82.3 96.2 16:07 68.4 2:25 0.0 17.3 0.00 1.7 16.0 12:48 S 25 84.6 96.6 15:56 72.5 4:58 0.0 19.6 0.00 2.3 16.0 11:49 SW 26 81.6 94.2 15:04 68.9 6:15 0.0 16.6 0.00 2.1 16.0 13:32 NNW 27 76.8 91.5 15:37 62.2 6:21 0.0 11.8 0.00 3.1 15.0 11:58 NW 28 78.2 89.6 15:44 66.8 00:00 0.0 13.2 0.00 2.6 15.0 14:18 NNW 29 75.3 90.3 15:35 60.2 6:41 0.0 10.3 0.00 1.6 14.0 14:44 NNW 30 75.1 92.6 15:29 57.6 6:36 0.0 10.1 0.00 1.4 11.0 13:49 ENE 31 81.4 95.9 15:53 66.9 2:24 0.0 16.4 0.00 1.2 11.0 11:17 SSW ------------------------------------------------------------------------------------- 79.5 103.2 3 57.6 30 0.0 450.0 1.67 1.6 22.0 13 SW Max >= 90.0: 19 Max <= 32.0: 0 Min <= 32.0: 0 Min <= 0.0: 0 Max Rain: 0.70 ON 08/06/11 Days of Rain: 4 (>.01 in) 3 (>.1 in) 0 (>1 in) Heat Base: 65.0 Cool Base: 65.0 Method: (High + Low) / 2