Warning: file(http://www.wunderground.com/climate/extremes.asp): failed to open stream: HTTP request failed! HTTP/1.0 500 Internal Server Error in /homepages/6/d330860172/htdocs/usaextremes.php on line 55

Warning: implode(): Invalid arguments passed in /homepages/6/d330860172/htdocs/usaextremes.php on line 55

NOAA Style Climate Reports for Lebanon, TN

NOAA style reports

NOAA-style Climate Reports

2018: Jan | Feb | Mar | Apr | May | Jun | Jul | Aug | Sep | Oct | Nov | Dec 
2017: Jan | Feb | Mar | Apr | May | Jun | Jul | Aug | Sep | Oct | Nov | Dec 
2016: Jan | Feb | Mar | Apr | May | Jun | Jul | Aug | Sep | Oct | Nov | Dec 
2015: Jan | Feb | Mar | Apr | May | Jun | Jul | Aug | Sep | Oct | Nov | Dec 
2014: Jan | Feb | Mar | Apr | May | Jun | Jul | Aug | Sep | Oct | Nov | Dec 
2013: Jan | Feb | Mar | Apr | May | Jun | Jul | Aug | Sep | Oct | Nov | Dec 
2012: Jan | Feb | Mar | Apr | May | Jun | Jul | Aug | Sep | Oct | Nov | Dec 
2011: Jan | Feb | Mar | Apr | May | Jun | Jul | Aug | Sep | Oct | Nov | Dec 
2010: Jan | Feb | Mar | Apr | May | Jun | Jul | Aug | Sep | Oct | Nov | Dec 
2009: Jan | Feb | Mar | Apr | May | Jun | Jul | Aug | Sep | Oct | Nov | Dec 
2008: Jan | Feb | Mar | Apr | May | Jun | Jul | Aug | Sep | Oct | Nov | Dec 
2007: Jan | Feb | Mar | Apr | May | Jun | Jul | Aug | Sep | Oct | Nov | Dec 
2006: Jan | Feb | Mar | Apr | May | Jun | Jul | Aug | Sep | Oct | Nov | Dec 
2005: Jan | Feb | Mar | Apr | May | Jun | Jul | Aug | Sep | Oct | Nov | Dec 
2004: Jan | Feb | Mar | Apr | May | Jun | Jul | Aug | Sep | Oct | Nov | Dec 
2003: Jan | Feb | Mar | Apr | May | Jun | Jul | Aug | Sep | Oct | Nov | Dec 
2002: Jan | Feb | Mar | Apr | May | Jun | Jul | Aug | Sep | Oct | Nov | Dec 
2001: Jan | Feb | Mar | Apr | May | Jun | Jul | Aug | Sep | Oct | Nov | Dec 
2000: Jan | Feb | Mar | Apr | May | Jun | Jul | Aug | Sep | Oct | Nov | Dec 
1999: Jan | Feb | Mar | Apr | May | Jun | Jul | Aug | Sep | Oct | Nov | Dec 
1998: Jan | Feb | Mar | Apr | May | Jun | Jul | Aug | Sep | Oct | Nov | Dec 
1997: Jan | Feb | Mar | Apr | May | Jun | Jul | Aug | Sep | Oct | Nov | Dec 
1996: Jan | Feb | Mar | Apr | May | Jun | Jul | Aug | Sep | Oct | Nov | Dec 
1995: Jan | Feb | Mar | Apr | May | Jun | Jul | Aug | Sep | Oct | Nov | Dec 

Report for 2011 09
MONTHLY CLIMATOLOGICAL SUMMARY for SEP. 2011 NAME: HornSpri CITY: Lebanon STATE: TN ELEV: 612 ft LAT: 36 14' 05" N LONG: 86 22' 54" W TEMPERATURE (F), RAIN (in), WIND SPEED (mph) HEAT COOL AVG MEAN DEG DEG WIND DOM DAY TEMP HIGH TIME LOW TIME DAYS DAYS RAIN SPEED HIGH TIME DIR ------------------------------------------------------------------------------------ 1 84.1 98.6 16:08 69.6 6:28 0.0 19.1 0.00 1.2 12.0 12:10 SSW 2 84.7 100.2 14:17 69.2 6:19 0.0 19.7 0.00 0.8 11.0 12:36 SW 3 85.1 100.6 14:24 69.5 6:44 0.0 20.1 0.01 1.2 12.0 20:40 ESE 4 76.3 83.7 11:44 69.0 23:51 0.0 11.3 1.21 0.9 11.0 9:53 SW 5 63.5 69.0 0:01 58.1 23:56 1.5 0.0 2.21 4.2 20.0 23:05 N 6 57.8 58.8 23:57 56.8 9:30 7.2 0.0 0.59 6.7 25.0 3:39 NNW 7 63.0 67.3 14:25 58.7 0:01 2.0 0.0 0.00 3.0 15.0 0:26 NW 8 62.1 66.7 10:42 57.5 2:22 2.9 0.0 0.00 1.2 10.0 10:42 NNW 9 67.2 78.9 14:15 55.5 5:32 0.0 2.2 0.00 1.2 14.0 13:13 SW 10 69.2 82.8 14:46 55.5 6:32 0.0 4.2 0.01 1.3 14.0 12:58 SW 11 70.4 81.7 15:27 59.1 7:01 0.0 5.4 0.05 1.2 12.0 15:28 ESE 12 71.1 84.3 16:01 57.9 6:08 0.0 6.1 0.00 0.9 10.0 14:06 W 13 72.7 87.5 15:55 57.8 6:31 0.0 7.7 0.00 0.9 12.0 12:02 SSW 14 73.0 86.5 13:33 59.5 5:18 0.0 8.0 0.17 0.7 11.0 13:02 SW 15 61.2 67.7 0:03 54.7 23:54 3.8 0.0 0.13 4.4 22.0 8:10 NNW 16 60.8 69.8 17:10 51.7 2:23 4.3 0.0 0.00 1.7 12.0 8:43 NNE 17 68.1 78.5 16:09 57.7 0:01 0.0 3.1 0.00 1.0 10.0 11:23 E 18 71.7 82.1 15:37 61.2 3:30 0.0 6.7 0.00 1.1 11.0 14:24 SE 19 67.1 72.4 0:01 61.7 23:58 0.0 2.1 0.06 1.3 10.0 8:18 S 20 69.4 77.1 14:33 61.7 0:01 0.0 4.4 0.41 1.2 13.0 16:57 E 21 71.6 80.2 16:23 62.9 23:45 0.0 6.6 0.00 1.5 12.0 12:33 SW 22 70.8 82.3 16:01 59.2 6:32 0.0 5.8 0.00 1.3 14.0 19:17 NW 23 60.3 68.9 16:34 51.8 21:54 4.7 0.0 0.25 2.1 12.0 3:38 NW 24 61.2 73.7 15:30 48.7 5:51 3.8 0.0 0.02 1.0 11.0 11:11 ESE 25 68.4 80.5 16:56 56.3 6:32 0.0 3.4 0.00 2.2 14.0 19:14 SSE 26 63.9 76.6 0:02 51.2 23:56 1.1 0.0 0.23 2.1 14.0 3:42 WNW 27 63.8 78.2 16:03 49.3 6:22 1.3 0.0 0.00 1.8 18.0 12:33 SW 28 67.4 77.8 13:54 56.9 6:50 0.0 2.4 0.00 1.5 18.0 12:49 SW 29 70.8 82.1 16:32 59.4 6:53 0.0 5.8 0.00 1.6 19.0 22:51 SW 30 58.6 70.8 0:16 46.4 23:45 6.4 0.0 0.00 4.0 22.0 3:19 NW ------------------------------------------------------------------------------------- 68.5 100.6 3 46.4 30 38.8 143.7 5.35 1.8 25.0 6 NW Max >= 90.0: 3 Max <= 32.0: 0 Min <= 32.0: 0 Min <= 0.0: 0 Max Rain: 2.21 ON 09/05/11 Days of Rain: 11 (>.01 in) 8 (>.1 in) 2 (>1 in) Heat Base: 65.0 Cool Base: 65.0 Method: (High + Low) / 2