Warning: file(http://www.wunderground.com/climate/extremes.asp): failed to open stream: HTTP request failed! HTTP/1.0 500 Internal Server Error in /homepages/6/d330860172/htdocs/usaextremes.php on line 55

Warning: implode(): Invalid arguments passed in /homepages/6/d330860172/htdocs/usaextremes.php on line 55

NOAA Style Climate Reports for Lebanon, TN

NOAA style reports

NOAA-style Climate Reports

2018: Jan | Feb | Mar | Apr | May | Jun | Jul | Aug | Sep | Oct | Nov | Dec 
2017: Jan | Feb | Mar | Apr | May | Jun | Jul | Aug | Sep | Oct | Nov | Dec 
2016: Jan | Feb | Mar | Apr | May | Jun | Jul | Aug | Sep | Oct | Nov | Dec 
2015: Jan | Feb | Mar | Apr | May | Jun | Jul | Aug | Sep | Oct | Nov | Dec 
2014: Jan | Feb | Mar | Apr | May | Jun | Jul | Aug | Sep | Oct | Nov | Dec 
2013: Jan | Feb | Mar | Apr | May | Jun | Jul | Aug | Sep | Oct | Nov | Dec 
2012: Jan | Feb | Mar | Apr | May | Jun | Jul | Aug | Sep | Oct | Nov | Dec 
2011: Jan | Feb | Mar | Apr | May | Jun | Jul | Aug | Sep | Oct | Nov | Dec 
2010: Jan | Feb | Mar | Apr | May | Jun | Jul | Aug | Sep | Oct | Nov | Dec 
2009: Jan | Feb | Mar | Apr | May | Jun | Jul | Aug | Sep | Oct | Nov | Dec 
2008: Jan | Feb | Mar | Apr | May | Jun | Jul | Aug | Sep | Oct | Nov | Dec 
2007: Jan | Feb | Mar | Apr | May | Jun | Jul | Aug | Sep | Oct | Nov | Dec 
2006: Jan | Feb | Mar | Apr | May | Jun | Jul | Aug | Sep | Oct | Nov | Dec 
2005: Jan | Feb | Mar | Apr | May | Jun | Jul | Aug | Sep | Oct | Nov | Dec 
2004: Jan | Feb | Mar | Apr | May | Jun | Jul | Aug | Sep | Oct | Nov | Dec 
2003: Jan | Feb | Mar | Apr | May | Jun | Jul | Aug | Sep | Oct | Nov | Dec 
2002: Jan | Feb | Mar | Apr | May | Jun | Jul | Aug | Sep | Oct | Nov | Dec 
2001: Jan | Feb | Mar | Apr | May | Jun | Jul | Aug | Sep | Oct | Nov | Dec 
2000: Jan | Feb | Mar | Apr | May | Jun | Jul | Aug | Sep | Oct | Nov | Dec 
1999: Jan | Feb | Mar | Apr | May | Jun | Jul | Aug | Sep | Oct | Nov | Dec 
1998: Jan | Feb | Mar | Apr | May | Jun | Jul | Aug | Sep | Oct | Nov | Dec 
1997: Jan | Feb | Mar | Apr | May | Jun | Jul | Aug | Sep | Oct | Nov | Dec 
1996: Jan | Feb | Mar | Apr | May | Jun | Jul | Aug | Sep | Oct | Nov | Dec 
1995: Jan | Feb | Mar | Apr | May | Jun | Jul | Aug | Sep | Oct | Nov | Dec 

Report for 2011 10
MONTHLY CLIMATOLOGICAL SUMMARY for OCT. 2011 NAME: HornSpri CITY: Lebanon STATE: TN ELEV: 612 ft LAT: 36 14' 05" N LONG: 86 22' 54" W TEMPERATURE (F), RAIN (in), WIND SPEED (mph) HEAT COOL AVG MEAN DEG DEG WIND DOM DAY TEMP HIGH TIME LOW TIME DAYS DAYS RAIN SPEED HIGH TIME DIR ------------------------------------------------------------------------------------ 1 52.3 61.4 16:03 43.2 23:50 12.7 0.0 0.00 3.0 19.0 12:32 NNW 2 51.5 65.2 16:49 37.9 6:29 13.5 0.0 0.00 1.6 13.0 10:47 NW 3 56.0 72.1 16:18 39.9 6:38 9.0 0.0 0.00 1.2 13.0 15:42 NW 4 60.5 77.9 17:03 43.0 6:23 4.5 0.0 0.00 0.7 9.0 12:55 NNW 5 63.7 80.5 16:20 46.8 6:43 1.3 0.0 0.00 0.8 10.0 12:34 ENE 6 66.2 81.8 16:48 50.5 6:00 0.0 1.2 0.00 0.8 11.0 12:06 E 7 66.2 80.7 16:23 51.7 6:19 0.0 1.2 0.00 0.8 11.0 16:20 ENE 8 65.3 78.7 16:30 51.8 6:55 0.0 0.3 0.00 1.0 10.0 15:40 NE 9 61.7 73.5 13:34 49.8 6:50 3.3 0.0 0.00 1.0 8.0 9:43 E 10 69.5 80.2 16:22 58.8 6:49 0.0 4.5 0.00 1.3 10.0 12:09 ENE 11 62.6 67.2 11:43 58.1 1:54 2.4 0.0 0.00 0.7 7.0 10:27 E 12 63.8 72.1 15:05 55.4 3:08 1.3 0.0 0.00 0.5 7.0 12:04 SW 13 64.1 69.4 14:17 58.7 23:07 0.9 0.0 0.05 3.5 26.0 15:23 SW 14 62.8 75.0 14:31 50.6 6:01 2.2 0.0 0.00 4.3 29.0 14:22 SW 15 58.5 70.7 15:33 46.3 7:17 6.5 0.0 0.00 2.5 20.0 16:10 WSW 16 63.0 83.0 15:34 43.0 5:40 2.0 0.0 0.00 3.3 20.0 12:23 SSW 17 65.2 78.0 15:31 52.3 7:01 0.0 0.2 0.00 1.4 8.0 12:46 NW 18 62.6 78.0 12:35 47.2 23:56 2.4 0.0 0.30 2.7 16.0 23:28 NW 19 46.2 47.3 1:31 45.1 7:50 18.8 0.0 0.17 5.7 24.0 14:33 WSW 20 50.9 58.1 15:28 43.8 3:30 14.1 0.0 0.03 6.7 24.0 8:42 SW 21 49.3 61.4 15:19 37.1 7:06 15.8 0.0 0.00 1.8 15.0 11:22 W 22 49.3 65.1 16:06 33.5 7:12 15.7 0.0 0.00 0.7 9.0 14:20 NW 23 53.8 70.1 13:28 37.4 5:35 11.3 0.0 0.00 0.6 9.0 13:10 ENE 24 58.3 74.3 15:29 42.2 7:09 6.8 0.0 0.00 1.9 16.0 14:46 WSW 25 58.1 76.8 15:51 39.3 7:07 6.9 0.0 0.00 1.4 11.0 11:52 S 26 66.1 76.7 14:59 55.5 1:13 0.0 1.1 0.00 3.7 24.0 11:47 S 27 57.0 65.1 0:10 48.9 23:52 8.0 0.0 0.22 3.0 15.0 9:13 NW 28 41.8 48.9 0:01 34.6 23:59 23.3 0.0 0.49 3.5 17.0 16:13 NNW 29 44.2 58.0 16:03 30.4 6:33 20.8 0.0 0.00 0.9 10.0 14:03 NW 30 45.6 60.9 15:15 30.3 7:12 19.4 0.0 0.00 1.2 12.0 16:04 SSW 31 52.7 65.2 15:21 40.2 00:00 12.3 0.0 0.00 2.8 17.0 15:15 S ------------------------------------------------------------------------------------- 57.7 83.0 16 30.3 30 235.1 8.3 1.26 2.1 29.0 14 SW Max >= 90.0: 0 Max <= 32.0: 0 Min <= 32.0: 2 Min <= 0.0: 0 Max Rain: 0.49 ON 10/28/11 Days of Rain: 6 (>.01 in) 4 (>.1 in) 0 (>1 in) Heat Base: 65.0 Cool Base: 65.0 Method: (High + Low) / 2