Warning: file(http://www.wunderground.com/climate/extremes.asp): failed to open stream: HTTP request failed! HTTP/1.0 500 Internal Server Error in /homepages/6/d330860172/htdocs/usaextremes.php on line 55

Warning: implode(): Invalid arguments passed in /homepages/6/d330860172/htdocs/usaextremes.php on line 55

NOAA Style Climate Reports for Lebanon, TN

NOAA style reports

NOAA-style Climate Reports

2018: Jan | Feb | Mar | Apr | May | Jun | Jul | Aug | Sep | Oct | Nov | Dec 
2017: Jan | Feb | Mar | Apr | May | Jun | Jul | Aug | Sep | Oct | Nov | Dec 
2016: Jan | Feb | Mar | Apr | May | Jun | Jul | Aug | Sep | Oct | Nov | Dec 
2015: Jan | Feb | Mar | Apr | May | Jun | Jul | Aug | Sep | Oct | Nov | Dec 
2014: Jan | Feb | Mar | Apr | May | Jun | Jul | Aug | Sep | Oct | Nov | Dec 
2013: Jan | Feb | Mar | Apr | May | Jun | Jul | Aug | Sep | Oct | Nov | Dec 
2012: Jan | Feb | Mar | Apr | May | Jun | Jul | Aug | Sep | Oct | Nov | Dec 
2011: Jan | Feb | Mar | Apr | May | Jun | Jul | Aug | Sep | Oct | Nov | Dec 
2010: Jan | Feb | Mar | Apr | May | Jun | Jul | Aug | Sep | Oct | Nov | Dec 
2009: Jan | Feb | Mar | Apr | May | Jun | Jul | Aug | Sep | Oct | Nov | Dec 
2008: Jan | Feb | Mar | Apr | May | Jun | Jul | Aug | Sep | Oct | Nov | Dec 
2007: Jan | Feb | Mar | Apr | May | Jun | Jul | Aug | Sep | Oct | Nov | Dec 
2006: Jan | Feb | Mar | Apr | May | Jun | Jul | Aug | Sep | Oct | Nov | Dec 
2005: Jan | Feb | Mar | Apr | May | Jun | Jul | Aug | Sep | Oct | Nov | Dec 
2004: Jan | Feb | Mar | Apr | May | Jun | Jul | Aug | Sep | Oct | Nov | Dec 
2003: Jan | Feb | Mar | Apr | May | Jun | Jul | Aug | Sep | Oct | Nov | Dec 
2002: Jan | Feb | Mar | Apr | May | Jun | Jul | Aug | Sep | Oct | Nov | Dec 
2001: Jan | Feb | Mar | Apr | May | Jun | Jul | Aug | Sep | Oct | Nov | Dec 
2000: Jan | Feb | Mar | Apr | May | Jun | Jul | Aug | Sep | Oct | Nov | Dec 
1999: Jan | Feb | Mar | Apr | May | Jun | Jul | Aug | Sep | Oct | Nov | Dec 
1998: Jan | Feb | Mar | Apr | May | Jun | Jul | Aug | Sep | Oct | Nov | Dec 
1997: Jan | Feb | Mar | Apr | May | Jun | Jul | Aug | Sep | Oct | Nov | Dec 
1996: Jan | Feb | Mar | Apr | May | Jun | Jul | Aug | Sep | Oct | Nov | Dec 
1995: Jan | Feb | Mar | Apr | May | Jun | Jul | Aug | Sep | Oct | Nov | Dec 

Report for 2011 11
MONTHLY CLIMATOLOGICAL SUMMARY for NOV. 2011 NAME: HornSpri CITY: Lebanon STATE: TN ELEV: 612 ft LAT: 36 14' 05" N LONG: 86 22' 54" W TEMPERATURE (F), RAIN (in), WIND SPEED (mph) HEAT COOL AVG MEAN DEG DEG WIND DOM DAY TEMP HIGH TIME LOW TIME DAYS DAYS RAIN SPEED HIGH TIME DIR ------------------------------------------------------------------------------------ 1 50.6 68.3 14:12 32.8 6:46 14.4 0.0 0.00 0.7 10.0 12:48 ESE 2 53.4 68.7 14:48 38.2 5:42 11.6 0.0 0.00 1.9 14.0 12:01 SSE 3 50.2 58.2 8:10 42.2 23:26 14.8 0.0 0.71 4.2 21.0 15:32 SW 4 48.0 56.2 15:36 39.8 00:00 17.0 0.0 0.01 2.0 13.0 12:21 N 5 50.1 66.6 16:00 33.6 5:45 14.9 0.0 0.00 1.4 9.0 10:10 ENE 6 50.1 65.5 15:17 34.7 6:28 14.9 0.0 0.00 1.9 14.0 9:06 SE 7 56.8 72.0 14:16 41.7 5:46 8.2 0.0 0.00 1.3 11.0 11:14 ESE 8 61.6 73.1 14:05 50.1 3:42 3.4 0.0 0.00 3.1 14.0 11:41 SE 9 55.3 65.9 8:23 44.8 21:16 9.7 0.0 0.04 5.7 22.0 14:42 S 10 41.1 53.0 14:37 29.2 23:32 23.9 0.0 0.00 3.3 25.0 14:17 W 11 41.2 56.5 15:07 25.8 5:48 23.8 0.0 0.00 2.5 12.0 15:36 S 12 54.1 63.2 12:25 45.0 6:32 10.9 0.0 0.00 5.0 21.0 12:02 S 13 64.6 72.3 13:11 56.8 0:01 0.4 0.0 0.00 7.1 28.0 11:35 S 14 69.8 76.2 14:58 63.5 1:03 0.0 4.8 0.00 5.9 24.0 12:37 S 15 62.8 68.4 2:12 57.2 7:25 2.2 0.0 0.92 3.0 17.0 2:48 E 16 53.5 64.7 3:25 42.4 23:50 11.5 0.0 0.71 4.8 17.0 16:16 NW 17 38.0 48.4 12:46 27.6 23:43 27.0 0.0 0.00 4.2 20.0 13:27 NW 18 39.6 56.2 14:59 23.0 6:54 25.4 0.0 0.00 2.1 11.0 11:58 E 19 52.4 65.7 15:15 39.2 3:32 12.6 0.0 0.00 4.6 19.0 13:21 S 20 61.9 63.8 19:40 60.0 9:31 3.1 0.0 0.35 3.9 15.0 12:03 S 21 63.2 64.8 19:04 61.5 7:20 1.8 0.0 0.64 2.0 11.0 4:46 S 22 60.1 68.2 9:23 52.1 23:52 4.9 0.0 0.48 4.6 20.0 20:48 S 23 48.5 52.1 0:01 45.0 00:00 16.5 0.0 0.01 4.1 19.0 2:51 NW 24 44.5 54.5 15:01 34.4 6:33 20.5 0.0 0.00 1.1 10.0 12:34 ENE 25 48.8 65.0 14:28 32.6 7:07 16.2 0.0 0.00 2.6 15.0 12:28 S 26 62.6 71.7 12:14 53.6 0:02 2.4 0.0 0.00 5.4 22.0 14:28 SSE 27 --- 66.7 1:25 42.0 23:37 10.7 0.0 1.56 4.1 20.0 0:09 NW 28 41.7 46.9 14:51 36.4 23:34 23.3 0.0 0.64 3.6 14.0 17:31 NW 29 37.5 40.0 23:04 35.1 3:32 27.5 0.0 0.06 4.4 20.0 17:11 SSW 30 34.7 42.5 15:12 26.9 23:59 30.3 0.0 0.00 1.8 15.0 0:47 W ------------------------------------------------------------------------------------- 51.6 76.2 14 23.0 18 403.6 4.8 6.13 3.4 28.0 13 S Max >= 90.0: 0 Max <= 32.0: 0 Min <= 32.0: 5 Min <= 0.0: 0 Max Rain: 1.56 ON 11/27/11 Days of Rain: 10 (>.01 in) 8 (>.1 in) 1 (>1 in) Heat Base: 65.0 Cool Base: 65.0 Method: (High + Low) / 2