Warning: file(http://www.wunderground.com/climate/extremes.asp): failed to open stream: HTTP request failed! HTTP/1.0 500 Internal Server Error in /homepages/6/d330860172/htdocs/usaextremes.php on line 55

Warning: implode(): Invalid arguments passed in /homepages/6/d330860172/htdocs/usaextremes.php on line 55

NOAA Style Climate Reports for Lebanon, TN

NOAA style reports

NOAA-style Climate Reports

2018: Jan | Feb | Mar | Apr | May | Jun | Jul | Aug | Sep | Oct | Nov | Dec 
2017: Jan | Feb | Mar | Apr | May | Jun | Jul | Aug | Sep | Oct | Nov | Dec 
2016: Jan | Feb | Mar | Apr | May | Jun | Jul | Aug | Sep | Oct | Nov | Dec 
2015: Jan | Feb | Mar | Apr | May | Jun | Jul | Aug | Sep | Oct | Nov | Dec 
2014: Jan | Feb | Mar | Apr | May | Jun | Jul | Aug | Sep | Oct | Nov | Dec 
2013: Jan | Feb | Mar | Apr | May | Jun | Jul | Aug | Sep | Oct | Nov | Dec 
2012: Jan | Feb | Mar | Apr | May | Jun | Jul | Aug | Sep | Oct | Nov | Dec 
2011: Jan | Feb | Mar | Apr | May | Jun | Jul | Aug | Sep | Oct | Nov | Dec 
2010: Jan | Feb | Mar | Apr | May | Jun | Jul | Aug | Sep | Oct | Nov | Dec 
2009: Jan | Feb | Mar | Apr | May | Jun | Jul | Aug | Sep | Oct | Nov | Dec 
2008: Jan | Feb | Mar | Apr | May | Jun | Jul | Aug | Sep | Oct | Nov | Dec 
2007: Jan | Feb | Mar | Apr | May | Jun | Jul | Aug | Sep | Oct | Nov | Dec 
2006: Jan | Feb | Mar | Apr | May | Jun | Jul | Aug | Sep | Oct | Nov | Dec 
2005: Jan | Feb | Mar | Apr | May | Jun | Jul | Aug | Sep | Oct | Nov | Dec 
2004: Jan | Feb | Mar | Apr | May | Jun | Jul | Aug | Sep | Oct | Nov | Dec 
2003: Jan | Feb | Mar | Apr | May | Jun | Jul | Aug | Sep | Oct | Nov | Dec 
2002: Jan | Feb | Mar | Apr | May | Jun | Jul | Aug | Sep | Oct | Nov | Dec 
2001: Jan | Feb | Mar | Apr | May | Jun | Jul | Aug | Sep | Oct | Nov | Dec 
2000: Jan | Feb | Mar | Apr | May | Jun | Jul | Aug | Sep | Oct | Nov | Dec 
1999: Jan | Feb | Mar | Apr | May | Jun | Jul | Aug | Sep | Oct | Nov | Dec 
1998: Jan | Feb | Mar | Apr | May | Jun | Jul | Aug | Sep | Oct | Nov | Dec 
1997: Jan | Feb | Mar | Apr | May | Jun | Jul | Aug | Sep | Oct | Nov | Dec 
1996: Jan | Feb | Mar | Apr | May | Jun | Jul | Aug | Sep | Oct | Nov | Dec 
1995: Jan | Feb | Mar | Apr | May | Jun | Jul | Aug | Sep | Oct | Nov | Dec 

Report for 2011 12
MONTHLY CLIMATOLOGICAL SUMMARY for DEC. 2011 NAME: HornSpri CITY: Lebanon STATE: TN ELEV: 612 ft LAT: 36 14' 05" N LONG: 86 22' 54" W TEMPERATURE (F), RAIN (in), WIND SPEED (mph) HEAT COOL AVG MEAN DEG DEG WIND DOM DAY TEMP HIGH TIME LOW TIME DAYS DAYS RAIN SPEED HIGH TIME DIR ------------------------------------------------------------------------------------ 1 37.6 51.7 15:09 23.5 5:48 27.4 0.0 0.00 0.7 8.0 8:41 ENE 2 42.7 58.2 14:22 27.1 3:31 22.3 0.0 0.00 0.8 8.0 14:11 E 3 51.0 65.0 12:27 36.9 6:35 14.0 0.0 0.00 2.6 15.0 23:29 ENE 4 59.9 66.7 14:44 53.2 1:24 5.1 0.0 0.00 5.4 18.0 10:56 SSE 5 53.7 63.6 12:17 43.7 20:16 11.3 0.0 1.16 3.1 19.0 15:53 SSE 6 43.0 45.3 11:54 40.8 23:54 22.0 0.0 0.28 2.6 13.0 20:28 NW 7 35.0 41.6 14:25 28.5 23:11 30.0 0.0 0.06 4.3 21.0 14:53 NW 8 34.6 44.7 14:41 24.5 7:15 30.4 0.0 0.00 0.7 7.0 11:19 SW 9 34.8 47.3 13:15 22.4 7:19 30.2 0.0 0.00 1.3 12.0 22:58 SSE 10 34.0 41.4 12:52 26.6 23:58 31.0 0.0 0.00 3.3 13.0 3:54 NNW 11 33.1 46.8 14:10 19.4 4:28 31.9 0.0 0.00 0.8 9.0 9:45 E 12 34.1 43.4 14:20 24.7 4:32 30.9 0.0 0.00 0.7 8.0 10:06 E 13 47.0 50.8 15:58 43.3 0:01 18.0 0.0 0.00 0.7 6.0 1:51 ENE 14 55.5 69.1 14:19 41.9 3:32 9.5 0.0 0.00 3.2 18.0 12:46 S 15 55.6 64.6 13:45 46.6 23:57 9.4 0.0 0.15 5.1 24.0 14:05 S 16 40.7 46.5 0:01 34.9 20:58 24.3 0.0 0.41 3.2 15.0 3:16 NW 17 37.1 44.8 15:10 29.4 23:49 27.9 0.0 0.00 1.5 9.0 12:05 SW 18 39.8 53.7 14:21 26.0 7:22 25.2 0.0 0.00 1.5 10.0 11:59 S 19 47.6 56.4 13:13 38.8 5:52 17.4 0.0 0.00 2.4 14.0 9:43 S 20 50.6 62.1 23:22 39.1 0:21 14.4 0.0 0.12 2.9 16.0 23:34 SSE 21 52.7 62.3 2:02 43.0 23:52 12.3 0.0 0.11 4.4 22.0 8:01 SW 22 45.2 47.4 10:13 42.9 0:32 19.8 0.0 0.55 2.0 13.0 18:10 NW 23 42.4 44.6 0:01 40.2 23:38 22.6 0.0 0.01 2.3 13.0 5:47 NW 24 40.9 48.2 15:28 33.6 4:44 24.1 0.0 0.00 0.8 8.0 9:49 NNW 25 43.6 55.6 15:04 31.6 23:15 21.4 0.0 0.00 1.6 14.0 13:03 SW 26 37.2 45.5 14:49 28.9 6:51 27.8 0.0 0.45 2.2 13.0 13:22 ENE 27 42.7 46.2 7:13 39.2 11:44 22.3 0.0 0.53 6.6 32.0 10:17 SW 28 38.7 47.6 14:41 29.7 7:29 26.3 0.0 0.00 1.3 12.0 12:05 SSW 29 43.3 54.5 14:19 32.0 0:02 21.8 0.0 0.00 4.0 16.0 11:07 S 30 53.0 58.7 11:55 47.3 1:54 12.0 0.0 0.00 6.2 26.0 13:23 S 31 46.8 57.7 15:06 36.0 7:43 18.2 0.0 0.00 2.7 14.0 23:37 SW ------------------------------------------------------------------------------------- 43.7 69.1 14 19.4 11 661.1 0.0 3.83 2.6 32.0 27 S Max >= 90.0: 0 Max <= 32.0: 0 Min <= 32.0: 14 Min <= 0.0: 0 Max Rain: 1.16 ON 12/05/11 Days of Rain: 10 (>.01 in) 9 (>.1 in) 1 (>1 in) Heat Base: 65.0 Cool Base: 65.0 Method: (High + Low) / 2