Warning: file(http://www.wunderground.com/climate/extremes.asp): failed to open stream: HTTP request failed! HTTP/1.0 500 Internal Server Error in /homepages/6/d330860172/htdocs/usaextremes.php on line 55

Warning: implode(): Invalid arguments passed in /homepages/6/d330860172/htdocs/usaextremes.php on line 55

NOAA Style Climate Reports for Lebanon, TN

NOAA style reports

NOAA-style Climate Reports

2018: Jan | Feb | Mar | Apr | May | Jun | Jul | Aug | Sep | Oct | Nov | Dec 
2017: Jan | Feb | Mar | Apr | May | Jun | Jul | Aug | Sep | Oct | Nov | Dec 
2016: Jan | Feb | Mar | Apr | May | Jun | Jul | Aug | Sep | Oct | Nov | Dec 
2015: Jan | Feb | Mar | Apr | May | Jun | Jul | Aug | Sep | Oct | Nov | Dec 
2014: Jan | Feb | Mar | Apr | May | Jun | Jul | Aug | Sep | Oct | Nov | Dec 
2013: Jan | Feb | Mar | Apr | May | Jun | Jul | Aug | Sep | Oct | Nov | Dec 
2012: Jan | Feb | Mar | Apr | May | Jun | Jul | Aug | Sep | Oct | Nov | Dec 
2011: Jan | Feb | Mar | Apr | May | Jun | Jul | Aug | Sep | Oct | Nov | Dec 
2010: Jan | Feb | Mar | Apr | May | Jun | Jul | Aug | Sep | Oct | Nov | Dec 
2009: Jan | Feb | Mar | Apr | May | Jun | Jul | Aug | Sep | Oct | Nov | Dec 
2008: Jan | Feb | Mar | Apr | May | Jun | Jul | Aug | Sep | Oct | Nov | Dec 
2007: Jan | Feb | Mar | Apr | May | Jun | Jul | Aug | Sep | Oct | Nov | Dec 
2006: Jan | Feb | Mar | Apr | May | Jun | Jul | Aug | Sep | Oct | Nov | Dec 
2005: Jan | Feb | Mar | Apr | May | Jun | Jul | Aug | Sep | Oct | Nov | Dec 
2004: Jan | Feb | Mar | Apr | May | Jun | Jul | Aug | Sep | Oct | Nov | Dec 
2003: Jan | Feb | Mar | Apr | May | Jun | Jul | Aug | Sep | Oct | Nov | Dec 
2002: Jan | Feb | Mar | Apr | May | Jun | Jul | Aug | Sep | Oct | Nov | Dec 
2001: Jan | Feb | Mar | Apr | May | Jun | Jul | Aug | Sep | Oct | Nov | Dec 
2000: Jan | Feb | Mar | Apr | May | Jun | Jul | Aug | Sep | Oct | Nov | Dec 
1999: Jan | Feb | Mar | Apr | May | Jun | Jul | Aug | Sep | Oct | Nov | Dec 
1998: Jan | Feb | Mar | Apr | May | Jun | Jul | Aug | Sep | Oct | Nov | Dec 
1997: Jan | Feb | Mar | Apr | May | Jun | Jul | Aug | Sep | Oct | Nov | Dec 
1996: Jan | Feb | Mar | Apr | May | Jun | Jul | Aug | Sep | Oct | Nov | Dec 
1995: Jan | Feb | Mar | Apr | May | Jun | Jul | Aug | Sep | Oct | Nov | Dec 

Report for 2012 01
MONTHLY CLIMATOLOGICAL SUMMARY for JAN. 2012 NAME: HornSpri CITY: Lebanon STATE: TN ELEV: 612 ft LAT: 36 14' 05" N LONG: 86 22' 54" W TEMPERATURE (F), RAIN (in), WIND SPEED (mph) HEAT COOL AVG MEAN DEG DEG WIND DOM DAY TEMP HIGH TIME LOW TIME DAYS DAYS RAIN SPEED HIGH TIME DIR ------------------------------------------------------------------------------------ 1 48.7 60.6 8:05 36.7 23:59 16.3 0.0 0.00 7.0 29.0 9:46 W 2 30.6 38.1 11:27 23.1 23:59 34.4 0.0 0.00 7.1 28.0 10:50 W 3 25.2 33.9 14:53 16.4 7:29 39.8 0.0 0.00 2.9 18.0 4:13 NW 4 38.3 52.1 14:51 24.4 1:16 26.8 0.0 0.00 4.4 22.0 10:20 SSW 5 41.2 56.0 15:04 26.3 7:10 23.8 0.0 0.00 2.0 13.0 13:12 S 6 51.5 64.5 15:02 38.6 3:56 13.5 0.0 0.00 4.4 24.0 11:58 S 7 48.7 60.8 11:33 36.6 23:59 16.3 0.0 0.01 2.4 12.0 13:45 SSW 8 42.3 51.7 14:49 32.8 3:42 22.8 0.0 0.00 1.4 9.0 11:50 NE 9 45.6 52.2 14:46 39.0 23:11 19.4 0.0 0.15 0.8 8.0 16:44 NNW 10 45.8 52.8 23:45 38.8 4:33 19.2 0.0 0.02 2.2 9.0 12:05 ENE 11 53.4 60.3 13:04 46.6 23:52 11.6 0.0 1.54 5.0 23.0 18:57 SW 12 36.8 47.5 9:16 26.2 00:00 28.2 0.0 0.02 7.6 29.0 12:48 SSW 13 28.3 33.9 15:28 22.6 2:49 36.8 0.0 0.00 5.7 27.0 0:54 SW 14 36.2 49.9 14:55 22.5 6:02 28.8 0.0 0.01 4.2 23.0 14:43 SSW 15 33.8 46.2 15:18 21.4 7:27 31.2 0.0 0.00 1.7 12.0 23:13 E 16 51.1 58.2 20:50 44.0 0:01 13.9 0.0 0.02 7.1 21.0 21:10 S 17 47.5 62.6 12:10 32.5 23:58 17.5 0.0 0.42 7.7 23.0 9:07 S 18 29.9 34.6 15:35 25.2 23:09 35.1 0.0 0.00 2.8 15.0 3:00 E 19 37.0 48.8 15:59 25.3 1:25 28.0 0.0 0.00 2.0 12.0 6:44 SSW 20 50.1 61.0 23:58 39.2 4:51 14.9 0.0 0.00 3.0 15.0 22:58 NE 21 49.8 63.6 1:22 35.9 21:08 15.3 0.0 0.37 4.5 25.0 1:29 NW 22 49.8 63.2 13:55 36.3 0:01 15.3 0.0 0.16 3.7 26.0 23:02 SSE 23 48.0 60.8 10:30 35.3 23:59 17.0 0.0 0.69 5.8 27.0 12:23 SW 24 43.2 54.3 15:11 32.1 7:28 21.8 0.0 0.00 1.5 11.0 11:48 SW 25 41.2 49.2 16:16 33.1 1:02 23.8 0.0 0.02 2.0 10.0 4:05 NE 26 52.6 61.6 3:44 43.6 23:56 12.4 0.0 0.58 4.8 26.0 19:23 S 27 --- 45.4 14:31 34.7 23:17 24.9 0.0 0.01 3.6 18.0 0:15 W 28 37.2 47.7 14:47 26.7 23:50 27.8 0.0 0.00 3.6 24.0 11:26 NW 29 --- 54.3 14:22 23.7 4:17 26.0 0.0 0.00 3.9 26.0 14:00 SSW 30 --- 62.5 14:20 36.0 1:44 15.8 0.0 0.00 4.2 22.0 12:26 S 31 56.7 65.4 13:39 47.9 4:12 8.3 0.0 0.00 4.9 18.0 11:24 S ------------------------------------------------------------------------------------- 42.9 65.4 31 16.4 3 686.4 0.0 4.02 4.0 29.0 1 S Max >= 90.0: 0 Max <= 32.0: 0 Min <= 32.0: 12 Min <= 0.0: 0 Max Rain: 1.54 ON 01/11/12 Days of Rain: 11 (>.01 in) 7 (>.1 in) 1 (>1 in) Heat Base: 65.0 Cool Base: 65.0 Method: (High + Low) / 2