Warning: file(http://www.wunderground.com/climate/extremes.asp): failed to open stream: HTTP request failed! HTTP/1.0 500 Internal Server Error in /homepages/6/d330860172/htdocs/usaextremes.php on line 55

Warning: implode(): Invalid arguments passed in /homepages/6/d330860172/htdocs/usaextremes.php on line 55

NOAA Style Climate Reports for Lebanon, TN

NOAA style reports

NOAA-style Climate Reports

2018: Jan | Feb | Mar | Apr | May | Jun | Jul | Aug | Sep | Oct | Nov | Dec 
2017: Jan | Feb | Mar | Apr | May | Jun | Jul | Aug | Sep | Oct | Nov | Dec 
2016: Jan | Feb | Mar | Apr | May | Jun | Jul | Aug | Sep | Oct | Nov | Dec 
2015: Jan | Feb | Mar | Apr | May | Jun | Jul | Aug | Sep | Oct | Nov | Dec 
2014: Jan | Feb | Mar | Apr | May | Jun | Jul | Aug | Sep | Oct | Nov | Dec 
2013: Jan | Feb | Mar | Apr | May | Jun | Jul | Aug | Sep | Oct | Nov | Dec 
2012: Jan | Feb | Mar | Apr | May | Jun | Jul | Aug | Sep | Oct | Nov | Dec 
2011: Jan | Feb | Mar | Apr | May | Jun | Jul | Aug | Sep | Oct | Nov | Dec 
2010: Jan | Feb | Mar | Apr | May | Jun | Jul | Aug | Sep | Oct | Nov | Dec 
2009: Jan | Feb | Mar | Apr | May | Jun | Jul | Aug | Sep | Oct | Nov | Dec 
2008: Jan | Feb | Mar | Apr | May | Jun | Jul | Aug | Sep | Oct | Nov | Dec 
2007: Jan | Feb | Mar | Apr | May | Jun | Jul | Aug | Sep | Oct | Nov | Dec 
2006: Jan | Feb | Mar | Apr | May | Jun | Jul | Aug | Sep | Oct | Nov | Dec 
2005: Jan | Feb | Mar | Apr | May | Jun | Jul | Aug | Sep | Oct | Nov | Dec 
2004: Jan | Feb | Mar | Apr | May | Jun | Jul | Aug | Sep | Oct | Nov | Dec 
2003: Jan | Feb | Mar | Apr | May | Jun | Jul | Aug | Sep | Oct | Nov | Dec 
2002: Jan | Feb | Mar | Apr | May | Jun | Jul | Aug | Sep | Oct | Nov | Dec 
2001: Jan | Feb | Mar | Apr | May | Jun | Jul | Aug | Sep | Oct | Nov | Dec 
2000: Jan | Feb | Mar | Apr | May | Jun | Jul | Aug | Sep | Oct | Nov | Dec 
1999: Jan | Feb | Mar | Apr | May | Jun | Jul | Aug | Sep | Oct | Nov | Dec 
1998: Jan | Feb | Mar | Apr | May | Jun | Jul | Aug | Sep | Oct | Nov | Dec 
1997: Jan | Feb | Mar | Apr | May | Jun | Jul | Aug | Sep | Oct | Nov | Dec 
1996: Jan | Feb | Mar | Apr | May | Jun | Jul | Aug | Sep | Oct | Nov | Dec 
1995: Jan | Feb | Mar | Apr | May | Jun | Jul | Aug | Sep | Oct | Nov | Dec 

Report for 2012 02
MONTHLY CLIMATOLOGICAL SUMMARY for FEB. 2012 NAME: HornSpri CITY: Lebanon STATE: TN ELEV: 612 ft LAT: 36 14' 05" N LONG: 86 22' 54" W TEMPERATURE (F), RAIN (in), WIND SPEED (mph) HEAT COOL AVG MEAN DEG DEG WIND DOM DAY TEMP HIGH TIME LOW TIME DAYS DAYS RAIN SPEED HIGH TIME DIR ------------------------------------------------------------------------------------ 1 57.9 62.1 15:11 53.7 0:13 7.1 0.0 0.91 2.8 11.0 2:52 S 2 49.0 61.5 14:53 36.5 23:57 16.0 0.0 0.03 1.8 11.0 14:34 NNE 3 49.2 63.9 14:59 34.4 2:11 15.8 0.0 0.00 2.1 12.0 10:18 ENE 4 53.7 57.2 20:26 50.1 2:43 11.3 0.0 0.41 2.7 18.0 8:12 SSW 5 50.4 56.1 0:01 44.8 20:04 14.6 0.0 0.00 2.5 14.0 2:23 NW 6 41.0 49.5 16:45 32.5 23:55 24.0 0.0 0.00 1.2 8.0 0:09 NNE 7 40.3 53.0 15:23 27.7 6:18 24.7 0.0 0.00 1.0 12.0 13:28 NNW 8 41.1 45.4 0:04 36.8 23:53 23.9 0.0 0.01 3.0 14.0 14:28 NW 9 34.9 41.6 16:22 28.3 23:27 30.1 0.0 0.00 1.8 11.0 9:41 NW 10 33.1 39.2 11:28 27.0 2:33 31.9 0.0 0.07 1.2 10.0 23:06 SW 11 28.6 36.4 0:20 20.7 00:00 36.4 0.0 0.01 7.8 28.0 4:20 NW 12 27.4 37.3 15:30 17.5 2:35 37.6 0.0 0.00 2.3 17.0 14:04 WNW 13 29.4 41.2 16:12 17.6 6:19 35.6 0.0 0.04 1.4 15.0 20:11 SSW 14 40.2 42.9 12:40 37.4 0:42 24.8 0.0 0.18 2.4 11.0 9:31 SSW 15 49.6 58.9 15:10 40.2 0:17 15.4 0.0 0.15 2.4 16.0 19:00 E 16 50.8 57.9 9:45 43.8 23:59 14.2 0.0 0.15 4.2 18.0 11:43 NW 17 44.6 56.0 14:28 33.2 6:40 20.4 0.0 0.00 1.6 12.0 9:03 N 18 46.3 55.6 12:38 37.1 6:37 18.7 0.0 0.00 2.6 14.0 23:33 NNE 19 38.6 48.4 0:01 28.8 23:57 26.4 0.0 0.36 3.1 17.0 4:57 NNW 20 37.3 51.9 16:27 22.8 6:31 27.7 0.0 0.00 2.2 15.0 10:32 ENE 21 49.6 61.6 15:03 37.6 23:19 15.4 0.0 0.01 6.5 26.0 12:06 SW 22 48.0 58.0 12:37 37.9 0:19 17.0 0.0 0.26 3.6 19.0 12:21 SSW 23 61.5 76.0 14:59 47.1 5:50 3.5 0.0 0.01 5.1 30.0 15:49 S 24 50.3 67.6 0:24 33.0 23:26 14.7 0.0 0.00 7.0 30.0 11:07 W 25 39.0 48.2 14:07 29.8 5:52 26.0 0.0 0.00 4.4 23.0 12:22 SSW 26 42.7 60.0 15:38 25.3 6:41 22.3 0.0 0.00 2.6 13.0 11:10 ENE 27 53.3 67.5 15:30 39.0 6:23 11.8 0.0 0.00 2.9 16.0 8:53 SSW 28 54.7 71.4 13:39 37.9 6:22 10.3 0.0 0.00 2.9 18.0 22:09 NE 29 63.5 71.1 12:13 55.9 00:00 1.5 0.0 0.93 6.6 27.0 12:05 SSW ------------------------------------------------------------------------------------- 45.0 76.0 23 17.5 12 579.1 0.0 3.53 3.2 30.0 23 SSW Max >= 90.0: 0 Max <= 32.0: 0 Min <= 32.0: 10 Min <= 0.0: 0 Max Rain: 0.93 ON 02/29/12 Days of Rain: 11 (>.01 in) 8 (>.1 in) 0 (>1 in) Heat Base: 65.0 Cool Base: 65.0 Method: (High + Low) / 2