Warning: file(http://www.wunderground.com/climate/extremes.asp): failed to open stream: HTTP request failed! HTTP/1.0 500 Internal Server Error in /homepages/6/d330860172/htdocs/usaextremes.php on line 55

Warning: implode(): Invalid arguments passed in /homepages/6/d330860172/htdocs/usaextremes.php on line 55

NOAA Style Climate Reports for Lebanon, TN

NOAA style reports

NOAA-style Climate Reports

2018: Jan | Feb | Mar | Apr | May | Jun | Jul | Aug | Sep | Oct | Nov | Dec 
2017: Jan | Feb | Mar | Apr | May | Jun | Jul | Aug | Sep | Oct | Nov | Dec 
2016: Jan | Feb | Mar | Apr | May | Jun | Jul | Aug | Sep | Oct | Nov | Dec 
2015: Jan | Feb | Mar | Apr | May | Jun | Jul | Aug | Sep | Oct | Nov | Dec 
2014: Jan | Feb | Mar | Apr | May | Jun | Jul | Aug | Sep | Oct | Nov | Dec 
2013: Jan | Feb | Mar | Apr | May | Jun | Jul | Aug | Sep | Oct | Nov | Dec 
2012: Jan | Feb | Mar | Apr | May | Jun | Jul | Aug | Sep | Oct | Nov | Dec 
2011: Jan | Feb | Mar | Apr | May | Jun | Jul | Aug | Sep | Oct | Nov | Dec 
2010: Jan | Feb | Mar | Apr | May | Jun | Jul | Aug | Sep | Oct | Nov | Dec 
2009: Jan | Feb | Mar | Apr | May | Jun | Jul | Aug | Sep | Oct | Nov | Dec 
2008: Jan | Feb | Mar | Apr | May | Jun | Jul | Aug | Sep | Oct | Nov | Dec 
2007: Jan | Feb | Mar | Apr | May | Jun | Jul | Aug | Sep | Oct | Nov | Dec 
2006: Jan | Feb | Mar | Apr | May | Jun | Jul | Aug | Sep | Oct | Nov | Dec 
2005: Jan | Feb | Mar | Apr | May | Jun | Jul | Aug | Sep | Oct | Nov | Dec 
2004: Jan | Feb | Mar | Apr | May | Jun | Jul | Aug | Sep | Oct | Nov | Dec 
2003: Jan | Feb | Mar | Apr | May | Jun | Jul | Aug | Sep | Oct | Nov | Dec 
2002: Jan | Feb | Mar | Apr | May | Jun | Jul | Aug | Sep | Oct | Nov | Dec 
2001: Jan | Feb | Mar | Apr | May | Jun | Jul | Aug | Sep | Oct | Nov | Dec 
2000: Jan | Feb | Mar | Apr | May | Jun | Jul | Aug | Sep | Oct | Nov | Dec 
1999: Jan | Feb | Mar | Apr | May | Jun | Jul | Aug | Sep | Oct | Nov | Dec 
1998: Jan | Feb | Mar | Apr | May | Jun | Jul | Aug | Sep | Oct | Nov | Dec 
1997: Jan | Feb | Mar | Apr | May | Jun | Jul | Aug | Sep | Oct | Nov | Dec 
1996: Jan | Feb | Mar | Apr | May | Jun | Jul | Aug | Sep | Oct | Nov | Dec 
1995: Jan | Feb | Mar | Apr | May | Jun | Jul | Aug | Sep | Oct | Nov | Dec 

Report for 2012 03
MONTHLY CLIMATOLOGICAL SUMMARY for MAR. 2012 NAME: HornSpri CITY: Lebanon STATE: TN ELEV: 612 ft LAT: 36 14' 05" N LONG: 86 22' 54" W TEMPERATURE (F), RAIN (in), WIND SPEED (mph) HEAT COOL AVG MEAN DEG DEG WIND DOM DAY TEMP HIGH TIME LOW TIME DAYS DAYS RAIN SPEED HIGH TIME DIR ------------------------------------------------------------------------------------ 1 --- 68.0 15:20 40.6 6:25 10.7 0.0 0.00 2.1 11.0 9:54 SW 2 62.0 80.2 15:11 43.9 23:59 3.0 0.0 0.37 7.4 37.0 14:20 S 3 43.8 55.7 15:22 31.9 6:16 21.2 0.0 0.00 3.4 16.0 14:03 NW 4 40.5 52.3 14:18 28.6 5:19 24.5 0.0 0.00 4.6 31.0 23:47 SW 5 42.2 52.3 0:13 32.0 23:57 22.8 0.0 0.00 5.6 35.0 0:14 NW 6 49.6 67.6 15:02 31.6 0:47 15.4 0.0 0.00 4.0 17.0 12:35 SSE 7 60.0 70.2 14:06 49.9 6:15 5.0 0.0 0.00 5.8 21.0 13:31 SSE 8 52.3 62.9 0:04 41.6 00:00 12.8 0.0 1.37 4.4 26.0 17:35 SSE 9 47.6 59.2 14:50 36.0 6:34 17.4 0.0 0.00 4.8 20.0 12:02 NNW 10 47.2 63.0 15:35 31.4 5:34 17.8 0.0 0.00 2.1 12.0 8:52 NE 11 54.6 69.9 14:52 39.2 5:28 10.4 0.0 0.00 3.5 17.0 23:35 SE 12 65.2 68.1 16:42 62.3 3:00 0.0 0.2 0.03 5.2 18.0 14:59 SSE 13 69.4 78.9 15:32 60.0 3:50 0.0 4.4 0.00 3.4 15.0 15:30 SSW 14 67.7 81.1 16:00 54.2 7:31 0.0 2.7 0.00 1.7 13.0 11:31 SSW 15 70.5 82.3 13:49 58.7 23:57 0.0 5.5 0.14 3.3 30.0 17:13 SSW 16 62.9 72.1 15:44 53.8 3:43 2.1 0.0 0.32 1.3 10.0 10:16 SSW 17 66.8 78.9 14:01 54.6 7:21 0.0 1.8 0.27 1.5 12.0 15:21 SSW 18 67.7 80.6 16:24 54.7 5:54 0.0 2.7 0.00 1.7 13.0 10:41 S 19 70.0 81.2 15:27 58.8 7:23 0.0 5.0 0.00 1.6 13.0 14:22 S 20 72.9 84.8 14:56 61.1 7:04 0.0 7.9 0.00 1.6 15.0 15:19 ESE 21 70.4 81.8 13:23 59.1 6:15 0.0 5.4 0.00 3.9 21.0 14:31 ESE 22 68.2 76.2 11:49 60.2 23:26 0.0 3.2 0.40 2.6 21.0 17:55 E 23 68.8 78.0 17:17 59.7 23:59 0.0 3.8 0.00 2.9 22.0 17:16 S 24 54.9 61.8 11:10 48.0 23:50 10.1 0.0 0.14 1.7 14.0 15:36 SW 25 59.2 72.9 15:52 45.4 2:50 5.8 0.0 0.00 2.1 17.0 18:08 NW 26 62.6 75.8 15:27 49.4 7:04 2.4 0.0 0.00 2.3 16.0 13:09 NNW 27 62.6 79.9 17:00 45.3 7:01 2.4 0.0 0.00 1.8 13.0 14:51 NE 28 71.4 83.0 15:45 59.9 6:01 0.0 6.4 0.00 2.9 20.0 12:04 SSW 29 70.7 80.5 16:07 60.8 3:29 0.0 5.7 0.00 1.3 11.0 11:48 SW 30 67.4 76.8 12:41 58.1 6:56 0.0 2.4 0.00 1.3 18.0 13:51 SSW 31 68.9 79.1 16:57 58.8 4:09 0.0 3.9 0.00 1.3 12.0 14:47 N ------------------------------------------------------------------------------------- 61.3 84.8 20 28.6 4 183.8 61.1 3.04 3.0 37.0 2 SSW Max >= 90.0: 0 Max <= 32.0: 0 Min <= 32.0: 5 Min <= 0.0: 0 Max Rain: 1.37 ON 03/08/12 Days of Rain: 8 (>.01 in) 7 (>.1 in) 1 (>1 in) Heat Base: 65.0 Cool Base: 65.0 Method: (High + Low) / 2