Warning: file(http://www.wunderground.com/climate/extremes.asp): failed to open stream: HTTP request failed! HTTP/1.0 500 Internal Server Error in /homepages/6/d330860172/htdocs/usaextremes.php on line 55

Warning: implode(): Invalid arguments passed in /homepages/6/d330860172/htdocs/usaextremes.php on line 55

NOAA Style Climate Reports for Lebanon, TN

NOAA style reports

NOAA-style Climate Reports

2018: Jan | Feb | Mar | Apr | May | Jun | Jul | Aug | Sep | Oct | Nov | Dec 
2017: Jan | Feb | Mar | Apr | May | Jun | Jul | Aug | Sep | Oct | Nov | Dec 
2016: Jan | Feb | Mar | Apr | May | Jun | Jul | Aug | Sep | Oct | Nov | Dec 
2015: Jan | Feb | Mar | Apr | May | Jun | Jul | Aug | Sep | Oct | Nov | Dec 
2014: Jan | Feb | Mar | Apr | May | Jun | Jul | Aug | Sep | Oct | Nov | Dec 
2013: Jan | Feb | Mar | Apr | May | Jun | Jul | Aug | Sep | Oct | Nov | Dec 
2012: Jan | Feb | Mar | Apr | May | Jun | Jul | Aug | Sep | Oct | Nov | Dec 
2011: Jan | Feb | Mar | Apr | May | Jun | Jul | Aug | Sep | Oct | Nov | Dec 
2010: Jan | Feb | Mar | Apr | May | Jun | Jul | Aug | Sep | Oct | Nov | Dec 
2009: Jan | Feb | Mar | Apr | May | Jun | Jul | Aug | Sep | Oct | Nov | Dec 
2008: Jan | Feb | Mar | Apr | May | Jun | Jul | Aug | Sep | Oct | Nov | Dec 
2007: Jan | Feb | Mar | Apr | May | Jun | Jul | Aug | Sep | Oct | Nov | Dec 
2006: Jan | Feb | Mar | Apr | May | Jun | Jul | Aug | Sep | Oct | Nov | Dec 
2005: Jan | Feb | Mar | Apr | May | Jun | Jul | Aug | Sep | Oct | Nov | Dec 
2004: Jan | Feb | Mar | Apr | May | Jun | Jul | Aug | Sep | Oct | Nov | Dec 
2003: Jan | Feb | Mar | Apr | May | Jun | Jul | Aug | Sep | Oct | Nov | Dec 
2002: Jan | Feb | Mar | Apr | May | Jun | Jul | Aug | Sep | Oct | Nov | Dec 
2001: Jan | Feb | Mar | Apr | May | Jun | Jul | Aug | Sep | Oct | Nov | Dec 
2000: Jan | Feb | Mar | Apr | May | Jun | Jul | Aug | Sep | Oct | Nov | Dec 
1999: Jan | Feb | Mar | Apr | May | Jun | Jul | Aug | Sep | Oct | Nov | Dec 
1998: Jan | Feb | Mar | Apr | May | Jun | Jul | Aug | Sep | Oct | Nov | Dec 
1997: Jan | Feb | Mar | Apr | May | Jun | Jul | Aug | Sep | Oct | Nov | Dec 
1996: Jan | Feb | Mar | Apr | May | Jun | Jul | Aug | Sep | Oct | Nov | Dec 
1995: Jan | Feb | Mar | Apr | May | Jun | Jul | Aug | Sep | Oct | Nov | Dec 

Report for 2012 04
MONTHLY CLIMATOLOGICAL SUMMARY for APR. 2012 NAME: HornSpri CITY: Lebanon STATE: TN ELEV: 612 ft LAT: 36 14' 05" N LONG: 86 22' 54" W TEMPERATURE (F), RAIN (in), WIND SPEED (mph) HEAT COOL AVG MEAN DEG DEG WIND DOM DAY TEMP HIGH TIME LOW TIME DAYS DAYS RAIN SPEED HIGH TIME DIR ------------------------------------------------------------------------------------ 1 69.9 84.0 16:03 55.8 2:41 0.0 4.9 0.00 1.2 16.0 14:40 SW 2 73.7 84.8 15:37 62.5 6:48 0.0 8.7 0.00 1.3 13.0 11:10 SW 3 73.2 84.0 15:15 62.3 4:21 0.0 8.2 0.00 0.9 11.0 11:34 SW 4 70.3 80.7 15:54 60.0 5:22 0.0 5.3 0.00 0.9 12.0 16:19 SW 5 60.3 71.9 11:38 48.7 23:59 4.7 0.0 0.77 2.0 14.0 19:16 SW 6 54.3 65.6 16:09 43.1 7:00 10.7 0.0 0.00 3.4 16.0 12:15 N 7 55.3 73.1 16:16 37.6 6:25 9.7 0.0 0.00 0.8 9.0 14:07 ENE 8 57.8 69.8 15:35 45.7 23:51 7.3 0.0 0.00 1.9 18.0 15:14 NW 9 55.4 72.5 16:56 38.3 6:32 9.6 0.0 0.00 2.3 21.0 15:35 WSW 10 54.3 67.1 15:40 41.5 00:00 10.7 0.0 0.00 2.3 19.0 14:45 NW 11 45.7 57.4 16:31 33.9 6:11 19.3 0.0 0.00 2.4 18.0 12:06 NNW 12 46.9 63.1 16:04 30.8 6:31 18.1 0.0 0.00 0.9 10.0 13:47 NNW 13 54.6 71.7 16:21 37.6 4:18 10.4 0.0 0.00 1.2 14.0 10:17 E 14 66.1 78.8 14:49 53.3 0:07 0.0 1.1 0.00 1.8 18.0 15:24 S 15 70.8 78.7 16:52 62.9 5:52 0.0 5.8 0.00 2.4 21.0 10:49 S 16 64.9 73.2 12:44 56.7 23:47 0.1 0.0 0.16 2.9 24.0 6:53 SW 17 56.7 61.2 12:21 52.2 22:44 8.3 0.0 0.23 1.9 11.0 10:18 NNE 18 60.1 72.1 15:59 48.1 6:38 4.9 0.0 0.00 2.2 14.0 15:44 NNW 19 60.4 76.8 16:00 44.0 6:17 4.6 0.0 0.00 0.7 10.0 12:18 ENE 20 67.3 76.9 16:13 57.6 6:23 0.0 2.3 0.00 1.9 17.0 13:08 SW 21 53.3 58.0 0:01 48.6 5:44 11.7 0.0 0.22 3.2 15.0 9:39 NW 22 51.6 57.9 12:33 45.2 6:40 13.4 0.0 0.02 4.0 17.0 13:02 NW 23 50.3 60.0 15:49 40.6 6:25 14.7 0.0 0.00 4.6 27.0 15:27 NW 24 54.0 64.3 11:51 43.6 6:21 11.0 0.0 0.01 2.3 18.0 11:16 SW 25 68.8 82.0 15:54 55.6 0:14 0.0 3.8 0.00 2.5 17.0 8:53 SSW 26 69.4 77.8 15:08 61.1 00:00 0.0 4.4 0.00 2.9 16.0 0:38 SW 27 61.5 71.3 16:39 51.7 6:16 3.5 0.0 0.01 2.7 13.0 1:33 NNE 28 68.3 83.3 16:01 53.3 4:31 0.0 3.3 0.00 1.7 16.0 12:33 SSW 29 73.2 84.3 15:15 62.0 6:16 0.0 8.2 0.00 0.9 10.0 14:25 SW 30 72.3 85.4 15:41 59.3 5:57 0.0 7.3 0.00 1.6 17.0 11:56 SW ------------------------------------------------------------------------------------- 61.4 85.4 30 30.8 12 172.6 63.2 1.42 2.1 27.0 23 SW Max >= 90.0: 0 Max <= 32.0: 0 Min <= 32.0: 1 Min <= 0.0: 0 Max Rain: 0.77 ON 04/05/12 Days of Rain: 5 (>.01 in) 4 (>.1 in) 0 (>1 in) Heat Base: 65.0 Cool Base: 65.0 Method: (High + Low) / 2