Warning: file(http://www.wunderground.com/climate/extremes.asp): failed to open stream: HTTP request failed! HTTP/1.0 500 Internal Server Error in /homepages/6/d330860172/htdocs/usaextremes.php on line 55

Warning: implode(): Invalid arguments passed in /homepages/6/d330860172/htdocs/usaextremes.php on line 55

NOAA Style Climate Reports for Lebanon, TN

NOAA style reports

NOAA-style Climate Reports

2018: Jan | Feb | Mar | Apr | May | Jun | Jul | Aug | Sep | Oct | Nov | Dec 
2017: Jan | Feb | Mar | Apr | May | Jun | Jul | Aug | Sep | Oct | Nov | Dec 
2016: Jan | Feb | Mar | Apr | May | Jun | Jul | Aug | Sep | Oct | Nov | Dec 
2015: Jan | Feb | Mar | Apr | May | Jun | Jul | Aug | Sep | Oct | Nov | Dec 
2014: Jan | Feb | Mar | Apr | May | Jun | Jul | Aug | Sep | Oct | Nov | Dec 
2013: Jan | Feb | Mar | Apr | May | Jun | Jul | Aug | Sep | Oct | Nov | Dec 
2012: Jan | Feb | Mar | Apr | May | Jun | Jul | Aug | Sep | Oct | Nov | Dec 
2011: Jan | Feb | Mar | Apr | May | Jun | Jul | Aug | Sep | Oct | Nov | Dec 
2010: Jan | Feb | Mar | Apr | May | Jun | Jul | Aug | Sep | Oct | Nov | Dec 
2009: Jan | Feb | Mar | Apr | May | Jun | Jul | Aug | Sep | Oct | Nov | Dec 
2008: Jan | Feb | Mar | Apr | May | Jun | Jul | Aug | Sep | Oct | Nov | Dec 
2007: Jan | Feb | Mar | Apr | May | Jun | Jul | Aug | Sep | Oct | Nov | Dec 
2006: Jan | Feb | Mar | Apr | May | Jun | Jul | Aug | Sep | Oct | Nov | Dec 
2005: Jan | Feb | Mar | Apr | May | Jun | Jul | Aug | Sep | Oct | Nov | Dec 
2004: Jan | Feb | Mar | Apr | May | Jun | Jul | Aug | Sep | Oct | Nov | Dec 
2003: Jan | Feb | Mar | Apr | May | Jun | Jul | Aug | Sep | Oct | Nov | Dec 
2002: Jan | Feb | Mar | Apr | May | Jun | Jul | Aug | Sep | Oct | Nov | Dec 
2001: Jan | Feb | Mar | Apr | May | Jun | Jul | Aug | Sep | Oct | Nov | Dec 
2000: Jan | Feb | Mar | Apr | May | Jun | Jul | Aug | Sep | Oct | Nov | Dec 
1999: Jan | Feb | Mar | Apr | May | Jun | Jul | Aug | Sep | Oct | Nov | Dec 
1998: Jan | Feb | Mar | Apr | May | Jun | Jul | Aug | Sep | Oct | Nov | Dec 
1997: Jan | Feb | Mar | Apr | May | Jun | Jul | Aug | Sep | Oct | Nov | Dec 
1996: Jan | Feb | Mar | Apr | May | Jun | Jul | Aug | Sep | Oct | Nov | Dec 
1995: Jan | Feb | Mar | Apr | May | Jun | Jul | Aug | Sep | Oct | Nov | Dec 

Report for 2012 05
MONTHLY CLIMATOLOGICAL SUMMARY for MAY. 2012 NAME: HornSpri CITY: Lebanon STATE: TN ELEV: 612 ft LAT: 36 14' 05" N LONG: 86 22' 54" W TEMPERATURE (F), RAIN (in), WIND SPEED (mph) HEAT COOL AVG MEAN DEG DEG WIND DOM DAY TEMP HIGH TIME LOW TIME DAYS DAYS RAIN SPEED HIGH TIME DIR ------------------------------------------------------------------------------------ 1 76.0 87.9 14:19 64.1 3:15 0.0 11.0 0.00 1.6 16.0 13:47 SSW 2 79.2 89.0 16:41 69.4 4:51 0.0 14.2 0.00 1.1 13.0 12:44 SW 3 73.3 77.8 14:32 68.8 23:59 0.0 8.3 0.00 0.8 12.0 8:15 SW 4 75.9 86.6 16:29 65.2 5:54 0.0 10.9 0.00 1.2 12.0 9:13 SW 5 74.4 84.4 15:38 64.4 7:38 0.0 9.4 0.40 1.4 17.0 5:37 SSW 6 76.8 88.8 15:35 64.7 4:00 0.0 11.8 0.00 1.4 15.0 4:24 NE 7 72.6 81.3 12:42 63.8 1:25 0.0 7.6 0.13 1.2 14.0 13:18 SW 8 71.1 76.0 13:40 66.1 3:59 0.0 6.1 0.00 2.7 14.0 12:21 SW 9 64.0 74.9 14:56 53.1 23:58 1.0 0.0 0.00 3.2 20.0 14:55 NW 10 59.8 72.6 15:30 46.9 5:44 5.3 0.0 0.00 1.6 14.0 14:14 NNW 11 60.5 76.6 16:02 44.4 5:33 4.5 0.0 0.00 1.9 20.0 10:18 NE 12 64.0 70.4 10:48 57.5 4:58 1.0 0.0 0.38 1.0 8.0 15:20 ENE 13 64.8 66.6 17:57 63.1 0:01 0.2 0.0 1.78 1.8 11.0 13:54 E 14 66.6 73.6 16:21 59.6 23:54 0.0 1.6 0.00 2.1 16.0 14:29 NNW 15 66.9 78.3 16:13 55.5 5:59 0.0 1.9 0.00 1.1 12.0 14:29 NNW 16 68.9 82.5 15:41 55.3 5:57 0.0 3.9 0.00 0.9 10.0 14:30 WNW 17 70.5 84.6 14:28 56.4 4:19 0.0 5.5 0.00 0.8 12.0 16:56 NE 18 72.6 85.3 14:36 59.8 5:44 0.0 7.6 0.01 0.9 16.0 16:04 ENE 19 72.8 85.5 15:41 60.1 6:00 0.0 7.8 0.01 0.9 21.0 18:09 E 20 71.9 85.6 14:09 58.3 5:12 0.0 6.9 0.00 0.7 14.0 16:47 E 21 71.4 81.1 14:40 61.7 5:56 0.0 6.4 0.02 1.6 19.0 16:25 W 22 66.3 76.1 16:12 56.5 23:52 0.0 1.3 0.00 1.4 11.0 16:09 NW 23 67.8 81.9 16:13 53.6 5:33 0.0 2.8 0.00 0.7 9.0 12:52 SW 24 73.4 89.0 16:02 57.9 5:36 0.0 8.4 0.00 0.9 11.0 14:13 SSW 25 79.7 90.7 15:30 68.7 00:00 0.0 14.7 0.00 1.2 12.0 11:55 SW 26 77.6 91.2 16:05 63.9 4:46 0.0 12.6 0.00 0.3 10.0 11:40 WSW 27 78.4 92.1 16:26 64.8 5:57 0.0 13.4 0.00 0.5 9.0 14:20 WSW 28 80.8 90.6 15:09 71.0 1:36 0.0 15.8 0.00 0.9 14.0 16:06 SW 29 77.1 86.8 16:33 67.4 23:50 0.0 12.1 0.01 1.7 20.0 18:26 S 30 75.8 88.8 14:07 62.7 3:00 0.0 10.8 0.01 1.4 13.0 13:49 W 31 74.1 88.1 14:50 60.0 3:07 0.0 9.1 0.34 2.1 36.0 20:44 SW ------------------------------------------------------------------------------------- 71.8 92.1 27 44.4 11 12.0 221.7 3.09 1.3 36.0 31 SW Max >= 90.0: 4 Max <= 32.0: 0 Min <= 32.0: 0 Min <= 0.0: 0 Max Rain: 1.78 ON 05/13/12 Days of Rain: 6 (>.01 in) 5 (>.1 in) 1 (>1 in) Heat Base: 65.0 Cool Base: 65.0 Method: (High + Low) / 2