Warning: file(http://www.wunderground.com/climate/extremes.asp): failed to open stream: HTTP request failed! HTTP/1.0 500 Internal Server Error in /homepages/6/d330860172/htdocs/usaextremes.php on line 55

Warning: implode(): Invalid arguments passed in /homepages/6/d330860172/htdocs/usaextremes.php on line 55

NOAA Style Climate Reports for Lebanon, TN

NOAA style reports

NOAA-style Climate Reports

2018: Jan | Feb | Mar | Apr | May | Jun | Jul | Aug | Sep | Oct | Nov | Dec 
2017: Jan | Feb | Mar | Apr | May | Jun | Jul | Aug | Sep | Oct | Nov | Dec 
2016: Jan | Feb | Mar | Apr | May | Jun | Jul | Aug | Sep | Oct | Nov | Dec 
2015: Jan | Feb | Mar | Apr | May | Jun | Jul | Aug | Sep | Oct | Nov | Dec 
2014: Jan | Feb | Mar | Apr | May | Jun | Jul | Aug | Sep | Oct | Nov | Dec 
2013: Jan | Feb | Mar | Apr | May | Jun | Jul | Aug | Sep | Oct | Nov | Dec 
2012: Jan | Feb | Mar | Apr | May | Jun | Jul | Aug | Sep | Oct | Nov | Dec 
2011: Jan | Feb | Mar | Apr | May | Jun | Jul | Aug | Sep | Oct | Nov | Dec 
2010: Jan | Feb | Mar | Apr | May | Jun | Jul | Aug | Sep | Oct | Nov | Dec 
2009: Jan | Feb | Mar | Apr | May | Jun | Jul | Aug | Sep | Oct | Nov | Dec 
2008: Jan | Feb | Mar | Apr | May | Jun | Jul | Aug | Sep | Oct | Nov | Dec 
2007: Jan | Feb | Mar | Apr | May | Jun | Jul | Aug | Sep | Oct | Nov | Dec 
2006: Jan | Feb | Mar | Apr | May | Jun | Jul | Aug | Sep | Oct | Nov | Dec 
2005: Jan | Feb | Mar | Apr | May | Jun | Jul | Aug | Sep | Oct | Nov | Dec 
2004: Jan | Feb | Mar | Apr | May | Jun | Jul | Aug | Sep | Oct | Nov | Dec 
2003: Jan | Feb | Mar | Apr | May | Jun | Jul | Aug | Sep | Oct | Nov | Dec 
2002: Jan | Feb | Mar | Apr | May | Jun | Jul | Aug | Sep | Oct | Nov | Dec 
2001: Jan | Feb | Mar | Apr | May | Jun | Jul | Aug | Sep | Oct | Nov | Dec 
2000: Jan | Feb | Mar | Apr | May | Jun | Jul | Aug | Sep | Oct | Nov | Dec 
1999: Jan | Feb | Mar | Apr | May | Jun | Jul | Aug | Sep | Oct | Nov | Dec 
1998: Jan | Feb | Mar | Apr | May | Jun | Jul | Aug | Sep | Oct | Nov | Dec 
1997: Jan | Feb | Mar | Apr | May | Jun | Jul | Aug | Sep | Oct | Nov | Dec 
1996: Jan | Feb | Mar | Apr | May | Jun | Jul | Aug | Sep | Oct | Nov | Dec 
1995: Jan | Feb | Mar | Apr | May | Jun | Jul | Aug | Sep | Oct | Nov | Dec 

Report for 2012 06
MONTHLY CLIMATOLOGICAL SUMMARY for JUN. 2012 NAME: HornSpri CITY: Lebanon STATE: TN ELEV: 612 ft LAT: 36 14' 05" N LONG: 86 22' 54" W TEMPERATURE (F), RAIN (in), WIND SPEED (mph) HEAT COOL AVG MEAN DEG DEG WIND DOM DAY TEMP HIGH TIME LOW TIME DAYS DAYS RAIN SPEED HIGH TIME DIR ------------------------------------------------------------------------------------ 1 58.3 66.2 17:44 50.5 00:00 6.7 0.0 0.01 3.0 18.0 9:48 SW 2 61.0 75.5 15:47 46.6 5:14 4.0 0.0 0.00 1.7 19.0 13:22 SW 3 71.8 85.7 16:31 57.8 5:31 0.0 6.8 0.00 1.4 13.0 13:09 SW 4 75.3 85.3 14:49 65.3 5:04 0.0 10.3 0.00 1.9 14.0 22:44 SW 5 68.8 79.4 15:02 58.1 23:55 0.0 3.8 0.10 2.7 17.0 13:23 NE 6 64.8 76.6 15:53 52.9 5:28 0.3 0.0 0.00 1.9 14.0 13:42 N 7 67.0 81.2 16:04 52.8 5:37 0.0 2.0 0.00 1.7 13.0 17:02 N 8 72.1 86.4 16:13 57.7 5:46 0.0 7.1 0.00 2.0 13.0 12:02 ENE 9 73.8 88.2 13:14 59.3 5:04 0.0 8.8 0.00 1.2 14.0 13:31 ESE 10 71.1 75.6 14:32 66.6 8:59 0.0 6.1 0.03 2.3 21.0 8:18 ESE 11 76.6 84.8 13:45 68.4 23:59 0.0 11.6 0.24 1.4 23.0 19:00 SW 12 72.9 82.9 15:40 63.0 23:58 0.0 7.9 0.00 1.8 17.0 15:29 WSW 13 70.9 85.3 14:35 56.5 5:55 0.0 5.9 0.00 1.8 13.0 14:48 NNW 14 74.0 89.2 15:47 58.8 5:38 0.0 9.0 0.00 1.3 10.0 14:30 NE 15 78.4 90.9 14:42 65.9 2:22 0.0 13.4 0.05 1.4 18.0 16:08 SW 16 77.3 86.7 14:24 67.9 1:51 0.0 12.3 0.01 0.9 14.0 16:10 ESE 17 78.9 88.8 14:06 69.1 4:05 0.0 13.9 0.00 1.4 17.0 10:26 SW 18 80.9 91.9 16:05 70.0 4:29 0.0 15.9 0.00 1.5 15.0 10:41 SSW 19 82.9 93.6 15:46 72.3 5:39 0.0 17.9 0.00 0.9 13.0 16:38 SSW 20 80.6 94.2 16:16 67.0 6:16 0.0 15.6 0.00 0.8 10.0 12:42 SW 21 80.2 92.5 15:05 67.9 5:33 0.0 15.2 0.00 1.0 12.0 11:46 NW 22 80.5 91.3 14:21 69.7 5:45 0.0 15.5 0.00 2.0 14.0 12:53 NW 23 77.8 93.7 16:08 61.8 5:46 0.0 12.8 0.00 1.6 14.0 13:06 NNW 24 80.3 97.5 14:28 63.2 5:27 0.0 15.3 0.00 1.6 13.0 14:00 N 25 80.8 96.3 12:36 65.3 5:46 0.0 15.8 0.00 2.7 16.0 12:50 NNE 26 75.8 86.6 15:45 64.9 5:55 0.0 10.8 0.00 3.8 17.0 16:21 NNE 27 75.2 94.8 16:17 55.6 5:36 0.0 10.2 0.00 1.0 10.0 15:25 NW 28 83.3 104.5 16:00 62.0 5:15 0.0 18.3 0.00 2.1 15.0 10:36 SW 29 88.3 106.7 16:00 69.9 3:50 0.0 23.3 0.00 1.2 10.0 14:46 NW 30 90.5 106.8 15:14 74.2 5:42 0.0 25.5 0.00 1.5 14.0 13:31 SW ------------------------------------------------------------------------------------- 75.7 106.8 30 46.6 2 10.9 330.9 0.44 1.7 23.0 11 SW Max >= 90.0: 13 Max <= 32.0: 0 Min <= 32.0: 0 Min <= 0.0: 0 Max Rain: 0.24 ON 06/11/12 Days of Rain: 4 (>.01 in) 1 (>.1 in) 0 (>1 in) Heat Base: 65.0 Cool Base: 65.0 Method: (High + Low) / 2