Warning: file(http://www.wunderground.com/climate/extremes.asp): failed to open stream: HTTP request failed! HTTP/1.0 500 Internal Server Error in /homepages/6/d330860172/htdocs/usaextremes.php on line 55

Warning: implode(): Invalid arguments passed in /homepages/6/d330860172/htdocs/usaextremes.php on line 55

NOAA Style Climate Reports for Lebanon, TN

NOAA style reports

NOAA-style Climate Reports

2018: Jan | Feb | Mar | Apr | May | Jun | Jul | Aug | Sep | Oct | Nov | Dec 
2017: Jan | Feb | Mar | Apr | May | Jun | Jul | Aug | Sep | Oct | Nov | Dec 
2016: Jan | Feb | Mar | Apr | May | Jun | Jul | Aug | Sep | Oct | Nov | Dec 
2015: Jan | Feb | Mar | Apr | May | Jun | Jul | Aug | Sep | Oct | Nov | Dec 
2014: Jan | Feb | Mar | Apr | May | Jun | Jul | Aug | Sep | Oct | Nov | Dec 
2013: Jan | Feb | Mar | Apr | May | Jun | Jul | Aug | Sep | Oct | Nov | Dec 
2012: Jan | Feb | Mar | Apr | May | Jun | Jul | Aug | Sep | Oct | Nov | Dec 
2011: Jan | Feb | Mar | Apr | May | Jun | Jul | Aug | Sep | Oct | Nov | Dec 
2010: Jan | Feb | Mar | Apr | May | Jun | Jul | Aug | Sep | Oct | Nov | Dec 
2009: Jan | Feb | Mar | Apr | May | Jun | Jul | Aug | Sep | Oct | Nov | Dec 
2008: Jan | Feb | Mar | Apr | May | Jun | Jul | Aug | Sep | Oct | Nov | Dec 
2007: Jan | Feb | Mar | Apr | May | Jun | Jul | Aug | Sep | Oct | Nov | Dec 
2006: Jan | Feb | Mar | Apr | May | Jun | Jul | Aug | Sep | Oct | Nov | Dec 
2005: Jan | Feb | Mar | Apr | May | Jun | Jul | Aug | Sep | Oct | Nov | Dec 
2004: Jan | Feb | Mar | Apr | May | Jun | Jul | Aug | Sep | Oct | Nov | Dec 
2003: Jan | Feb | Mar | Apr | May | Jun | Jul | Aug | Sep | Oct | Nov | Dec 
2002: Jan | Feb | Mar | Apr | May | Jun | Jul | Aug | Sep | Oct | Nov | Dec 
2001: Jan | Feb | Mar | Apr | May | Jun | Jul | Aug | Sep | Oct | Nov | Dec 
2000: Jan | Feb | Mar | Apr | May | Jun | Jul | Aug | Sep | Oct | Nov | Dec 
1999: Jan | Feb | Mar | Apr | May | Jun | Jul | Aug | Sep | Oct | Nov | Dec 
1998: Jan | Feb | Mar | Apr | May | Jun | Jul | Aug | Sep | Oct | Nov | Dec 
1997: Jan | Feb | Mar | Apr | May | Jun | Jul | Aug | Sep | Oct | Nov | Dec 
1996: Jan | Feb | Mar | Apr | May | Jun | Jul | Aug | Sep | Oct | Nov | Dec 
1995: Jan | Feb | Mar | Apr | May | Jun | Jul | Aug | Sep | Oct | Nov | Dec 

Report for 2012 07
MONTHLY CLIMATOLOGICAL SUMMARY for JUL. 2012 NAME: HornSpri CITY: Lebanon STATE: TN ELEV: 612 ft LAT: 36 14' 05" N LONG: 86 22' 54" W TEMPERATURE (F), RAIN (in), WIND SPEED (mph) HEAT COOL AVG MEAN DEG DEG WIND DOM DAY TEMP HIGH TIME LOW TIME DAYS DAYS RAIN SPEED HIGH TIME DIR ------------------------------------------------------------------------------------ 1 90.6 104.3 15:54 76.9 5:16 0.0 25.6 0.00 1.9 16.0 12:12 SW 2 85.4 97.3 14:23 73.4 5:08 0.0 20.4 0.21 1.4 16.0 14:59 ENE 3 84.4 98.4 16:04 70.5 6:05 0.0 19.4 0.00 1.9 18.0 13:55 SW 4 86.8 100.9 16:06 72.6 5:00 0.0 21.8 0.00 1.4 14.0 17:40 SW 5 87.7 102.8 16:18 72.5 5:24 0.0 22.7 0.02 1.8 28.0 18:43 ESE 6 87.0 103.1 14:25 70.9 6:00 0.0 22.0 0.00 1.1 15.0 16:01 SW 7 87.7 103.5 14:31 71.9 5:36 0.0 22.7 0.00 1.2 23.0 17:27 SW 8 86.6 100.4 14:52 72.7 22:24 0.0 21.6 0.99 2.6 23.0 18:19 SW 9 81.1 89.8 16:00 72.4 5:16 0.0 16.1 0.32 1.0 13.0 0:31 NNE 10 76.1 81.7 16:57 70.4 7:08 0.0 11.1 0.92 1.1 12.0 2:55 E 11 78.3 84.2 11:02 72.4 14:26 0.0 13.3 0.11 0.8 13.0 14:02 E 12 72.6 74.7 0:18 70.4 6:36 0.0 7.6 0.49 1.6 14.0 12:56 E 13 76.9 84.2 16:45 69.6 1:23 0.0 11.9 0.99 0.7 10.0 14:18 SW 14 74.8 79.7 15:16 70.0 12:04 0.0 9.8 2.67 1.0 11.0 11:24 ENE 15 80.3 90.2 16:09 70.4 3:25 0.0 15.3 0.00 1.0 10.0 12:27 SW 16 82.2 93.4 16:17 71.0 5:40 0.0 17.2 0.00 1.0 11.0 14:07 NW 17 82.5 93.4 15:44 71.6 4:27 0.0 17.5 0.00 1.1 13.0 13:15 SW 18 --- 92.1 13:16 75.4 3:51 0.0 18.8 0.00 1.0 16.0 15:08 SW 19 82.0 94.6 15:21 69.4 22:22 0.0 17.0 1.08 1.6 26.0 21:53 SW 20 79.2 88.4 16:37 69.9 0:01 0.0 14.2 1.00 1.5 14.0 0:40 SW 21 80.5 87.9 16:06 73.1 4:25 0.0 15.5 0.00 1.3 11.0 16:10 NNE 22 80.3 88.5 12:59 72.2 3:30 0.0 15.3 0.00 0.8 11.0 9:11 SW 23 83.6 92.5 15:43 74.7 4:38 0.0 18.6 0.00 1.7 15.0 14:15 SSW 24 84.3 93.8 15:44 74.8 5:30 0.0 19.3 0.00 2.8 18.0 9:26 SW 25 84.9 94.9 15:52 74.8 5:32 0.0 19.9 0.00 1.7 14.0 8:34 SW 26 84.7 95.3 15:32 74.0 23:57 0.0 19.7 0.06 2.6 20.0 23:19 SSW 27 81.6 91.8 15:56 71.3 5:52 0.0 16.6 0.00 0.8 8.0 14:58 SW 28 80.0 89.8 15:51 70.2 23:53 0.0 15.0 0.00 1.5 13.0 14:40 SW 29 76.7 86.8 14:23 66.6 4:56 0.0 11.7 0.00 0.7 9.0 12:12 NE 30 78.4 90.8 15:22 66.0 2:24 0.0 13.4 0.00 0.5 9.0 11:19 E 31 81.7 91.3 15:08 72.1 6:07 0.0 16.7 0.02 1.5 24.0 1:33 E ------------------------------------------------------------------------------------- 82.0 104.3 1 66.0 30 0.0 527.3 8.88 1.4 28.0 5 SW Max >= 90.0: 20 Max <= 32.0: 0 Min <= 32.0: 0 Min <= 0.0: 0 Max Rain: 2.67 ON 07/14/12 Days of Rain: 13 (>.01 in) 10 (>.1 in) 2 (>1 in) Heat Base: 65.0 Cool Base: 65.0 Method: (High + Low) / 2