Warning: file(http://www.wunderground.com/climate/extremes.asp): failed to open stream: HTTP request failed! HTTP/1.0 500 Internal Server Error in /homepages/6/d330860172/htdocs/usaextremes.php on line 55

Warning: implode(): Invalid arguments passed in /homepages/6/d330860172/htdocs/usaextremes.php on line 55

NOAA Style Climate Reports for Lebanon, TN

NOAA style reports

NOAA-style Climate Reports

2018: Jan | Feb | Mar | Apr | May | Jun | Jul | Aug | Sep | Oct | Nov | Dec 
2017: Jan | Feb | Mar | Apr | May | Jun | Jul | Aug | Sep | Oct | Nov | Dec 
2016: Jan | Feb | Mar | Apr | May | Jun | Jul | Aug | Sep | Oct | Nov | Dec 
2015: Jan | Feb | Mar | Apr | May | Jun | Jul | Aug | Sep | Oct | Nov | Dec 
2014: Jan | Feb | Mar | Apr | May | Jun | Jul | Aug | Sep | Oct | Nov | Dec 
2013: Jan | Feb | Mar | Apr | May | Jun | Jul | Aug | Sep | Oct | Nov | Dec 
2012: Jan | Feb | Mar | Apr | May | Jun | Jul | Aug | Sep | Oct | Nov | Dec 
2011: Jan | Feb | Mar | Apr | May | Jun | Jul | Aug | Sep | Oct | Nov | Dec 
2010: Jan | Feb | Mar | Apr | May | Jun | Jul | Aug | Sep | Oct | Nov | Dec 
2009: Jan | Feb | Mar | Apr | May | Jun | Jul | Aug | Sep | Oct | Nov | Dec 
2008: Jan | Feb | Mar | Apr | May | Jun | Jul | Aug | Sep | Oct | Nov | Dec 
2007: Jan | Feb | Mar | Apr | May | Jun | Jul | Aug | Sep | Oct | Nov | Dec 
2006: Jan | Feb | Mar | Apr | May | Jun | Jul | Aug | Sep | Oct | Nov | Dec 
2005: Jan | Feb | Mar | Apr | May | Jun | Jul | Aug | Sep | Oct | Nov | Dec 
2004: Jan | Feb | Mar | Apr | May | Jun | Jul | Aug | Sep | Oct | Nov | Dec 
2003: Jan | Feb | Mar | Apr | May | Jun | Jul | Aug | Sep | Oct | Nov | Dec 
2002: Jan | Feb | Mar | Apr | May | Jun | Jul | Aug | Sep | Oct | Nov | Dec 
2001: Jan | Feb | Mar | Apr | May | Jun | Jul | Aug | Sep | Oct | Nov | Dec 
2000: Jan | Feb | Mar | Apr | May | Jun | Jul | Aug | Sep | Oct | Nov | Dec 
1999: Jan | Feb | Mar | Apr | May | Jun | Jul | Aug | Sep | Oct | Nov | Dec 
1998: Jan | Feb | Mar | Apr | May | Jun | Jul | Aug | Sep | Oct | Nov | Dec 
1997: Jan | Feb | Mar | Apr | May | Jun | Jul | Aug | Sep | Oct | Nov | Dec 
1996: Jan | Feb | Mar | Apr | May | Jun | Jul | Aug | Sep | Oct | Nov | Dec 
1995: Jan | Feb | Mar | Apr | May | Jun | Jul | Aug | Sep | Oct | Nov | Dec 

Report for 2012 08
MONTHLY CLIMATOLOGICAL SUMMARY for AUG. 2012 NAME: HornSpri CITY: Lebanon STATE: TN ELEV: 612 ft LAT: 36 14' 05" N LONG: 86 22' 54" W TEMPERATURE (F), RAIN (in), WIND SPEED (mph) HEAT COOL AVG MEAN DEG DEG WIND DOM DAY TEMP HIGH TIME LOW TIME DAYS DAYS RAIN SPEED HIGH TIME DIR ------------------------------------------------------------------------------------ 1 85.3 96.6 15:24 74.1 00:00 0.0 20.3 0.00 2.3 16.0 21:08 SW 2 83.1 95.0 16:21 71.1 5:05 0.0 18.1 0.00 0.7 13.0 19:51 SW 3 80.6 89.3 16:34 71.8 4:22 0.0 15.6 0.07 1.4 17.0 13:29 SSW 4 82.6 90.8 11:46 74.3 16:23 0.0 17.6 0.32 1.3 22.0 14:48 SSW 5 76.7 79.9 10:31 73.5 14:16 0.0 11.7 1.28 0.7 12.0 11:57 SSW 6 79.3 85.9 17:31 72.7 6:19 0.0 14.3 0.03 0.4 7.0 15:52 ENE 7 80.3 89.0 12:23 71.7 23:38 0.0 15.3 0.00 0.6 10.0 12:47 NNW 8 80.7 92.0 16:20 69.3 6:12 0.0 15.7 0.00 0.4 8.0 14:22 NNE 9 74.9 83.4 16:41 66.3 10:08 0.0 9.9 0.40 1.2 25.0 9:40 SW 10 73.2 82.7 14:33 63.7 23:58 0.0 8.2 0.17 2.0 14.0 14:53 SW 11 70.0 79.8 16:08 60.2 23:54 0.0 5.0 0.00 1.1 9.0 12:22 NNW 12 69.0 82.2 15:59 55.8 6:00 0.0 4.0 0.00 0.5 9.0 15:53 W 13 69.0 76.7 10:10 61.3 5:58 0.0 4.0 0.44 0.9 26.0 11:16 E 14 74.7 82.8 15:51 66.5 23:34 0.0 9.7 0.00 1.2 12.0 16:30 SW 15 74.1 83.5 16:21 64.7 23:58 0.0 9.1 0.00 0.6 8.0 8:21 WNW 16 75.8 89.5 16:19 62.0 4:42 0.0 10.8 0.53 0.8 32.0 22:52 SW 17 71.3 76.4 14:32 66.2 6:13 0.0 6.3 0.35 0.8 9.0 0:54 SW 18 72.0 80.5 14:35 63.5 6:43 0.0 7.0 0.00 0.7 9.0 12:07 NNE 19 70.9 82.1 15:34 59.8 23:52 0.0 5.9 0.00 1.1 13.0 15:55 WNW 20 68.9 82.0 16:03 55.8 6:11 0.0 3.9 0.00 0.8 10.0 12:43 W 21 69.1 83.2 14:52 55.1 6:15 0.0 4.1 0.00 0.6 9.0 13:13 W 22 72.6 86.1 15:38 59.0 6:11 0.0 7.6 0.00 0.5 8.0 14:21 ENE 23 75.4 90.0 15:37 60.8 5:50 0.0 10.4 0.00 0.6 9.0 13:41 E 24 77.1 89.7 16:26 64.5 4:11 0.0 12.1 0.00 0.5 7.0 11:28 E 25 76.9 87.5 14:06 66.3 4:31 0.0 11.9 0.00 0.8 19.0 15:50 SW 26 77.3 89.5 15:29 65.1 5:22 0.0 12.3 0.00 0.4 9.0 10:51 SW 27 78.6 91.4 16:07 65.8 6:04 0.0 13.6 0.00 0.5 9.0 20:35 WSW 28 78.6 87.7 14:14 69.5 4:51 0.0 13.6 0.00 1.5 12.0 13:38 NNW 29 79.0 90.1 16:32 67.9 5:26 0.0 14.0 0.00 1.4 12.0 16:13 NNE 30 78.3 87.5 15:11 69.1 6:15 0.0 13.3 0.10 1.0 18.0 16:08 ENE 31 81.8 88.2 14:20 75.3 6:22 0.0 16.8 0.12 0.7 11.0 17:38 ESE ------------------------------------------------------------------------------------- 76.0 96.6 1 55.1 21 0.0 341.9 3.81 0.9 32.0 16 SW Max >= 90.0: 7 Max <= 32.0: 0 Min <= 32.0: 0 Min <= 0.0: 0 Max Rain: 1.28 ON 08/05/12 Days of Rain: 11 (>.01 in) 8 (>.1 in) 1 (>1 in) Heat Base: 65.0 Cool Base: 65.0 Method: (High + Low) / 2