Warning: file(http://www.wunderground.com/climate/extremes.asp): failed to open stream: HTTP request failed! HTTP/1.0 500 Internal Server Error in /homepages/6/d330860172/htdocs/usaextremes.php on line 55

Warning: implode(): Invalid arguments passed in /homepages/6/d330860172/htdocs/usaextremes.php on line 55

NOAA Style Climate Reports for Lebanon, TN

NOAA style reports

NOAA-style Climate Reports

2018: Jan | Feb | Mar | Apr | May | Jun | Jul | Aug | Sep | Oct | Nov | Dec 
2017: Jan | Feb | Mar | Apr | May | Jun | Jul | Aug | Sep | Oct | Nov | Dec 
2016: Jan | Feb | Mar | Apr | May | Jun | Jul | Aug | Sep | Oct | Nov | Dec 
2015: Jan | Feb | Mar | Apr | May | Jun | Jul | Aug | Sep | Oct | Nov | Dec 
2014: Jan | Feb | Mar | Apr | May | Jun | Jul | Aug | Sep | Oct | Nov | Dec 
2013: Jan | Feb | Mar | Apr | May | Jun | Jul | Aug | Sep | Oct | Nov | Dec 
2012: Jan | Feb | Mar | Apr | May | Jun | Jul | Aug | Sep | Oct | Nov | Dec 
2011: Jan | Feb | Mar | Apr | May | Jun | Jul | Aug | Sep | Oct | Nov | Dec 
2010: Jan | Feb | Mar | Apr | May | Jun | Jul | Aug | Sep | Oct | Nov | Dec 
2009: Jan | Feb | Mar | Apr | May | Jun | Jul | Aug | Sep | Oct | Nov | Dec 
2008: Jan | Feb | Mar | Apr | May | Jun | Jul | Aug | Sep | Oct | Nov | Dec 
2007: Jan | Feb | Mar | Apr | May | Jun | Jul | Aug | Sep | Oct | Nov | Dec 
2006: Jan | Feb | Mar | Apr | May | Jun | Jul | Aug | Sep | Oct | Nov | Dec 
2005: Jan | Feb | Mar | Apr | May | Jun | Jul | Aug | Sep | Oct | Nov | Dec 
2004: Jan | Feb | Mar | Apr | May | Jun | Jul | Aug | Sep | Oct | Nov | Dec 
2003: Jan | Feb | Mar | Apr | May | Jun | Jul | Aug | Sep | Oct | Nov | Dec 
2002: Jan | Feb | Mar | Apr | May | Jun | Jul | Aug | Sep | Oct | Nov | Dec 
2001: Jan | Feb | Mar | Apr | May | Jun | Jul | Aug | Sep | Oct | Nov | Dec 
2000: Jan | Feb | Mar | Apr | May | Jun | Jul | Aug | Sep | Oct | Nov | Dec 
1999: Jan | Feb | Mar | Apr | May | Jun | Jul | Aug | Sep | Oct | Nov | Dec 
1998: Jan | Feb | Mar | Apr | May | Jun | Jul | Aug | Sep | Oct | Nov | Dec 
1997: Jan | Feb | Mar | Apr | May | Jun | Jul | Aug | Sep | Oct | Nov | Dec 
1996: Jan | Feb | Mar | Apr | May | Jun | Jul | Aug | Sep | Oct | Nov | Dec 
1995: Jan | Feb | Mar | Apr | May | Jun | Jul | Aug | Sep | Oct | Nov | Dec 

Report for 2012 10
MONTHLY CLIMATOLOGICAL SUMMARY for SEP. 2012 NAME: HornSpri CITY: Lebanon STATE: TN ELEV: 612 ft LAT: 36 14' 05" N LONG: 86 22' 54" W TEMPERATURE (F), RAIN (in), WIND SPEED (mph) HEAT COOL AVG MEAN DEG DEG WIND DOM DAY TEMP HIGH TIME LOW TIME DAYS DAYS RAIN SPEED HIGH TIME DIR ------------------------------------------------------------------------------------ 1 81.6 88.0 14:01 75.2 4:32 0.0 16.6 0.03 1.4 16.0 13:23 S 2 76.6 82.7 14:31 70.6 8:14 0.0 11.6 0.69 1.9 28.0 6:51 S 3 75.0 77.4 15:08 72.6 2:58 0.0 10.0 0.03 0.7 8.0 3:11 SSW 4 79.9 85.9 16:57 74.0 3:29 0.0 14.9 0.01 0.8 10.0 12:19 SW 5 80.2 89.8 15:57 70.5 23:50 0.0 15.2 2.33 1.1 29.0 17:52 SW 6 77.9 87.5 16:16 68.3 5:10 0.0 12.9 0.01 0.5 9.0 0:21 SW 7 79.8 91.1 15:18 68.5 6:23 0.0 14.8 0.00 0.8 11.0 14:46 SW 8 67.7 78.8 0:04 56.5 23:54 0.0 2.7 0.17 2.8 32.0 1:36 SW 9 65.5 78.7 15:36 52.3 6:43 0.0 0.5 0.00 1.0 11.0 15:52 WNW 10 66.6 79.3 15:51 53.9 6:12 0.0 1.6 0.00 1.1 10.0 11:43 NNE 11 69.6 83.8 15:50 55.3 6:06 0.0 4.6 0.00 0.8 10.0 13:14 SW 12 73.7 82.8 15:45 64.5 23:43 0.0 8.7 0.00 0.3 8.0 14:50 SW 13 72.2 82.1 15:12 62.3 6:40 0.0 7.2 0.00 0.8 11.0 14:41 ESE 14 69.8 81.8 15:46 57.8 6:22 0.0 4.8 0.00 0.5 10.0 13:16 E 15 71.6 79.7 16:31 63.6 6:14 0.0 6.6 0.00 1.3 9.0 12:47 NE 16 73.3 81.0 15:40 65.7 6:18 0.0 8.3 0.00 1.3 11.0 11:19 NE 17 68.6 69.8 14:33 67.4 4:36 0.0 3.6 1.98 0.7 9.0 13:55 ENE 18 59.4 69.4 16:13 49.4 23:58 5.6 0.0 0.12 2.5 20.0 9:35 NW 19 57.5 70.7 17:00 44.4 6:32 7.5 0.0 0.00 1.3 12.0 11:29 NE 20 62.9 79.2 16:08 46.7 6:01 2.1 0.0 0.00 0.7 10.0 11:21 SW 21 68.4 80.5 16:07 56.3 4:30 0.0 3.4 0.00 1.6 14.0 10:38 SSW 22 66.1 77.8 16:11 54.3 00:00 0.0 1.1 0.00 2.6 19.0 12:23 SW 23 55.4 67.6 14:47 43.3 6:54 9.6 0.0 0.00 1.6 12.0 15:28 NNW 24 55.6 70.4 16:31 40.8 6:41 9.4 0.0 0.00 0.7 13.0 10:42 ENE 25 67.9 79.6 13:54 56.3 1:05 0.0 2.9 0.00 1.6 16.0 10:56 S 26 72.9 82.8 14:54 62.9 6:05 0.0 7.9 0.00 1.5 17.0 12:32 SW 27 72.8 82.0 15:36 63.7 6:52 0.0 7.8 0.00 1.0 11.0 12:10 SW 28 69.4 74.4 13:06 64.3 6:31 0.0 4.4 0.06 0.2 12.0 13:24 W 29 64.8 74.1 15:40 55.5 23:38 0.2 0.0 0.00 1.3 14.0 15:54 N 30 62.5 72.2 13:34 52.8 6:41 2.5 0.0 0.03 0.4 7.0 11:12 N ------------------------------------------------------------------------------------- 69.5 91.1 7 40.8 24 36.8 172.1 5.46 1.2 32.0 8 SW Max >= 90.0: 1 Max <= 32.0: 0 Min <= 32.0: 0 Min <= 0.0: 0 Max Rain: 2.33 ON 09/05/12 Days of Rain: 9 (>.01 in) 5 (>.1 in) 2 (>1 in) Heat Base: 65.0 Cool Base: 65.0 Method: (High + Low) / 2