Warning: file(http://www.wunderground.com/climate/extremes.asp): failed to open stream: HTTP request failed! HTTP/1.0 500 Internal Server Error in /homepages/6/d330860172/htdocs/usaextremes.php on line 55

Warning: implode(): Invalid arguments passed in /homepages/6/d330860172/htdocs/usaextremes.php on line 55

NOAA Style Climate Reports for Lebanon, TN

NOAA style reports

NOAA-style Climate Reports

2018: Jan | Feb | Mar | Apr | May | Jun | Jul | Aug | Sep | Oct | Nov | Dec 
2017: Jan | Feb | Mar | Apr | May | Jun | Jul | Aug | Sep | Oct | Nov | Dec 
2016: Jan | Feb | Mar | Apr | May | Jun | Jul | Aug | Sep | Oct | Nov | Dec 
2015: Jan | Feb | Mar | Apr | May | Jun | Jul | Aug | Sep | Oct | Nov | Dec 
2014: Jan | Feb | Mar | Apr | May | Jun | Jul | Aug | Sep | Oct | Nov | Dec 
2013: Jan | Feb | Mar | Apr | May | Jun | Jul | Aug | Sep | Oct | Nov | Dec 
2012: Jan | Feb | Mar | Apr | May | Jun | Jul | Aug | Sep | Oct | Nov | Dec 
2011: Jan | Feb | Mar | Apr | May | Jun | Jul | Aug | Sep | Oct | Nov | Dec 
2010: Jan | Feb | Mar | Apr | May | Jun | Jul | Aug | Sep | Oct | Nov | Dec 
2009: Jan | Feb | Mar | Apr | May | Jun | Jul | Aug | Sep | Oct | Nov | Dec 
2008: Jan | Feb | Mar | Apr | May | Jun | Jul | Aug | Sep | Oct | Nov | Dec 
2007: Jan | Feb | Mar | Apr | May | Jun | Jul | Aug | Sep | Oct | Nov | Dec 
2006: Jan | Feb | Mar | Apr | May | Jun | Jul | Aug | Sep | Oct | Nov | Dec 
2005: Jan | Feb | Mar | Apr | May | Jun | Jul | Aug | Sep | Oct | Nov | Dec 
2004: Jan | Feb | Mar | Apr | May | Jun | Jul | Aug | Sep | Oct | Nov | Dec 
2003: Jan | Feb | Mar | Apr | May | Jun | Jul | Aug | Sep | Oct | Nov | Dec 
2002: Jan | Feb | Mar | Apr | May | Jun | Jul | Aug | Sep | Oct | Nov | Dec 
2001: Jan | Feb | Mar | Apr | May | Jun | Jul | Aug | Sep | Oct | Nov | Dec 
2000: Jan | Feb | Mar | Apr | May | Jun | Jul | Aug | Sep | Oct | Nov | Dec 
1999: Jan | Feb | Mar | Apr | May | Jun | Jul | Aug | Sep | Oct | Nov | Dec 
1998: Jan | Feb | Mar | Apr | May | Jun | Jul | Aug | Sep | Oct | Nov | Dec 
1997: Jan | Feb | Mar | Apr | May | Jun | Jul | Aug | Sep | Oct | Nov | Dec 
1996: Jan | Feb | Mar | Apr | May | Jun | Jul | Aug | Sep | Oct | Nov | Dec 
1995: Jan | Feb | Mar | Apr | May | Jun | Jul | Aug | Sep | Oct | Nov | Dec 

Report for 2012 11
MONTHLY CLIMATOLOGICAL SUMMARY for NOV. 2012 NAME: HornSpri CITY: Lebanon STATE: TN ELEV: 612 ft LAT: 36 14' 05" N LONG: 86 22' 55" W TEMPERATURE (F), RAIN (in), WIND SPEED (mph) HEAT COOL AVG MEAN DEG DEG WIND DOM DAY TEMP HIGH TIME LOW TIME DAYS DAYS RAIN SPEED HIGH TIME DIR ------------------------------------------------------------------------------------ 1 44.9 60.6 15:58 29.2 7:32 20.1 0.0 0.00 2.0 17.0 16:00 WSW 2 53.5 65.5 14:40 41.6 23:57 11.5 0.0 0.00 1.7 13.0 12:58 SSW 3 58.7 78.7 16:35 38.7 2:44 6.3 0.0 0.33 1.9 23.0 17:45 ENE 4 46.3 55.1 14:28 37.6 00:00 18.7 0.0 0.00 1.7 18.0 13:25 NNW 5 44.2 54.6 14:37 33.8 6:20 20.8 0.0 0.05 1.3 11.0 10:20 ENE 6 44.8 51.3 14:11 38.3 4:42 20.2 0.0 0.20 0.4 8.0 10:40 W 7 45.3 52.7 12:50 38.0 00:00 19.7 0.0 0.08 2.1 13.0 13:16 NW 8 43.7 54.5 15:58 32.8 5:49 21.3 0.0 0.00 0.4 7.0 13:50 ENE 9 48.2 65.3 14:37 31.0 6:34 16.8 0.0 0.00 1.2 9.0 10:35 S 10 60.4 70.6 13:18 50.3 6:11 4.6 0.0 0.00 2.4 13.0 11:33 SSE 11 62.5 71.7 12:31 53.3 4:38 2.5 0.0 0.00 4.7 21.0 11:05 SSE 12 47.4 64.6 0:01 30.2 23:55 17.6 0.0 1.26 3.2 22.0 7:52 W 13 37.8 49.1 14:33 26.4 6:40 27.3 0.0 0.00 1.4 12.0 11:41 NNE 14 40.6 51.9 14:16 29.2 4:47 24.4 0.0 0.00 1.0 8.0 8:24 NE 15 40.5 55.1 15:13 26.0 6:37 24.5 0.0 0.00 0.8 9.0 13:35 NNW 16 42.9 57.3 14:59 28.5 6:13 22.1 0.0 0.00 1.6 11.0 10:22 NNW 17 43.9 58.6 12:48 29.2 7:01 21.1 0.0 0.00 0.7 9.0 12:06 NE 18 46.0 62.0 14:16 30.1 6:27 19.0 0.0 0.00 0.3 6.0 11:12 ENE 19 48.0 63.6 14:55 32.4 5:35 17.0 0.0 0.00 0.4 7.0 11:28 WSW 20 56.9 66.2 13:38 47.6 6:18 8.1 0.0 0.00 0.7 9.0 14:02 SW 21 52.8 64.3 14:07 41.3 23:52 12.2 0.0 0.00 0.8 10.0 11:07 NW 22 51.6 67.4 14:09 35.8 6:53 13.4 0.0 0.00 1.3 15.0 12:05 S 23 47.1 57.2 14:03 36.9 00:00 17.9 0.0 0.05 4.7 21.0 14:31 NW 24 33.3 40.7 14:28 26.0 23:50 31.7 0.0 0.00 2.3 12.0 2:15 NW 25 40.9 56.9 15:05 24.9 1:29 24.1 0.0 0.00 2.3 14.0 11:29 S 26 52.8 61.8 13:58 43.8 3:38 12.2 0.0 0.15 1.1 11.0 23:44 SW 27 39.2 44.3 0:01 34.1 23:59 25.8 0.0 0.02 3.9 16.0 0:55 NNW 28 37.1 47.9 15:14 26.3 7:10 27.9 0.0 0.00 0.5 7.0 15:20 WNW 29 41.4 57.8 14:46 25.0 7:01 23.6 0.0 0.00 0.7 10.0 14:14 SSW 30 48.7 61.2 12:49 36.2 0:50 16.3 0.0 0.00 1.7 14.0 12:16 SSW ------------------------------------------------------------------------------------- 46.7 78.7 3 24.9 25 548.5 0.0 2.14 1.6 23.0 3 NW Max >= 90.0: 0 Max <= 32.0: 0 Min <= 32.0: 13 Min <= 0.0: 0 Max Rain: 1.26 ON 11/12/12 Days of Rain: 8 (>.01 in) 4 (>.1 in) 1 (>1 in) Heat Base: 65.0 Cool Base: 65.0 Method: (High + Low) / 2