Warning: file(http://www.wunderground.com/climate/extremes.asp): failed to open stream: HTTP request failed! HTTP/1.0 500 Internal Server Error in /homepages/6/d330860172/htdocs/usaextremes.php on line 55

Warning: implode(): Invalid arguments passed in /homepages/6/d330860172/htdocs/usaextremes.php on line 55

NOAA Style Climate Reports for Lebanon, TN

NOAA style reports

NOAA-style Climate Reports

2018: Jan | Feb | Mar | Apr | May | Jun | Jul | Aug | Sep | Oct | Nov | Dec 
2017: Jan | Feb | Mar | Apr | May | Jun | Jul | Aug | Sep | Oct | Nov | Dec 
2016: Jan | Feb | Mar | Apr | May | Jun | Jul | Aug | Sep | Oct | Nov | Dec 
2015: Jan | Feb | Mar | Apr | May | Jun | Jul | Aug | Sep | Oct | Nov | Dec 
2014: Jan | Feb | Mar | Apr | May | Jun | Jul | Aug | Sep | Oct | Nov | Dec 
2013: Jan | Feb | Mar | Apr | May | Jun | Jul | Aug | Sep | Oct | Nov | Dec 
2012: Jan | Feb | Mar | Apr | May | Jun | Jul | Aug | Sep | Oct | Nov | Dec 
2011: Jan | Feb | Mar | Apr | May | Jun | Jul | Aug | Sep | Oct | Nov | Dec 
2010: Jan | Feb | Mar | Apr | May | Jun | Jul | Aug | Sep | Oct | Nov | Dec 
2009: Jan | Feb | Mar | Apr | May | Jun | Jul | Aug | Sep | Oct | Nov | Dec 
2008: Jan | Feb | Mar | Apr | May | Jun | Jul | Aug | Sep | Oct | Nov | Dec 
2007: Jan | Feb | Mar | Apr | May | Jun | Jul | Aug | Sep | Oct | Nov | Dec 
2006: Jan | Feb | Mar | Apr | May | Jun | Jul | Aug | Sep | Oct | Nov | Dec 
2005: Jan | Feb | Mar | Apr | May | Jun | Jul | Aug | Sep | Oct | Nov | Dec 
2004: Jan | Feb | Mar | Apr | May | Jun | Jul | Aug | Sep | Oct | Nov | Dec 
2003: Jan | Feb | Mar | Apr | May | Jun | Jul | Aug | Sep | Oct | Nov | Dec 
2002: Jan | Feb | Mar | Apr | May | Jun | Jul | Aug | Sep | Oct | Nov | Dec 
2001: Jan | Feb | Mar | Apr | May | Jun | Jul | Aug | Sep | Oct | Nov | Dec 
2000: Jan | Feb | Mar | Apr | May | Jun | Jul | Aug | Sep | Oct | Nov | Dec 
1999: Jan | Feb | Mar | Apr | May | Jun | Jul | Aug | Sep | Oct | Nov | Dec 
1998: Jan | Feb | Mar | Apr | May | Jun | Jul | Aug | Sep | Oct | Nov | Dec 
1997: Jan | Feb | Mar | Apr | May | Jun | Jul | Aug | Sep | Oct | Nov | Dec 
1996: Jan | Feb | Mar | Apr | May | Jun | Jul | Aug | Sep | Oct | Nov | Dec 
1995: Jan | Feb | Mar | Apr | May | Jun | Jul | Aug | Sep | Oct | Nov | Dec 

Report for 2012 12
MONTHLY CLIMATOLOGICAL SUMMARY for DEC. 2012 NAME: HornSpri CITY: Lebanon STATE: TN ELEV: 612 ft LAT: 36 14' 05" N LONG: 86 22' 55" W TEMPERATURE (F), RAIN (in), WIND SPEED (mph) HEAT COOL AVG MEAN DEG DEG WIND DOM DAY TEMP HIGH TIME LOW TIME DAYS DAYS RAIN SPEED HIGH TIME DIR ------------------------------------------------------------------------------------ 1 54.8 67.5 12:51 42.1 6:32 10.2 0.0 0.00 2.5 11.0 12:40 SSE 2 63.4 70.2 12:47 56.6 3:24 1.6 0.0 0.00 4.7 17.0 9:13 S 3 66.0 73.1 12:32 58.9 6:25 0.0 1.0 0.00 3.9 14.0 10:46 S 4 61.8 66.9 10:31 56.7 00:00 3.2 0.0 0.25 3.6 16.0 10:26 S 5 51.1 61.9 13:08 40.2 21:47 13.9 0.0 0.01 3.0 16.0 12:26 NNE 6 50.4 60.5 14:29 40.3 1:04 14.6 0.0 0.01 1.1 7.0 1:38 E 7 59.5 64.1 14:18 55.0 7:14 5.5 0.0 0.00 3.5 14.0 9:13 S 8 60.8 63.5 13:59 58.2 23:37 4.2 0.0 0.44 2.2 12.0 8:49 S 9 63.3 68.3 14:52 58.2 0:01 1.8 0.0 0.12 4.1 16.0 19:23 S 10 47.9 62.6 0:01 33.2 23:15 17.1 0.0 1.02 4.4 21.0 0:30 NW 11 32.5 39.3 14:57 25.7 23:56 32.5 0.0 0.00 1.6 10.0 1:03 NW 12 35.2 47.3 13:53 23.1 6:51 29.8 0.0 0.00 1.4 12.0 12:02 N 13 37.0 51.1 15:10 22.9 6:37 28.0 0.0 0.00 0.4 7.0 11:48 ENE 14 41.1 57.4 14:57 24.8 7:14 23.9 0.0 0.00 0.7 9.0 10:28 E 15 53.7 61.2 12:55 46.1 1:14 11.3 0.0 0.04 4.3 18.0 9:34 S 16 56.8 62.2 11:47 51.4 23:39 8.2 0.0 0.00 4.0 21.0 17:31 S 17 55.3 64.4 14:38 46.3 23:57 9.7 0.0 0.09 3.9 25.0 15:00 S 18 48.1 55.9 15:24 40.3 7:44 16.9 0.0 0.00 3.2 16.0 0:53 S 19 51.3 64.7 15:05 37.8 7:40 13.8 0.0 0.00 2.0 15.0 23:02 SE 20 48.3 60.4 2:45 36.2 23:56 16.7 0.0 0.76 10.5 46.0 13:18 SW 21 36.5 42.2 14:23 30.9 6:50 28.5 0.0 0.00 9.4 34.0 0:49 W 22 33.0 45.4 15:12 20.6 7:27 32.0 0.0 0.00 1.4 11.0 22:24 SSW 23 45.2 53.0 13:17 37.3 2:01 19.8 0.0 0.04 3.2 12.0 11:23 S 24 49.5 56.9 14:49 42.1 00:00 15.5 0.0 0.44 2.6 14.0 20:55 NW 25 38.4 42.1 0:01 34.7 7:59 26.6 0.0 0.01 5.2 23.0 20:49 NE 26 38.5 44.0 3:11 33.0 16:27 26.5 0.0 0.88 6.8 25.0 12:38 W 27 34.1 35.2 12:55 32.9 6:37 30.9 0.0 0.04 1.8 14.0 0:03 NW 28 35.9 39.8 13:28 32.0 4:23 29.1 0.0 0.00 2.0 12.0 21:53 E 29 34.3 39.6 1:01 29.1 23:52 30.7 0.0 0.46 5.9 23.0 21:03 W 30 30.3 39.5 15:44 21.1 7:36 34.7 0.0 0.00 0.9 14.0 0:15 NW 31 34.3 42.9 19:49 25.8 0:57 30.7 0.0 0.05 1.3 14.0 11:39 SSW ------------------------------------------------------------------------------------- 46.7 73.1 3 20.6 22 567.7 1.0 4.66 3.4 46.0 20 S Max >= 90.0: 0 Max <= 32.0: 0 Min <= 32.0: 10 Min <= 0.0: 0 Max Rain: 1.02 ON 12/10/12 Days of Rain: 13 (>.01 in) 8 (>.1 in) 1 (>1 in) Heat Base: 65.0 Cool Base: 65.0 Method: (High + Low) / 2