Warning: file(http://www.wunderground.com/climate/extremes.asp): failed to open stream: HTTP request failed! HTTP/1.0 500 Internal Server Error in /homepages/6/d330860172/htdocs/usaextremes.php on line 55

Warning: implode(): Invalid arguments passed in /homepages/6/d330860172/htdocs/usaextremes.php on line 55

NOAA Style Climate Reports for Lebanon, TN

NOAA style reports

NOAA-style Climate Reports

2018: Jan | Feb | Mar | Apr | May | Jun | Jul | Aug | Sep | Oct | Nov | Dec 
2017: Jan | Feb | Mar | Apr | May | Jun | Jul | Aug | Sep | Oct | Nov | Dec 
2016: Jan | Feb | Mar | Apr | May | Jun | Jul | Aug | Sep | Oct | Nov | Dec 
2015: Jan | Feb | Mar | Apr | May | Jun | Jul | Aug | Sep | Oct | Nov | Dec 
2014: Jan | Feb | Mar | Apr | May | Jun | Jul | Aug | Sep | Oct | Nov | Dec 
2013: Jan | Feb | Mar | Apr | May | Jun | Jul | Aug | Sep | Oct | Nov | Dec 
2012: Jan | Feb | Mar | Apr | May | Jun | Jul | Aug | Sep | Oct | Nov | Dec 
2011: Jan | Feb | Mar | Apr | May | Jun | Jul | Aug | Sep | Oct | Nov | Dec 
2010: Jan | Feb | Mar | Apr | May | Jun | Jul | Aug | Sep | Oct | Nov | Dec 
2009: Jan | Feb | Mar | Apr | May | Jun | Jul | Aug | Sep | Oct | Nov | Dec 
2008: Jan | Feb | Mar | Apr | May | Jun | Jul | Aug | Sep | Oct | Nov | Dec 
2007: Jan | Feb | Mar | Apr | May | Jun | Jul | Aug | Sep | Oct | Nov | Dec 
2006: Jan | Feb | Mar | Apr | May | Jun | Jul | Aug | Sep | Oct | Nov | Dec 
2005: Jan | Feb | Mar | Apr | May | Jun | Jul | Aug | Sep | Oct | Nov | Dec 
2004: Jan | Feb | Mar | Apr | May | Jun | Jul | Aug | Sep | Oct | Nov | Dec 
2003: Jan | Feb | Mar | Apr | May | Jun | Jul | Aug | Sep | Oct | Nov | Dec 
2002: Jan | Feb | Mar | Apr | May | Jun | Jul | Aug | Sep | Oct | Nov | Dec 
2001: Jan | Feb | Mar | Apr | May | Jun | Jul | Aug | Sep | Oct | Nov | Dec 
2000: Jan | Feb | Mar | Apr | May | Jun | Jul | Aug | Sep | Oct | Nov | Dec 
1999: Jan | Feb | Mar | Apr | May | Jun | Jul | Aug | Sep | Oct | Nov | Dec 
1998: Jan | Feb | Mar | Apr | May | Jun | Jul | Aug | Sep | Oct | Nov | Dec 
1997: Jan | Feb | Mar | Apr | May | Jun | Jul | Aug | Sep | Oct | Nov | Dec 
1996: Jan | Feb | Mar | Apr | May | Jun | Jul | Aug | Sep | Oct | Nov | Dec 
1995: Jan | Feb | Mar | Apr | May | Jun | Jul | Aug | Sep | Oct | Nov | Dec 

Report for 2013
ANNUAL CLIMATOLOGICAL SUMMARY NAME: HornSpri CITY: Lebanon STATE: TN ELEV: 612 ft LAT: 36 14' 05" N LONG: 86 22' 55" W TEMPERATURE (F), HEAT BASE 65.0, COOL BASE 65.0 DEP. HEAT COOL MEAN MEAN FROM DEG DEG MAX MAX MIN MIN YR MO MAX MIN MEAN NORM DAYS DAYS HI DATE LOW DATE >=90 <=32 <=32 <=0 ------------------------------------------------------------------------------------ 13 1 49.3 32.9 41.1 5.1 741 1 71.5 30 18.6 22 0 1 19 0 13 2 50.8 31.7 41.2 1.5 666 0 65.7 25 17.7 17 0 1 14 0 13 3 53.4 34.9 44.1 -4.1 648 1 76.4 16 19.9 21 0 0 12 0 13 4 71.0 48.4 59.7 2.5 215 55 87.8 17 32.4 3 0 0 0 0 13 5 77.4 57.9 67.7 1.5 71 153 88.5 28 39.0 13 0 0 0 0 13 6 86.0 66.9 76.4 1.7 0 343 93.7 12 57.8 4 5 0 0 0 13 7 85.4 67.7 76.5 -2.2 0 358 94.9 17 57.6 29 7 0 0 0 13 8 85.3 68.6 76.9 -0.6 0 370 95.6 30 56.2 15 6 0 0 0 13 9 82.4 61.9 72.2 2.1 3 218 92.8 9 50.6 22 3 0 0 0 13 10 69.6 51.1 60.4 1.9 206 62 87.0 5 27.3 26 0 0 2 0 13 11 55.9 33.8 44.8 -3.8 605 0 72.6 6 15.6 28 0 0 14 0 13 12 49.0 32.5 40.7 1.8 755 3 75.1 4 17.7 25 0 1 19 0 ------------------------------------------------------------------------------------ 68.0 49.1 58.6 0.6 3910 1564 95.6 AUG 15.6 NOV 21 3 80 0 PRECIPITATION (in) DEP. MAX DAYS OF RAIN FROM OBS. OVER YR MO TOTAL NORM DAY DATE .01 .1 1 --------------------------------------------- 13 1 8.10 3.89 2.19 13 14 11 2 13 2 2.43 -1.98 0.73 21 10 7 0 13 3 5.59 1.00 1.29 11 11 7 3 13 4 8.21 4.04 3.45 27 7 6 3 13 5 4.80 -0.90 2.08 4 9 7 1 13 6 2.79 -1.63 0.80 18 12 7 0 13 7 5.18 0.61 2.15 4 12 7 2 13 8 6.46 2.82 5.46 8 8 3 1 13 9 2.76 -1.00 0.88 10 7 5 0 13 10 2.81 -0.43 1.47 6 5 4 1 13 11 2.90 -1.55 0.96 17 8 6 0 13 12 6.54 1.48 1.68 5 10 8 2 --------------------------------------------- 58.57 6.35 5.46 AUG 113 78 15 WIND SPEED (mph) DOM YR MO AVG. HI DATE DIR --------------------------------- 13 1 3.1 56.0 30 S 13 2 3.6 27.0 18 SW 13 3 3.8 38.0 24 W 13 4 2.8 30.0 19 S 13 5 1.5 30.0 21 SW 13 6 1.3 24.0 13 SW 13 7 1.1 24.0 20 SW 13 8 0.9 23.0 12 SW 13 9 1.0 21.0 21 SW 13 10 1.1 35.0 31 SSW 13 11 2.5 33.0 17 NW 13 12 2.9 41.0 21 S --------------------------------- 2.1 56.0 JAN SW