Warning: file(http://www.wunderground.com/climate/extremes.asp): failed to open stream: HTTP request failed! HTTP/1.0 500 Internal Server Error in /homepages/6/d330860172/htdocs/usaextremes.php on line 55

Warning: implode(): Invalid arguments passed in /homepages/6/d330860172/htdocs/usaextremes.php on line 55

NOAA Style Climate Reports for Lebanon, TN

NOAA style reports

NOAA-style Climate Reports

2018: Jan | Feb | Mar | Apr | May | Jun | Jul | Aug | Sep | Oct | Nov | Dec 
2017: Jan | Feb | Mar | Apr | May | Jun | Jul | Aug | Sep | Oct | Nov | Dec 
2016: Jan | Feb | Mar | Apr | May | Jun | Jul | Aug | Sep | Oct | Nov | Dec 
2015: Jan | Feb | Mar | Apr | May | Jun | Jul | Aug | Sep | Oct | Nov | Dec 
2014: Jan | Feb | Mar | Apr | May | Jun | Jul | Aug | Sep | Oct | Nov | Dec 
2013: Jan | Feb | Mar | Apr | May | Jun | Jul | Aug | Sep | Oct | Nov | Dec 
2012: Jan | Feb | Mar | Apr | May | Jun | Jul | Aug | Sep | Oct | Nov | Dec 
2011: Jan | Feb | Mar | Apr | May | Jun | Jul | Aug | Sep | Oct | Nov | Dec 
2010: Jan | Feb | Mar | Apr | May | Jun | Jul | Aug | Sep | Oct | Nov | Dec 
2009: Jan | Feb | Mar | Apr | May | Jun | Jul | Aug | Sep | Oct | Nov | Dec 
2008: Jan | Feb | Mar | Apr | May | Jun | Jul | Aug | Sep | Oct | Nov | Dec 
2007: Jan | Feb | Mar | Apr | May | Jun | Jul | Aug | Sep | Oct | Nov | Dec 
2006: Jan | Feb | Mar | Apr | May | Jun | Jul | Aug | Sep | Oct | Nov | Dec 
2005: Jan | Feb | Mar | Apr | May | Jun | Jul | Aug | Sep | Oct | Nov | Dec 
2004: Jan | Feb | Mar | Apr | May | Jun | Jul | Aug | Sep | Oct | Nov | Dec 
2003: Jan | Feb | Mar | Apr | May | Jun | Jul | Aug | Sep | Oct | Nov | Dec 
2002: Jan | Feb | Mar | Apr | May | Jun | Jul | Aug | Sep | Oct | Nov | Dec 
2001: Jan | Feb | Mar | Apr | May | Jun | Jul | Aug | Sep | Oct | Nov | Dec 
2000: Jan | Feb | Mar | Apr | May | Jun | Jul | Aug | Sep | Oct | Nov | Dec 
1999: Jan | Feb | Mar | Apr | May | Jun | Jul | Aug | Sep | Oct | Nov | Dec 
1998: Jan | Feb | Mar | Apr | May | Jun | Jul | Aug | Sep | Oct | Nov | Dec 
1997: Jan | Feb | Mar | Apr | May | Jun | Jul | Aug | Sep | Oct | Nov | Dec 
1996: Jan | Feb | Mar | Apr | May | Jun | Jul | Aug | Sep | Oct | Nov | Dec 
1995: Jan | Feb | Mar | Apr | May | Jun | Jul | Aug | Sep | Oct | Nov | Dec 

Report for 2013 01
MONTHLY CLIMATOLOGICAL SUMMARY for JAN. 2013 NAME: HornSpri CITY: Lebanon STATE: TN ELEV: 612 ft LAT: 36 14' 05" N LONG: 86 22' 55" W TEMPERATURE (F), RAIN (in), WIND SPEED (mph) HEAT COOL AVG MEAN DEG DEG WIND DOM DAY TEMP HIGH TIME LOW TIME DAYS DAYS RAIN SPEED HIGH TIME DIR ------------------------------------------------------------------------------------ 1 38.3 43.1 5:06 33.4 23:49 26.8 0.0 0.35 2.5 17.0 19:22 NW 2 30.3 34.7 15:07 25.9 00:00 34.7 0.0 0.00 2.2 10.0 2:25 NW 3 33.5 43.2 15:32 23.9 7:44 31.5 0.0 0.00 1.1 12.0 14:17 WNW 4 32.8 44.3 14:44 21.3 6:27 32.2 0.0 0.00 1.0 13.0 12:41 W 5 33.8 45.6 15:10 22.1 5:29 31.2 0.0 0.00 0.8 8.0 12:35 SSW 6 39.5 50.4 13:24 28.5 23:59 25.5 0.0 0.00 4.3 20.0 13:46 SSW 7 33.5 46.5 15:34 20.4 7:12 31.5 0.0 0.00 0.9 9.0 8:25 N 8 43.4 58.9 15:10 27.9 1:00 21.6 0.0 0.00 1.4 12.0 10:57 S 9 50.1 53.3 14:44 46.9 5:58 14.9 0.0 0.87 1.2 8.0 10:23 NE 10 58.8 65.6 23:34 52.1 0:03 6.2 0.0 0.20 4.3 26.0 20:04 SE 11 64.9 69.6 14:46 60.2 8:29 0.1 0.0 0.51 4.3 19.0 14:25 S 12 66.0 68.0 15:16 64.0 11:32 0.0 1.0 0.92 3.7 16.0 23:17 SSE 13 51.9 67.7 0:31 36.2 19:49 13.1 0.0 2.19 4.8 28.0 5:59 SSE 14 32.9 36.2 0:01 29.6 6:19 32.1 0.0 0.12 4.8 21.0 14:35 ENE 15 32.8 35.0 13:41 30.6 5:21 32.2 0.0 0.48 4.0 15.0 4:11 ENE 16 34.7 35.5 14:42 33.8 5:32 30.3 0.0 0.47 1.8 13.0 7:25 NW 17 39.3 44.9 15:29 33.7 20:18 25.7 0.0 0.03 5.0 28.0 13:01 NNW 18 37.1 48.4 15:58 25.7 6:16 27.9 0.0 0.00 1.2 11.0 11:47 SE 19 44.0 56.0 15:14 32.1 2:48 21.0 0.0 0.00 3.9 22.0 11:23 S 20 40.7 51.2 14:17 30.1 23:57 24.3 0.0 0.00 2.2 12.0 12:21 SSW 21 30.9 37.8 13:03 24.0 23:55 34.1 0.0 0.00 3.6 23.0 13:17 NW 22 23.9 29.2 14:49 18.6 6:49 41.1 0.0 0.00 2.6 11.0 1:46 NNW 23 34.8 50.0 15:49 19.5 7:27 30.3 0.0 0.00 1.6 16.0 13:44 SW 24 30.8 35.8 0:11 25.9 20:35 34.2 0.0 0.00 4.0 21.0 6:24 NE 25 32.7 36.5 13:46 28.9 0:01 32.3 0.0 0.47 1.7 10.0 8:22 WNW 26 36.9 44.5 15:24 29.3 4:00 28.1 0.0 0.00 1.2 9.0 22:19 NNE 27 39.3 51.6 15:05 27.0 4:20 25.7 0.0 0.02 1.8 13.0 18:00 ENE 28 53.0 59.1 14:17 47.0 4:32 12.0 0.0 0.00 4.6 17.0 11:43 S 29 62.8 69.5 23:51 56.2 1:32 2.2 0.0 0.00 5.3 20.0 23:16 S 30 53.7 71.5 2:38 35.8 23:59 11.3 0.0 1.41 7.6 56.0 3:38 S 31 37.5 45.8 16:11 29.1 00:00 27.5 0.0 0.04 7.9 28.0 20:46 SW ------------------------------------------------------------------------------------- 41.1 71.5 30 18.6 22 741.5 1.0 8.08 3.1 56.0 30 S Max >= 90.0: 0 Max <= 32.0: 1 Min <= 32.0: 19 Min <= 0.0: 0 Max Rain: 2.19 ON 01/13/13 Days of Rain: 14 (>.01 in) 11 (>.1 in) 2 (>1 in) Heat Base: 65.0 Cool Base: 65.0 Method: (High + Low) / 2