Warning: file(http://www.wunderground.com/climate/extremes.asp): failed to open stream: HTTP request failed! HTTP/1.0 500 Internal Server Error in /homepages/6/d330860172/htdocs/usaextremes.php on line 55

Warning: implode(): Invalid arguments passed in /homepages/6/d330860172/htdocs/usaextremes.php on line 55

NOAA Style Climate Reports for Lebanon, TN

NOAA style reports

NOAA-style Climate Reports

2018: Jan | Feb | Mar | Apr | May | Jun | Jul | Aug | Sep | Oct | Nov | Dec 
2017: Jan | Feb | Mar | Apr | May | Jun | Jul | Aug | Sep | Oct | Nov | Dec 
2016: Jan | Feb | Mar | Apr | May | Jun | Jul | Aug | Sep | Oct | Nov | Dec 
2015: Jan | Feb | Mar | Apr | May | Jun | Jul | Aug | Sep | Oct | Nov | Dec 
2014: Jan | Feb | Mar | Apr | May | Jun | Jul | Aug | Sep | Oct | Nov | Dec 
2013: Jan | Feb | Mar | Apr | May | Jun | Jul | Aug | Sep | Oct | Nov | Dec 
2012: Jan | Feb | Mar | Apr | May | Jun | Jul | Aug | Sep | Oct | Nov | Dec 
2011: Jan | Feb | Mar | Apr | May | Jun | Jul | Aug | Sep | Oct | Nov | Dec 
2010: Jan | Feb | Mar | Apr | May | Jun | Jul | Aug | Sep | Oct | Nov | Dec 
2009: Jan | Feb | Mar | Apr | May | Jun | Jul | Aug | Sep | Oct | Nov | Dec 
2008: Jan | Feb | Mar | Apr | May | Jun | Jul | Aug | Sep | Oct | Nov | Dec 
2007: Jan | Feb | Mar | Apr | May | Jun | Jul | Aug | Sep | Oct | Nov | Dec 
2006: Jan | Feb | Mar | Apr | May | Jun | Jul | Aug | Sep | Oct | Nov | Dec 
2005: Jan | Feb | Mar | Apr | May | Jun | Jul | Aug | Sep | Oct | Nov | Dec 
2004: Jan | Feb | Mar | Apr | May | Jun | Jul | Aug | Sep | Oct | Nov | Dec 
2003: Jan | Feb | Mar | Apr | May | Jun | Jul | Aug | Sep | Oct | Nov | Dec 
2002: Jan | Feb | Mar | Apr | May | Jun | Jul | Aug | Sep | Oct | Nov | Dec 
2001: Jan | Feb | Mar | Apr | May | Jun | Jul | Aug | Sep | Oct | Nov | Dec 
2000: Jan | Feb | Mar | Apr | May | Jun | Jul | Aug | Sep | Oct | Nov | Dec 
1999: Jan | Feb | Mar | Apr | May | Jun | Jul | Aug | Sep | Oct | Nov | Dec 
1998: Jan | Feb | Mar | Apr | May | Jun | Jul | Aug | Sep | Oct | Nov | Dec 
1997: Jan | Feb | Mar | Apr | May | Jun | Jul | Aug | Sep | Oct | Nov | Dec 
1996: Jan | Feb | Mar | Apr | May | Jun | Jul | Aug | Sep | Oct | Nov | Dec 
1995: Jan | Feb | Mar | Apr | May | Jun | Jul | Aug | Sep | Oct | Nov | Dec 

Report for 2013 02
MONTHLY CLIMATOLOGICAL SUMMARY for FEB. 2013 NAME: HornSpri CITY: Lebanon STATE: TN ELEV: 612 ft LAT: 36 14' 05" N LONG: 86 22' 55" W TEMPERATURE (F), RAIN (in), WIND SPEED (mph) HEAT COOL AVG MEAN DEG DEG WIND DOM DAY TEMP HIGH TIME LOW TIME DAYS DAYS RAIN SPEED HIGH TIME DIR ------------------------------------------------------------------------------------ 1 23.5 29.1 0:01 17.8 7:35 41.5 0.0 0.00 3.2 21.0 0:05 W 2 31.5 40.8 12:39 22.2 3:32 33.5 0.0 0.02 2.3 17.0 12:58 SW 3 35.6 44.4 10:39 26.7 23:59 29.4 0.0 0.03 3.9 25.0 12:33 NW 4 41.1 56.9 15:17 25.2 2:23 23.9 0.0 0.00 3.0 16.0 13:48 S 5 49.0 60.8 16:54 37.3 23:59 16.0 0.0 0.00 2.2 18.0 14:31 SSW 6 44.2 55.9 15:32 32.5 6:52 20.8 0.0 0.00 1.2 9.0 13:27 N 7 51.5 62.4 14:53 40.6 5:55 13.5 0.0 0.00 1.9 10.0 9:39 E 8 43.2 50.7 0:01 35.7 21:43 21.8 0.0 0.11 5.4 23.0 7:52 NW 9 42.0 52.7 16:07 31.4 7:35 23.0 0.0 0.00 2.6 14.0 2:47 ENE 10 54.0 60.8 10:40 47.3 0:01 11.0 0.0 0.69 5.3 23.0 8:48 SSE 11 47.6 58.1 3:21 37.1 23:58 17.4 0.0 0.00 4.0 17.0 3:12 SW 12 42.9 52.4 11:36 33.4 6:59 22.1 0.0 0.01 1.2 11.0 9:50 NE 13 39.8 44.3 0:05 35.3 23:54 25.2 0.0 0.28 3.0 18.0 7:47 NW 14 47.3 60.0 16:28 34.7 1:42 17.7 0.0 0.00 3.6 19.0 12:29 SSW 15 41.2 50.4 11:22 31.9 23:59 23.8 0.0 0.00 3.4 16.0 11:25 NW 16 29.6 38.5 14:27 20.7 23:56 35.4 0.0 0.00 3.2 20.0 14:27 NW 17 31.4 45.0 16:43 17.7 4:56 33.7 0.0 0.00 1.5 11.0 14:39 SW 18 49.3 61.3 14:56 37.3 0:01 15.7 0.0 0.21 6.9 27.0 18:45 S 19 38.9 47.6 13:59 30.3 23:48 26.1 0.0 0.17 6.4 26.0 13:59 WSW 20 29.4 35.1 16:48 23.7 6:57 35.6 0.0 0.00 2.3 15.0 7:41 NNW 21 36.5 48.2 15:03 24.7 4:16 28.5 0.0 0.73 3.8 18.0 13:54 ENE 22 51.6 60.2 15:06 43.0 0:01 13.4 0.0 0.01 4.1 17.0 11:59 S 23 41.7 51.8 16:40 31.6 23:56 23.3 0.0 0.00 1.8 13.0 18:03 WNW 24 39.3 53.1 15:47 25.6 6:48 25.7 0.0 0.00 1.7 13.0 14:57 NNE 25 48.5 65.7 15:46 31.3 2:54 16.5 0.0 0.00 4.6 23.0 23:07 E 26 47.6 55.5 0:01 39.7 23:58 17.4 0.0 0.14 7.0 26.0 13:15 SSW 27 39.8 40.9 12:18 38.6 23:54 25.3 0.0 0.01 7.2 21.0 1:05 SW 28 36.3 39.1 13:16 33.4 4:57 28.8 0.0 0.02 4.5 17.0 10:06 W ------------------------------------------------------------------------------------- 41.2 65.7 25 17.7 17 665.8 0.0 2.43 3.6 27.0 18 SW Max >= 90.0: 0 Max <= 32.0: 1 Min <= 32.0: 14 Min <= 0.0: 0 Max Rain: 0.73 ON 02/21/13 Days of Rain: 10 (>.01 in) 7 (>.1 in) 0 (>1 in) Heat Base: 65.0 Cool Base: 65.0 Method: (High + Low) / 2