Warning: file(http://www.wunderground.com/climate/extremes.asp): failed to open stream: HTTP request failed! HTTP/1.0 500 Internal Server Error in /homepages/6/d330860172/htdocs/usaextremes.php on line 55

Warning: implode(): Invalid arguments passed in /homepages/6/d330860172/htdocs/usaextremes.php on line 55

NOAA Style Climate Reports for Lebanon, TN

NOAA style reports

NOAA-style Climate Reports

2018: Jan | Feb | Mar | Apr | May | Jun | Jul | Aug | Sep | Oct | Nov | Dec 
2017: Jan | Feb | Mar | Apr | May | Jun | Jul | Aug | Sep | Oct | Nov | Dec 
2016: Jan | Feb | Mar | Apr | May | Jun | Jul | Aug | Sep | Oct | Nov | Dec 
2015: Jan | Feb | Mar | Apr | May | Jun | Jul | Aug | Sep | Oct | Nov | Dec 
2014: Jan | Feb | Mar | Apr | May | Jun | Jul | Aug | Sep | Oct | Nov | Dec 
2013: Jan | Feb | Mar | Apr | May | Jun | Jul | Aug | Sep | Oct | Nov | Dec 
2012: Jan | Feb | Mar | Apr | May | Jun | Jul | Aug | Sep | Oct | Nov | Dec 
2011: Jan | Feb | Mar | Apr | May | Jun | Jul | Aug | Sep | Oct | Nov | Dec 
2010: Jan | Feb | Mar | Apr | May | Jun | Jul | Aug | Sep | Oct | Nov | Dec 
2009: Jan | Feb | Mar | Apr | May | Jun | Jul | Aug | Sep | Oct | Nov | Dec 
2008: Jan | Feb | Mar | Apr | May | Jun | Jul | Aug | Sep | Oct | Nov | Dec 
2007: Jan | Feb | Mar | Apr | May | Jun | Jul | Aug | Sep | Oct | Nov | Dec 
2006: Jan | Feb | Mar | Apr | May | Jun | Jul | Aug | Sep | Oct | Nov | Dec 
2005: Jan | Feb | Mar | Apr | May | Jun | Jul | Aug | Sep | Oct | Nov | Dec 
2004: Jan | Feb | Mar | Apr | May | Jun | Jul | Aug | Sep | Oct | Nov | Dec 
2003: Jan | Feb | Mar | Apr | May | Jun | Jul | Aug | Sep | Oct | Nov | Dec 
2002: Jan | Feb | Mar | Apr | May | Jun | Jul | Aug | Sep | Oct | Nov | Dec 
2001: Jan | Feb | Mar | Apr | May | Jun | Jul | Aug | Sep | Oct | Nov | Dec 
2000: Jan | Feb | Mar | Apr | May | Jun | Jul | Aug | Sep | Oct | Nov | Dec 
1999: Jan | Feb | Mar | Apr | May | Jun | Jul | Aug | Sep | Oct | Nov | Dec 
1998: Jan | Feb | Mar | Apr | May | Jun | Jul | Aug | Sep | Oct | Nov | Dec 
1997: Jan | Feb | Mar | Apr | May | Jun | Jul | Aug | Sep | Oct | Nov | Dec 
1996: Jan | Feb | Mar | Apr | May | Jun | Jul | Aug | Sep | Oct | Nov | Dec 
1995: Jan | Feb | Mar | Apr | May | Jun | Jul | Aug | Sep | Oct | Nov | Dec 

Report for 2013 03
MONTHLY CLIMATOLOGICAL SUMMARY for MAR. 2013 NAME: HornSpri CITY: Lebanon STATE: TN ELEV: 612 ft LAT: 36 14' 05" N LONG: 86 22' 55" W TEMPERATURE (F), RAIN (in), WIND SPEED (mph) HEAT COOL AVG MEAN DEG DEG WIND DOM DAY TEMP HIGH TIME LOW TIME DAYS DAYS RAIN SPEED HIGH TIME DIR ------------------------------------------------------------------------------------ 1 36.2 39.6 14:07 32.7 23:57 28.8 0.0 0.02 2.9 12.0 12:37 W 2 32.5 34.6 11:29 30.4 23:30 32.5 0.0 0.07 3.6 16.0 16:11 NW 3 34.9 41.7 16:18 28.1 6:21 30.1 0.0 0.00 3.2 14.0 11:31 WNW 4 44.0 58.5 15:50 29.6 2:17 21.0 0.0 0.00 3.2 17.0 14:57 SE 5 43.9 55.4 12:46 32.4 21:51 21.1 0.0 1.19 6.8 34.0 21:10 W 6 34.8 37.5 11:56 32.1 0:43 30.2 0.0 0.02 7.2 31.0 3:16 NW 7 34.0 40.4 15:36 27.6 23:48 31.0 0.0 0.00 2.5 12.0 15:34 NNE 8 40.2 56.3 16:24 24.1 6:07 24.8 0.0 0.00 2.1 12.0 8:24 NE 9 51.3 65.3 16:01 37.3 0:20 13.7 0.0 0.00 2.6 14.0 15:08 SE 10 62.9 70.3 14:19 55.4 0:42 2.1 0.0 0.00 5.9 27.0 22:12 SSE 11 53.8 67.3 0:01 40.2 23:55 11.3 0.0 1.29 6.0 24.0 2:22 WSW 12 45.4 54.8 17:26 36.1 23:56 19.6 0.0 0.00 3.4 16.0 13:49 W 13 36.8 43.1 2:47 30.6 23:55 28.2 0.0 0.00 5.3 23.0 15:05 NW 14 34.8 48.1 14:44 21.6 7:00 30.2 0.0 0.00 1.7 18.0 16:08 E 15 54.4 75.4 17:01 33.4 3:47 10.6 0.0 0.00 3.9 20.0 15:40 SSW 16 65.9 76.4 16:04 55.4 00:00 0.0 0.9 0.01 5.9 25.0 9:41 SSW 17 54.0 62.0 14:34 46.1 20:55 11.0 0.0 0.00 2.8 20.0 15:26 N 18 54.3 64.2 8:28 44.4 23:59 10.7 0.0 1.08 5.2 34.0 9:25 S 19 44.4 54.0 16:15 34.8 7:25 20.6 0.0 0.00 3.4 20.0 14:56 WNW 20 41.2 53.6 13:27 28.8 7:26 23.8 0.0 0.00 4.3 25.0 15:40 NW 21 31.5 43.0 16:28 19.9 7:14 33.5 0.0 0.00 2.9 17.0 9:40 N 22 38.5 46.3 15:31 30.6 1:37 26.5 0.0 0.00 2.0 10.0 12:45 ENE 23 48.1 55.4 15:14 40.8 5:13 16.9 0.0 0.04 2.8 14.0 19:33 NE 24 48.0 59.2 13:54 36.7 23:38 17.0 0.0 0.52 6.5 38.0 18:47 WSW 25 35.9 38.4 12:22 33.4 23:14 29.1 0.0 0.00 9.9 34.0 0:30 WSW 26 36.3 39.9 15:49 32.8 4:50 28.7 0.0 0.01 3.8 18.0 0:45 W 27 38.9 51.4 16:52 26.4 6:57 26.1 0.0 0.00 2.0 18.0 13:34 NW 28 44.6 59.9 17:10 29.3 6:03 20.4 0.0 0.00 1.2 13.0 15:42 NNW 29 44.2 47.6 15:33 40.8 2:55 20.8 0.0 0.76 1.9 11.0 13:24 E 30 52.4 59.8 16:11 45.0 2:56 12.6 0.0 0.34 1.1 9.0 10:58 ESE 31 49.7 55.2 17:08 44.2 23:14 15.3 0.0 0.21 2.1 12.0 12:32 SW ------------------------------------------------------------------------------------- 44.1 76.4 16 19.9 21 648.1 0.9 5.56 3.8 38.0 24 W Max >= 90.0: 0 Max <= 32.0: 0 Min <= 32.0: 12 Min <= 0.0: 0 Max Rain: 1.29 ON 03/11/13 Days of Rain: 11 (>.01 in) 7 (>.1 in) 3 (>1 in) Heat Base: 65.0 Cool Base: 65.0 Method: (High + Low) / 2